000
CXUS51 KPHI 010815
CF6ILG
PRELIMINARY LOCAL CLIMATOLOGICAL DATA (WS FORM: F-6)
STATION: WILMINGTON DE
MONTH: APRIL
YEAR: 2022
LATITUDE: 39 40 N
LONGITUDE: 75 36 W
TEMPERATURE IN F: :PCPN: SNOW: WIND :SUNSHINE: SKY :PK WND
================================================================================
1 2 3 4 5 6A 6B 7 8 9 10 11 12 13 14 15 16 17 18
12Z AVG MX 2MIN
DY MAX MIN AVG DEP HDD CDD WTR SNW DPTH SPD SPD DIR MIN PSBL S-S WX SPD DR
================================================================================
1 66 42 54 5 11 0 0.30 0.0 0 17.2 32 300 M M 8 1 40 280
2 56 36 46 -3 19 0 0.00 0.0 0 10.2 22 300 M M 2 27 300
3 57 42 50 1 15 0 0.04 0.0 0 12.6 30 300 M M 7 3 37 300
4 56 36 46 -4 19 0 0.00 0.0 0 8.4 21 300 M M 1 26 300
5 55 44 50 0 15 0 0.19 0.0 0 M 18 50 M M 5 1 22 50
6 58 48 53 3 12 0 1.11 0.0 0 14.6 26 50 M M 10 1 33 60
7 55 47 51 0 14 0 1.57 0.0 0 9.9 18 100 M M 10 13 25 100
8 64 42 53 2 12 0 0.20 0.0 0 9.5 20 160 M M 1 1 23 150
9 56 45 51 -1 14 0 0.16 0.0 0 8.9 22 280 M M 8 1 27 280
10 53 38 46 -6 19 0 T 0.0 0 14.6 28 300 M M 5 36 280
11 60 35 48 -4 17 0 0.00 0.0 0 6.5 18 170 M M 0 23 140
12 75 48 62 9 3 0 0.01 0.0 0 6.0 22 300 M M 4 28 270
13 79 52 66 13 0 1 0.00 0.0 0 6.5 14 170 M M 0 19 170
14 83 56 70 17 0 5 0.05 0.0 0 12.9 32 320 M M 3 40 310
15 70 46 58 4 7 0 0.00 0.0 0 9.3 20 200 M M 0 29 190
16 76 51 64 10 1 0 0.25 0.0 0 10.4 21 340 M M 2 3 27 230
17 55 38 47 -7 18 0 0.00 0.0 0 11.4 24 310 M M 3 32 320
18 50 32 41 -14 24 0 1.69 0.0 0 12.8 29 50 M M 5 1 37 50
19 53 39 46 -9 19 0 0.12 0.0 0 19.2 31 280 M M 6 1 42 270
20 60 38 49 -7 16 0 0.00 0.0 0 8.6 21 330 M M 0 27 320
21 63 41 52 -4 13 0 0.00 0.0 0 9.3 23 160 M M 3 29 180
22 72 44 58 2 7 0 0.00 0.0 0 7.6 21 340 M M 1 26 310
23 63 52 58 1 7 0 0.00 0.0 0 7.4 15 170 M M 4 17 170
24 73 50 62 5 3 0 0.00 0.0 0 9.2 17 170 M M 1 20 180
25 64 49 57 0 8 0 0.00 0.0 0 9.3 16 90 M M 8 20 80
26 71 53 62 4 3 0 0.02 0.0 0 8.2 21 300 M M 9 18 25 300
27 58 42 50 -8 15 0 0.00 0.0 0 18.4 32 330 M M 5 42 320
28 59 35 47 -11 18 0 0.00 0.0 0 17.0 29 320 M M 2 38 330
29 64 35 50 -8 15 0 0.00 0.0 0 11.7 22 300 M M 0 29 300
30 69 36 53 -6 12 0 0.00 0.0 0 6.5 15 320 M M 0 22 330
================================================================================
SM 1893 1292 356 6 5.71 0.0 314.1 M 113
================================================================================
AV 63.1 43.1 10.8 FASTST M M 4 MAX(MPH)
MISC ----> # 32 300 # 42 270
================================================================================
NOTES:
# LAST OF SEVERAL OCCURRENCES
COLUMN 17 PEAK WIND IN M.P.H.
PRELIMINARY LOCAL CLIMATOLOGICAL DATA (WS FORM: F-6) , PAGE 2
STATION: WILMINGTON DE
MONTH: APRIL
YEAR: 2022
LATITUDE: 39 40 N
LONGITUDE: 75 36 W
[TEMPERATURE DATA] [PRECIPITATION DATA] SYMBOLS USED IN COLUMN 16
AVERAGE MONTHLY: 53.1 TOTAL FOR MONTH: 5.71 1 = FOG OR MIST
DPTR FM NORMAL: -0.8 DPTR FM NORMAL: 2.20 2 = FOG REDUCING VISIBILITY
HIGHEST: 83 ON 14 GRTST 24HR 1.69 ON 18-18 TO 1/4 MILE OR LESS
LOWEST: 32 ON 18 3 = THUNDER
SNOW, ICE PELLETS, HAIL 4 = ICE PELLETS
TOTAL MONTH: 0.0 INCH 5 = HAIL
GRTST 24HR 0.0 6 = FREEZING RAIN OR DRIZZLE
GRTST DEPTH: 0 7 = DUSTSTORM OR SANDSTORM:
VSBY 1/2 MILE OR LESS
8 = SMOKE OR HAZE
[NO. OF DAYS WITH] [WEATHER - DAYS WITH] 9 = BLOWING SNOW
X = TORNADO
MAX 32 OR BELOW: 0 0.01 INCH OR MORE: 13
MAX 90 OR ABOVE: 0 0.10 INCH OR MORE: 9
MIN 32 OR BELOW: 1 0.50 INCH OR MORE: 3
MIN 0 OR BELOW: 0 1.00 INCH OR MORE: 3
[HDD (BASE 65) ]
TOTAL THIS MO. 356 CLEAR (SCALE 0-3) 15
DPTR FM NORMAL 9 PTCLDY (SCALE 4-7) 12
TOTAL FM JUL 1 4115 CLOUDY (SCALE 8-10) 3
DPTR FM NORMAL -397
[CDD (BASE 65) ]
TOTAL THIS MO. 6
DPTR FM NORMAL -6 [PRESSURE DATA]
TOTAL FM JAN 1 6 HIGHEST SLP 30.50 ON 21
DPTR FM NORMAL -7 LOWEST SLP 29.46 ON 1
[REMARKS]
#FINAL-04-22#