000
CXUS52 KILM 011848
CF6ILM
PRELIMINARY LOCAL CLIMATOLOGICAL DATA (WS FORM: F-6)
STATION: WILMINGTON NORTH CAROLINA
MONTH: AUGUST
YEAR: 2022
LATITUDE: 34 16 N
LONGITUDE: 77 55 W
TEMPERATURE IN F: :PCPN: SNOW: WIND :SUNSHINE: SKY :PK WND
================================================================================
1 2 3 4 5 6A 6B 7 8 9 10 11 12 13 14 15 16 17 18
12Z AVG MX 2MIN
DY MAX MIN AVG DEP HDD CDD WTR SNW DPTH SPD SPD DIR MIN PSBL S-S WX SPD DR
================================================================================
1 97 80 89 8 0 24 0.00 0.0 0 11.2 21 260 M M 1 29 260
2 97 79 88 7 0 23 0.00 0.0 0 10.0 17 260 M M 0 22 270
3 97 78 88 7 0 23 0.14 0.0 0 5.2 39 260 M M 1 3 54 270
4 92 77 85 4 0 20 0.02 0.0 0 7.2 16 200 M M 2 13 21 210
5 90 73 82 1 0 17 T 0.0 0 4.6 15 110 M M 1 3 20 170
6 90 74 82 1 0 17 0.00 0.0 0 4.9 15 100 M M 1 21 100
7 89 73 81 0 0 16 0.01 0.0 0 5.9 15 120 M M 2 20 140
8 91 74 83 2 0 18 0.01 0.0 0 6.1 15 180 M M 2 21 180
9 95 77 86 5 0 21 0.00 0.0 0 10.3 20 210 M M 1 8 24 240
10 98 79 89 8 0 24 0.00 0.0 0 11.0 21 250 M M 0 24 250
11 94 77 86 6 0 21 0.00 0.0 0 10.9 23 250 M M 1 32 240
12 80 67 74 -6 0 9 0.87 0.0 0 5.8 26 330 M M 4 13 35 330
13 88 65 77 -3 0 12 0.00 0.0 0 6.4 17 40 M M 1 22 30
14 88 65 77 -3 0 12 0.00 0.0 0 6.2 15 10 M M 1 21 30
15 87 68 78 -2 0 13 0.89 0.0 0 4.6 14 130 M M 3 13 19 120
16 84 71 78 -2 0 13 0.05 0.0 0 6.3 14 50 M M 6 19 50
17 87 71 79 -1 0 14 0.00 0.0 0 6.6 14 10 M M 5 20 10
18 85 69 77 -3 0 12 0.00 0.0 0 6.3 14 100 M M 3 17 100
19 75 70 73 -7 0 8 3.08 0.0 0 6.1 17 70 M M 7 13 23 90
20 89 73 81 1 0 16 0.00 0.0 0 4.2 10 130 M M 5 1 13 160
21 89 74 82 2 0 17 0.08 0.0 0 3.4 17 180 M M 3 13 22 160
22 88 74 81 1 0 16 0.75 0.0 0 8.3 21 240 M M 7 13 26 190
23 90 74 82 2 0 17 0.02 0.0 0 3.4 10 150 M M 5 3 13 160
24 90 73 82 3 0 17 0.00 0.0 0 2.3 10 130 M M 1 12 110
25 88 72 80 1 0 15 0.10 0.0 0 3.1 18 330 M M 2 1 25 360
26 85 73 79 0 0 14 0.03 0.0 0 2.3 10 170 M M 7 3 14 140
27 88 72 80 1 0 15 0.00 0.0 0 2.5 12 130 M M 2 12 16 100
28 88 72 80 1 0 15 0.00 0.0 0 5.2 15 100 M M 3 12 20 100
29 85 75 80 1 0 15 0.01 0.0 0 2.5 10 190 M M 2 1 13 190
30 86 75 81 2 0 16 0.65 0.0 0 4.6 14 220 M M 6 13 17 220
31 93 77 85 7 0 20 0.00 0.0 0 5.5 13 330 M M 2 16 250
================================================================================
SM 2763 2271 0 510 6.71 0.0 182.9 M 87
================================================================================
AV 89.1 73.3 5.9 FASTST M M 3 MAX(MPH)
MISC ----> 39 260 54 270
================================================================================
NOTES:
# LAST OF SEVERAL OCCURRENCES
COLUMN 17 PEAK WIND IN M.P.H.
PRELIMINARY LOCAL CLIMATOLOGICAL DATA (WS FORM: F-6) , PAGE 2
STATION: WILMINGTON NORTH CAROLINA
MONTH: AUGUST
YEAR: 2022
LATITUDE: 34 16 N
LONGITUDE: 77 55 W
[TEMPERATURE DATA] [PRECIPITATION DATA] SYMBOLS USED IN COLUMN 16
AVERAGE MONTHLY: 81.2 TOTAL FOR MONTH: 6.71 1 = FOG OR MIST
DPTR FM NORMAL: 1.2 DPTR FM NORMAL: -1.45 2 = FOG REDUCING VISIBILITY
HIGHEST: 98 ON 10 GRTST 24HR 3.08 ON 19-19 TO 1/4 MILE OR LESS
LOWEST: 65 ON 14,13 3 = THUNDER
SNOW, ICE PELLETS, HAIL 4 = ICE PELLETS
TOTAL MONTH: 0.0 INCH 5 = HAIL
GRTST 24HR 0.0 6 = FREEZING RAIN OR DRIZZLE
GRTST DEPTH: 0 7 = DUSTSTORM OR SANDSTORM:
VSBY 1/2 MILE OR LESS
8 = SMOKE OR HAZE
[NO. OF DAYS WITH] [WEATHER - DAYS WITH] 9 = BLOWING SNOW
X = TORNADO
MAX 32 OR BELOW: 0 0.01 INCH OR MORE: 15
MAX 90 OR ABOVE: 13 0.10 INCH OR MORE: 7
MIN 32 OR BELOW: 0 0.50 INCH OR MORE: 5
MIN 0 OR BELOW: 0 1.00 INCH OR MORE: 1
[HDD (BASE 65) ]
TOTAL THIS MO. 0 CLEAR (SCALE 0-3) 22
DPTR FM NORMAL 0 PTCLDY (SCALE 4-7) 9
TOTAL FM JUL 1 0 CLOUDY (SCALE 8-10) 0
DPTR FM NORMAL 0
[CDD (BASE 65) ]
TOTAL THIS MO. 510
DPTR FM NORMAL 45 [PRESSURE DATA]
TOTAL FM JAN 1 1982 HIGHEST SLP 30.26 ON 6
DPTR FM NORMAL 297 LOWEST SLP 29.85 ON 15
[REMARKS]
#FINAL-08-22#