000
CXUS52 KILM 291000
CF6ILM
PRELIMINARY LOCAL CLIMATOLOGICAL DATA (WS FORM: F-6)
STATION: WILMINGTON NORTH CAROLINA
MONTH: MARCH
YEAR: 2024
LATITUDE: 34 16 N
LONGITUDE: 77 55 W
TEMPERATURE IN F: :PCPN: SNOW: WIND :SUNSHINE: SKY :PK WND
================================================================================
1 2 3 4 5 6A 6B 7 8 9 10 11 12 13 14 15 16 17 18
12Z AVG MX 2MIN
DY MAX MIN AVG DEP HDD CDD WTR SNW DPTH SPD SPD DIR MIN PSBL S-S WX SPD DR
================================================================================
1 65 46 56 4 9 0 0.27 0.0 0 11.8 22 90 M M 4 1 30 90
2 74 60 67 15 0 2 1.51 0.0 0 5.8 16 130 M M 7 12 27 130
3 70 56 63 11 2 0 0.00 0.0 0 3.5 14 110 M M 8 12 18 110
4 72 57 65 13 0 0 0.00 0.0 0 10.0 21 340 M M 9 18 27 340
5 75 49 62 9 3 0 0.00 0.0 0 4.1 14 170 M M 3 12 21 150
6 69 58 64 11 1 0 0.33 0.0 0 6.4 20 190 M M 9 123 28 180
7 72 51 62 9 3 0 0.00 0.0 0 6.0 14 20 M M 8 1 19 10
8 63 50 57 4 8 0 0.00 0.0 0 9.6 17 70 M M 3 1 24 60
9 71 52 62 8 3 0 0.25 0.0 0 12.6 24 140 M M 9 1 41 120
10 68 49 59 5 6 0 0.00 0.0 0 14.9 28 290 M M 2 35 280
11 64 43 54 0 11 0 0.00 0.0 0 10.4 22 320 M M 0 31 310
12 74 40 57 3 8 0 0.00 0.0 0 7.7 17 190 M M 0 22 240
13 80 49 65 11 0 0 0.00 0.0 0 6.3 18 190 M M 0 23 250
14 82 46 64 9 1 0 0.00 0.0 0 3.9 15 160 M M 0 20 170
15 82 57 70 15 0 5 T 0.0 0 9.7 21 220 M M 2 28 230
16 70 58 64 9 1 0 0.00 0.0 0 7.1 21 70 M M 7 1 27 80
17 80 60 70 15 0 5 T 0.0 0 9.8 18 230 M M 3 25 220
18 69 50 60 4 5 0 0.00 0.0 0 9.4 28 340 M M 5 45 330
19 57 38 48 -8 17 0 0.00 0.0 0 11.0 31 330 M M 1 43 330
20 72 48 60 4 5 0 0.00 0.0 0 10.4 18 210 M M 0 28 230
21 63 45 54 -2 11 0 0.00 0.0 0 7.8 18 70 M M 0 26 50
22 69 50 60 3 5 0 0.76 0.0 0 8.8 22 120 M M 5 1 33 110
23 74 57 66 9 0 1 1.74 0.0 0 9.3 32 180 M M 8 13 48 190
24 59 38 49 -8 16 0 0.00 0.0 0 15.4 28 20 M M 0 38 40
25 68 36 52 -6 13 0 0.00 0.0 0 8.1 15 10 M M 2 21 10
26 63 39 51 -7 14 0 0.00 0.0 0 7.6 17 90 M M 2 23 100
27 68 54 61 3 4 0 T 0.0 0 7.1 14 150 M M 5 24 150
28 68 46 57 -1 8 0 1.47 0.0 M 10.6 18 350 M M 9 13 27 360
================================================================================
SM 1961 1382 154 13 6.33 0.0 245.1 M 111
================================================================================
AV 70.0 49.4 8.8 FASTST M M 4 MAX(MPH)
MISC ----> 32 180 48 190
================================================================================
NOTES:
# LAST OF SEVERAL OCCURRENCES
COLUMN 17 PEAK WIND IN M.P.H.
PRELIMINARY LOCAL CLIMATOLOGICAL DATA (WS FORM: F-6) , PAGE 2
STATION: WILMINGTON NORTH CAROLINA
MONTH: MARCH
YEAR: 2024
LATITUDE: 34 16 N
LONGITUDE: 77 55 W
[TEMPERATURE DATA] [PRECIPITATION DATA] SYMBOLS USED IN COLUMN 16
AVERAGE MONTHLY: 59.7 TOTAL FOR MONTH: 6.33 1 = FOG OR MIST
DPTR FM NORMAL: 4.8 DPTR FM NORMAL: 2.72 2 = FOG REDUCING VISIBILITY
HIGHEST: 82 ON 15,14 GRTST 24HR 2.50 ON 22-23 TO 1/4 MILE OR LESS
LOWEST: 36 ON 25 3 = THUNDER
SNOW, ICE PELLETS, HAIL 4 = ICE PELLETS
TOTAL MONTH: 0.0 INCH 5 = HAIL
GRTST 24HR 0.0 6 = FREEZING RAIN OR DRIZZLE
GRTST DEPTH: 0 7 = DUSTSTORM OR SANDSTORM:
VSBY 1/2 MILE OR LESS
8 = SMOKE OR HAZE
[NO. OF DAYS WITH] [WEATHER - DAYS WITH] 9 = BLOWING SNOW
X = TORNADO
MAX 32 OR BELOW: 0 0.01 INCH OR MORE: 7
MAX 90 OR ABOVE: 0 0.10 INCH OR MORE: 7
MIN 32 OR BELOW: 0 0.50 INCH OR MORE: 4
MIN 0 OR BELOW: 0 1.00 INCH OR MORE: 3
[HDD (BASE 65) ]
TOTAL THIS MO. 154 CLEAR (SCALE 0-3) 15
DPTR FM NORMAL -145 PTCLDY (SCALE 4-7) 9
TOTAL FM JUL 1 1808 CLOUDY (SCALE 8-10) 4
DPTR FM NORMAL -356
[CDD (BASE 65) ]
TOTAL THIS MO. 13
DPTR FM NORMAL 0 [PRESSURE DATA]
TOTAL FM JAN 1 32 HIGHEST SLP M ON M
DPTR FM NORMAL 11 LOWEST SLP 29.63 ON 9
[REMARKS]