000
CXUS53 KILX 020209
CLMILX
CLIMATE REPORT
NATIONAL WEATHER SERVICE LINCOLN IL
909 PM CDT SAT APR 01 2023
...................................
...THE LINCOLN IL CLIMATE SUMMARY FOR THE MONTH OF MARCH 2023...
CLIMATE NORMAL PERIOD 1991 TO 2020
CLIMATE RECORD PERIOD 1905 TO 2023
WEATHER OBSERVED NORMAL DEPART LAST YEAR`S
VALUE DATE(S) VALUE FROM VALUE
NORMAL
..............................................................
TEMPERATURE (F)
RECORD
HIGH 86 03/30/1986
03/29/1985
LOW -14 03/10/1934
HIGHEST 74 03/31 MM MM 74
LOWEST 13 03/18 MM MM 8
AVG. MAXIMUM 51.0 51.7 -0.7 52.7
AVG. MINIMUM 31.6 31.1 0.5 31.8
MEAN 41.3 41.4 -0.1 42.3
DAYS MAX >= 90 0 0.0 0.0 0
DAYS MAX <= 32 1 1.9 -0.9 2
DAYS MIN <= 32 18 19.3 -1.3 14
DAYS MIN <= 0 0 0.2 -0.2 0
PRECIPITATION (INCHES)
RECORD
MAXIMUM 7.14 1973
MINIMUM 0.13 1961
TOTALS 3.25 2.70 0.55 4.61
DAILY AVG. 0.10 0.09 0.01 0.15
DAYS >= .01 15 10.5 4.5 12
DAYS >= .10 8 6.3 1.7 10
DAYS >= .50 1 1.8 -0.8 4
DAYS >= 1.00 1 0.4 0.6 1
GREATEST
24 HR. TOTAL 1.10 03/03 TO 03/03 1.59
SNOWFALL (INCHES)
RECORDS
TOTAL 21.0 1934
TOTALS 1.1 1.8 -0.7 4.3
SINCE 7/1 7.6 19.3 -11.7 MM
DAYS >= 1.0 0 0.8 -0.8 2
GREATEST
SNOW DEPTH MM 4
24 HR TOTAL MM 2.4
DEGREE DAYS
HEATING TOTAL 726 734 -8 698
SINCE 7/1 4685 5093 -408 MM
COOLING TOTAL 0 2 -2 0
SINCE 1/1 0 2 -2 MM
..............................................................
WIND (MPH)
AVERAGE WIND SPEED MM
HIGHEST WIND SPEED/DIRECTION MM DATE MM
HIGHEST GUST SPEED/DIRECTION MM DATE MM
AVERAGE RH (PERCENT) MM
WEATHER CONDITIONS. NUMBER OF DAYS WITH
THUNDERSTORM 5 MIXED PRECIP 0
HEAVY RAIN 3 RAIN 8
LIGHT RAIN 13 FREEZING RAIN 0
LT FREEZING RAIN 0 HAIL 0
HEAVY SNOW 0 SNOW 2
LIGHT SNOW 7 SLEET 1
FOG 10 FOG W/VIS <= 1/4 MILE 0
HAZE 0
- INDICATES NEGATIVE NUMBERS.
R INDICATES RECORD WAS SET OR TIED.
MM INDICATES DATA IS MISSING.
T INDICATES TRACE AMOUNT.
&&
A DAILY RAINFALL RECORD OF 1.10 INCHES WAS SET ON MARCH 3.
$$
ERWIN