000
CXUS53 KDLH 041632 CCA
CF6INL
PRELIMINARY LOCAL CLIMATOLOGICAL DATA (WS FORM: F-6)
STATION: INTERNATIONAL FALLS
MONTH: NOVEMBER
YEAR: 2023
LATITUDE: 48 34 N
LONGITUDE: 93 23 W
TEMPERATURE IN F: :PCPN: SNOW: WIND :SUNSHINE: SKY :PK WND
================================================================================
1 2 3 4 5 6A 6B 7 8 9 10 11 12 13 14 15 16 17 18
12Z AVG MX 2MIN
DY MAX MIN AVG DEP HDD CDD WTR SNW DPTH SPD SPD DIR MIN PSBL S-S WX SPD DR
================================================================================
1 32 14 23 -11 42 0 T T 2 5.3 12 220 M M M 17 200
2 34 27 31 -2 34 0 T 0.0 2 4.6 12 280 M M M 19 260
3 37 19 28 -5 37 0 0.00 0.0 2 5.8 17 320 M M M 18 24 310
4 29 12 21 -11 44 0 0.03 T 1 2.1 7 250 M M M 1 12 250
5 37 25 31 -1 34 0 0.26 0.3 2 8.8 17 100 M M M 1 23 100
6 39 30 35 4 30 0 0.36 0.2 1 7.1 14 360 M M M 1 19 360
7 33 28 31 0 34 0 0.14 T T 10.1 21 130 M M M 16 30 120
8 40 33 37 7 28 0 0.02 T 0 8.0 21 290 M M M 1 32 290
9 34 32 33 3 32 0 0.04 0.3 T 8.9 16 270 M M M 1 28 240
10 33 28 31 2 34 0 0.02 0.1 T 5.1 10 310 M M M 18 14 300
11 32 26 29 0 36 0 0.07 2.1 T 5.5 12 120 M M M 1 17 140
12 43 32 38 10 27 0 0.06 T 1 6.8 15 140 M M M 1 23 240
13 46 29 38 10 27 0 0.00 0.0 0 7.2 16 290 M M M 21 290
14 58 34 46 19 19 0 0.00 0.0 0 7.1 15 220 M M M 26 150
15 52 28 40 13 25 0 0.00 0.0 0 6.2 15 240 M M M 25 220
16 49 26 38 12 27 0 T T 0 8.0 25 320 M M M 1 38 340
17 43 21 32 6 33 0 0.00 0.0 0 8.1 16 230 M M M 26 220
18 45 21 33 8 32 0 0.00 0.0 0 4.9 14 310 M M M 20 300
19 47 19 33 9 32 0 0.00 0.0 0 4.0 9 140 M M M 12 100
20 47 27 37 13 28 0 0.12 0.0 0 6.0 9 180 M M M 1 20 210
21 38 22 30 7 35 0 0.04 T 0 8.8 18 310 M M M 1 27 310
22 36 19 28 5 37 0 T 0.0 0 7.6 20 330 M M M 24 330
23 22 13 18 -4 47 0 T T 0 11.5 18 300 M M M 25 300
24 29 9 19 -3 46 0 0.00 0.0 0 8.7 16 280 M M M 26 270
25 33 11 22 1 43 0 0.00 0.0 0 9.7 17 220 M M M 30 230
26 27 12 20 -1 45 0 0.08 1.8 1 12.2 24 310 M M M 1 37 320
27 13 -3 5 -15 60 0 T 0.1 2 10.5 23 310 M M M 8 32 300
28 30 -6 12 -8 53 0 T T 1 5.6 14 210 M M M 1 25 180
29 40 23 32 13 33 0 0.00 0.0 1 7.2 13 260 M M M 21 280
30 32 12 22 3 43 0 T T 1 7.7 21 310 M M M 1 31 270
================================================================================
SM 1110 623 1077 0 1.24 4.9 219.1 M M
================================================================================
AV 37.0 20.8 7.3 FASTST M M M MAX(MPH)
MISC ----> 25 320 38 340
================================================================================
NOTES:
# LAST OF SEVERAL OCCURRENCES
COLUMN 17 PEAK WIND IN M.P.H.
PRELIMINARY LOCAL CLIMATOLOGICAL DATA (WS FORM: F-6) , PAGE 2
STATION: INTERNATIONAL FALLS
MONTH: NOVEMBER
YEAR: 2023
LATITUDE: 48 34 N
LONGITUDE: 93 23 W
[TEMPERATURE DATA] [PRECIPITATION DATA] SYMBOLS USED IN COLUMN 16
AVERAGE MONTHLY: 28.9 TOTAL FOR MONTH: 1.24 1 = FOG OR MIST
DPTR FM NORMAL: 2.6 DPTR FM NORMAL: -0.15 2 = FOG REDUCING VISIBILITY
HIGHEST: 58 ON 14 GRTST 24HR 0.60 ON 5- 6 TO 1/4 MILE OR LESS
LOWEST: -6 ON 28 3 = THUNDER
SNOW, ICE PELLETS, HAIL 4 = ICE PELLETS
TOTAL MONTH: 4.9 INCHES 5 = HAIL
GRTST 24HR 2.1 ON 11-11 6 = FREEZING RAIN OR DRIZZLE
GRTST DEPTH: 3 ON M 7 = DUSTSTORM OR SANDSTORM:
VSBY 1/2 MILE OR LESS
8 = SMOKE OR HAZE
[NO. OF DAYS WITH] [WEATHER - DAYS WITH] 9 = BLOWING SNOW
X = TORNADO
MAX 32 OR BELOW: 9 0.01 INCH OR MORE: 12
MAX 90 OR ABOVE: 0 0.10 INCH OR MORE: 4
MIN 32 OR BELOW: 28 0.50 INCH OR MORE: 0
MIN 0 OR BELOW: 2 1.00 INCH OR MORE: 0
[HDD (BASE 65) ]
TOTAL THIS MO. 1077 CLEAR (SCALE 0-3) 0
DPTR FM NORMAL -85 PTCLDY (SCALE 4-7) 0
TOTAL FM JUL 1 1741 CLOUDY (SCALE 8-10) 30
DPTR FM NORMAL -687
[CDD (BASE 65) ]
TOTAL THIS MO. 0
DPTR FM NORMAL 0 [PRESSURE DATA]
TOTAL FM JAN 1 255 HIGHEST SLP 30.61 ON 24
DPTR FM NORMAL 81 LOWEST SLP 29.44 ON 16
[REMARKS]
#FINAL-11-23#