000
CXUS55 KPSR 011005
CF6IPL
PRELIMINARY LOCAL CLIMATOLOGICAL DATA (WS FORM: F-6)
STATION: IMPERIAL CA
MONTH: JULY
YEAR: 2020
LATITUDE: 32 50 N
LONGITUDE: 115 35 W
TEMPERATURE IN F: :PCPN: SNOW: WIND :SUNSHINE: SKY :PK WND
================================================================================
1 2 3 4 5 6A 6B 7 8 9 10 11 12 13 14 15 16 17 18
12Z AVG MX 2MIN
DY MAX MIN AVG DEP HDD CDD WTR SNW DPTH SPD SPD DIR MIN PSBL S-S WX SPD DR
================================================================================
1 101 74 88 -2 0 23 0.00 M M 6.1 15 160 M M 0 19 180
2 106 71 89 -1 0 24 0.00 M M 6.5 18 130 M M 0 22 200
3 106 74 90 -1 0 25 0.00 M M 4.6 17 250 M M 0 22 230
4 109 78 94 3 0 29 0.00 M M 6.5 16 260 M M 1 20 250
5 113 74 94 3 0 29 0.00 M M 7.9 20 260 M M 2 8 24 260
6 113 75 94 3 0 29 0.00 M M 9.2 20 260 M M 1 24 260
7 112 74 93 2 0 28 0.00 M M 8.8 21 290 M M 1 27 290
8 109 76 93 1 0 28 0.00 M M 8.1 18 270 M M 1 25 290
9 109 72 91 -1 0 26 0.00 M M 7.6 16 140 M M 1 21 150
10 108 81 95 3 0 30 0.00 M M 4.7 15 140 M M 1 8 18 130
11 110 83 97 5 0 32 0.00 M M 8.6 18 130 M M 1 22 140
12 115 82 99 7 0 34 0.00 M M 6.9 21 260 M M 2 25 260
13 115 89 102 10 0 37 0.00 M M 12.9 25 250 M M 1 38 260
14 112 81 97 5 0 32 0.00 M M 9.5 28 260 M M 1 33 270
15 109 77 93 1 0 28 0.00 M M 9.8 23 270 M M 1 32 280
16 108 75 92 -1 0 27 0.00 M M 4.2 13 270 M M 2 17 120
17 109 81 95 2 0 30 0.00 M M 6.4 14 260 M M 1 16 250
18 110 77 94 1 0 29 0.00 M M 6.5 14 260 M M 2 18 260
19 114 77 96 3 0 31 0.00 M M 8.5 25 270 M M 2 33 270
20 113 74 94 1 0 29 0.00 M M 5.8 13 120 M M 2 16 120
21 108 77 93 0 0 28 0.00 M M 7.4 15 110 M M 1 18 100
22 109 82 96 3 0 31 0.00 M M 7.0 18 140 M M 0 21 150
23 105 79 92 -1 0 27 0.00 M M 7.0 18 160 M M 0 21 160
24 104 79 92 -1 0 27 0.00 M M 5.6 14 140 M M 0 18 160
25 106 75 91 -2 0 26 0.00 M M 4.2 13 260 M M 0 14 260
26 110 75 93 0 0 28 0.00 M M 5.6 15 130 M M 0 19 150
27 111 79 95 2 0 30 0.00 M M 4.8 14 260 M M 0 17 270
28 113 74 94 1 0 29 0.00 M M 4.0 14 270 M M 0 18 260
29 112 77 95 2 0 30 0.00 M M 5.7 14 110 M M 0 19 150
30 117 81 99 6 0 34 0.00 M M 5.0 12 140 M M 0 13 140
31 119 87 103 10 0 38 0.00 M M 5.2 12 120 M M 1 13 80
================================================================================
SM 3415 2410 0 908 0.00 M 210.6 M 25
================================================================================
AV110.2 77.7 6.8 FASTST M M 1 MAX(MPH)
MISC ----> 28 260 38 260
================================================================================
NOTES:
# LAST OF SEVERAL OCCURRENCES
COLUMN 17 PEAK WIND IN M.P.H.
PRELIMINARY LOCAL CLIMATOLOGICAL DATA (WS FORM: F-6) , PAGE 2
STATION: IMPERIAL CA
MONTH: JULY
YEAR: 2020
LATITUDE: 32 50 N
LONGITUDE: 115 35 W
[TEMPERATURE DATA] [PRECIPITATION DATA] SYMBOLS USED IN COLUMN 16
AVERAGE MONTHLY: 94.0 TOTAL FOR MONTH: 0.00 1 = FOG OR MIST
DPTR FM NORMAL: 1.8 DPTR FM NORMAL: -0.19 2 = FOG REDUCING VISIBILITY
HIGHEST: 119 ON 31 GRTST 24HR 0.00 ON 1- 1 TO 1/4 MILE OR LESS
LOWEST: 71 ON 2 3 = THUNDER
SNOW, ICE PELLETS, HAIL 4 = ICE PELLETS
TOTAL MONTH: M 5 = HAIL
GRTST 24HR M ON M 6 = FREEZING RAIN OR DRIZZLE
GRTST DEPTH: M ON M 7 = DUSTSTORM OR SANDSTORM:
VSBY 1/2 MILE OR LESS
8 = SMOKE OR HAZE
[NO. OF DAYS WITH] [WEATHER - DAYS WITH] 9 = BLOWING SNOW
X = TORNADO
MAX 32 OR BELOW: 0 0.01 INCH OR MORE: 0
MAX 90 OR ABOVE: 31 0.10 INCH OR MORE: 0
MIN 32 OR BELOW: 0 0.50 INCH OR MORE: 0
MIN 0 OR BELOW: 0 1.00 INCH OR MORE: 0
[HDD (BASE 65) ]
TOTAL THIS MO. 0 CLEAR (SCALE 0-3) 31
DPTR FM NORMAL 0 PTCLDY (SCALE 4-7) 0
TOTAL FM JUL 1 0 CLOUDY (SCALE 8-10) 0
DPTR FM NORMAL 0
[CDD (BASE 65) ]
TOTAL THIS MO. 908
DPTR FM NORMAL 63 [PRESSURE DATA]
TOTAL FM JAN 1 2346 HIGHEST SLP M ON M
DPTR FM NORMAL 197 LOWEST SLP 29.58 ON 12
[REMARKS]
#FINAL-07-20#