000
CXUS52 TJSJ 132019
CF6IST
PRELIMINARY LOCAL CLIMATOLOGICAL DATA (WS FORM: F-6)
STATION: CYRIL E. KING AP/ST THOMAS
MONTH: FEBRUARY
YEAR: 2023
LATITUDE: 18 19 N
LONGITUDE: 64 58 W
TEMPERATURE IN F: :PCPN: SNOW: WIND :SUNSHINE: SKY :PK WND
================================================================================
1 2 3 4 5 6A 6B 7 8 9 10 11 12 13 14 15 16 17 18
12Z AVG MX 2MIN
DY MAX MIN AVG DEP HDD CDD WTR SNW DPTH SPD SPD DIR MIN PSBL S-S WX SPD DR
================================================================================
1 83 74 79 0 0 14 0.06 M M 11.8 18 40 M M 2 30 20
2 84 74 79 0 0 14 0.10 M M 11.5 24 50 M M 4 1 30 40
3 85 72 79 0 0 14 0.07 M M 9.2 18 130 M M 2 22 130
4 81 72 77 -2 0 12 M M M 10.8 23 80 M M 5 18 29 90
5 84 73 79 0 0 14 M M M 14.2 26 90 M M 4 34 90
6 83 73 78 -1 0 13 M M M 11.6 21 100 M M 2 27 90
7 83 74 79 0 0 14 M M M 11.1 21 70 M M 2 30 90
8 84 73 79 0 0 14 T M M 12.1 25 30 M M 2 1 32 30
9 84 75 80 1 0 15 0.00 M M 13.8 24 60 M M 1 8 32 90
10 85 74 80 1 0 15 0.00 M M 14.5 24 80 M M 2 29 80
11 83 74 79 0 0 14 T M M 12.0 21 90 M M 2 27 100
12 84 74 79 0 0 14 T M M 12.0 21 110 M M 1 28 120
13 82 73 78 -1 0 13 T M M 11.2 22 130 M M 3 29 120
14 83 73 78 -1 0 13 T M M 7.7 17 130 M M 3 1 24 140
15 83 74 79 0 0 14 T M M 11.8 20 70 M M 3 1 28 20
16 84 72 78 -1 0 13 T M M 15.2 24 90 M M 3 18 33 50
17 84 73 79 0 0 14 0.00 M M 15.5 25 70 M M 3 1 33 70
18 84 74 79 0 0 14 0.00 M M 13.8 21 90 M M 2 28 90
19 85 74 80 1 0 15 0.00 M M 13.8 25 80 M M 2 33 100
20 83 74 79 0 0 14 0.00 M M 10.9 23 90 M M 3 29 90
21 84 73 79 0 0 14 M M M 10.9 26 90 M M 4 30 100
22 84 75 80 1 0 15 0.04 M M 13.6 18 50 M M 3 26 20
23 85 72 79 0 0 14 0.04 M M 13.1 21 30 M M 7 1 26 30
24 84 76 80 1 0 15 0.03 M M 13.4 21 40 M M 3 30 70
25 80 71 76 -3 0 11 0.89 M M 10.8 21 120 M M 6 18 25 50
26 84 70 77 -2 0 12 0.00 M M 6.3 13 40 M M 1 19 10
27 83 74 79 0 0 14 0.00 M M 8.9 13 20 M M 2 25 20
28 81 67 74 -5 0 9 0.00 M M 6.4 14 130 M M 1 17 140
================================================================================
SM 2336 2047 0 381 1.23 M 327.9 M 78
================================================================================
AV 83.4 73.1 11.7 FASTST M M 3 MAX(MPH)
MISC ----> # 26 90 34 90
================================================================================
NOTES:
# LAST OF SEVERAL OCCURRENCES
COLUMN 17 PEAK WIND IN M.P.H.
PRELIMINARY LOCAL CLIMATOLOGICAL DATA (WS FORM: F-6) , PAGE 2
STATION: CYRIL E. KING AP/ST THOMAS
MONTH: FEBRUARY
YEAR: 2023
LATITUDE: 18 19 N
LONGITUDE: 64 58 W
[TEMPERATURE DATA] [PRECIPITATION DATA] SYMBOLS USED IN COLUMN 16
AVERAGE MONTHLY: 78.3 TOTAL FOR MONTH: 1.23 1 = FOG OR MIST
DPTR FM NORMAL: -0.6 DPTR FM NORMAL: -0.67 2 = FOG REDUCING VISIBILITY
HIGHEST: 85 ON 19,10 GRTST 24HR 0.91 ON 24-25 TO 1/4 MILE OR LESS
LOWEST: 67 ON 28 3 = THUNDER
SNOW, ICE PELLETS, HAIL 4 = ICE PELLETS
TOTAL MONTH: M 5 = HAIL
GRTST 24HR M ON M 6 = FREEZING RAIN OR DRIZZLE
GRTST DEPTH: M ON M 7 = DUSTSTORM OR SANDSTORM:
VSBY 1/2 MILE OR LESS
8 = SMOKE OR HAZE
[NO. OF DAYS WITH] [WEATHER - DAYS WITH] 9 = BLOWING SNOW
X = TORNADO
MAX 32 OR BELOW: 0 0.01 INCH OR MORE: 7
MAX 90 OR ABOVE: 0 0.10 INCH OR MORE: 2
MIN 32 OR BELOW: 0 0.50 INCH OR MORE: 1
MIN 0 OR BELOW: 0 1.00 INCH OR MORE: 0
[HDD (BASE 65) ]
TOTAL THIS MO. 0 CLEAR (SCALE 0-3) 19
DPTR FM NORMAL 0 PTCLDY (SCALE 4-7) 9
TOTAL FM JUL 1 0 CLOUDY (SCALE 8-10) 0
DPTR FM NORMAL 0
[CDD (BASE 65) ]
TOTAL THIS MO. 381
DPTR FM NORMAL -8 [PRESSURE DATA]
TOTAL FM JAN 1 804 HIGHEST SLP 30.19 ON 23
DPTR FM NORMAL -17 LOWEST SLP 29.94 ON 13
[REMARKS]
#FINAL-02-23#
CORRECTED DATA DUE TO RAIN GAUGE MALFUNCTIONING.