000
CXUS53 KGRB 190744
CF6ISW
PRELIMINARY LOCAL CLIMATOLOGICAL DATA (WS FORM: F-6)
STATION: WISCONSIN RAPIDS ASOS
MONTH: APRIL
YEAR: 2024
LATITUDE: 44 22 N
LONGITUDE: 89 50 W
TEMPERATURE IN F: :PCPN: SNOW: WIND :SUNSHINE: SKY :PK WND
================================================================================
1 2 3 4 5 6A 6B 7 8 9 10 11 12 13 14 15 16 17 18
12Z AVG MX 2MIN
DY MAX MIN AVG DEP HDD CDD WTR SNW DPTH SPD SPD DIR MIN PSBL S-S WX SPD DR
================================================================================
1 40 32 36 -2 29 0 0.21 T T 9.2 17 90 M M 8 1 23 100
2 35 32 34 -5 31 0 0.39 5.0 5 14.5 25 10 M M 10 12 41 10
3 35 32 34 -5 31 0 0.02 T 5 17.5 28 360 M M 10 16 41 360
4 41 34 38 -2 27 0 M M M 11.9 23 20 M M 10 29 360
5 53 28 41 1 24 0 0.00 0.0 M 6.1 14 340 M M 4 20 340
6 55 27 41 1 24 0 0.00 0.0 0 7.7 16 130 M M 0 24 140
7 49 34 42 1 23 0 0.14 0.0 0 12.7 24 130 M M 6 1 38 170
8 57 40 49 8 16 0 0.02 M M 8.2 20 230 M M 8 1 28 250
9 60 41 51 9 14 0 0.00 M M 8.2 17 290 M M 9 1 25 280
10 68 36 52 10 13 0 0.00 M M 5.0 17 240 M M 4 23 230
11 65 39 52 10 13 0 0.33 M M 5.0 25 310 M M 6 13 35 310
12 59 37 48 5 17 0 T M M 12.7 28 360 M M 2 40 340
13 72 29 51 8 14 0 0.00 M M 6.9 21 210 M M 0 33 190
14 76 45 61 17 4 0 0.00 M M 7.2 22 340 M M 0 30 330
15 70 36 53 9 12 0 0.00 M M 6.3 20 110 M M 0 30 110
16 64 43 54 10 11 0 0.74 M M 16.7 32 100 M M 4 13 47 120
17 59 45 52 7 13 0 1.09 M M 11.5 25 260 M M 10 13 36 250
18 51 39 45 0 20 0 0.04 M M 8.0 15 300 M M 5 1 21 300
================================================================================
SM 1009 649 336 0 2.98 5.0 175.3 M 96
================================================================================
AV 56.1 36.1 9.7 FASTST M M 5 MAX(MPH)
MISC ----> 32 100 47 120
================================================================================
NOTES:
# LAST OF SEVERAL OCCURRENCES
COLUMN 17 PEAK WIND IN M.P.H.
PRELIMINARY LOCAL CLIMATOLOGICAL DATA (WS FORM: F-6) , PAGE 2
STATION: WISCONSIN RAPIDS ASOS
MONTH: APRIL
YEAR: 2024
LATITUDE: 44 22 N
LONGITUDE: 89 50 W
[TEMPERATURE DATA] [PRECIPITATION DATA] SYMBOLS USED IN COLUMN 16
AVERAGE MONTHLY: 46.1 TOTAL FOR MONTH: 2.98 1 = FOG OR MIST
DPTR FM NORMAL: 4.3 DPTR FM NORMAL: 1.30 2 = FOG REDUCING VISIBILITY
HIGHEST: 76 ON 14 GRTST 24HR 1.83 ON 16-17 TO 1/4 MILE OR LESS
LOWEST: 27 ON 6 3 = THUNDER
SNOW, ICE PELLETS, HAIL 4 = ICE PELLETS
TOTAL MONTH: 5.0 INCHES 5 = HAIL
GRTST 24HR 5.0 ON 2- 2 6 = FREEZING RAIN OR DRIZZLE
GRTST DEPTH: 5 ON 3, 2 7 = DUSTSTORM OR SANDSTORM:
VSBY 1/2 MILE OR LESS
8 = SMOKE OR HAZE
[NO. OF DAYS WITH] [WEATHER - DAYS WITH] 9 = BLOWING SNOW
X = TORNADO
MAX 32 OR BELOW: 0 0.01 INCH OR MORE: 9
MAX 90 OR ABOVE: 0 0.10 INCH OR MORE: 6
MIN 32 OR BELOW: 6 0.50 INCH OR MORE: 2
MIN 0 OR BELOW: 0 1.00 INCH OR MORE: 1
[HDD (BASE 65) ]
TOTAL THIS MO. 336 CLEAR (SCALE 0-3) 5
DPTR FM NORMAL -81 PTCLDY (SCALE 4-7) 7
TOTAL FM JUL 1 5888 CLOUDY (SCALE 8-10) 6
DPTR FM NORMAL -1391
[CDD (BASE 65) ]
TOTAL THIS MO. 0
DPTR FM NORMAL 0 [PRESSURE DATA]
TOTAL FM JAN 1 0 HIGHEST SLP M ON M
DPTR FM NORMAL -1 LOWEST SLP 29.34 ON 3
[REMARKS]