000
CXUS53 KGRB 161208
CF6ISW
PRELIMINARY LOCAL CLIMATOLOGICAL DATA (WS FORM: F-6)
STATION: WISCONSIN RAPIDS ASOS
MONTH: JULY
YEAR: 2021
LATITUDE: 44 22 N
LONGITUDE: 89 50 W
TEMPERATURE IN F: :PCPN: SNOW: WIND :SUNSHINE: SKY :PK WND
================================================================================
1 2 3 4 5 6A 6B 7 8 9 10 11 12 13 14 15 16 17 18
12Z AVG MX 2MIN
DY MAX MIN AVG DEP HDD CDD WTR SNW DPTH SPD SPD DIR MIN PSBL S-S WX SPD DR
================================================================================
1 83 60 72 2 0 7 0.00 0.0 0 6.5 16 20 M M 1 1 22 20
2 79 54 67 -3 0 2 0.00 0.0 0 3.4 12 10 M M 0 16 30
3 88 59 74 4 0 9 0.00 0.0 0 6.8 16 290 M M 0 21 290
4 88 61 75 5 0 10 0.00 0.0 0 7.9 17 210 M M 0 1 24 210
5 92 71 82 12 0 17 0.00 0.0 0 8.2 16 270 M M 1 1 25 250
6 88 64 76 6 0 11 0.98 0.0 0 5.6 31 240 M M 4 13 46 240
7 65 57 61 -9 4 0 0.24 0.0 0 8.3 13 60 M M 10 1 18 70
8 71 55 63 -7 2 0 T 0.0 0 5.6 10 300 M M 9 1 16 330
9 78 51 65 -6 0 0 0.00 0.0 0 2.6 12 120 M M 2 12 17 110
10 79 55 67 -4 0 2 0.00 0.0 0 5.6 16 60 M M 0 1 21 100
11 81 53 67 -4 0 2 0.00 0.0 0 6.7 16 80 M M 1 23 110
12 79 52 66 -5 0 1 0.00 0.0 0 5.6 15 100 M M 4 21 110
13 84 64 74 3 0 9 0.00 0.0 0 5.0 14 300 M M 4 21 260
14 79 63 71 0 0 6 2.15 0.0 0 4.6 22 230 M M 5 13 31 220
15 80 60 70 -1 0 5 0.01 0.0 0 6.0 14 350 M M 4 1 19 330
16 82 57 70 -1 0 5 0.00 0.0 0 3.8 13 40 M M 4 12 17 30
17 82 54 68 -3 0 3 0.00 0.0 0 3.5 12 50 M M 1 1 17 110
18 83 54 69 -2 0 4 0.00 0.0 0 1.5 9 180 M M 0 1 15 140
19 84 59 72 1 0 7 0.00 0.0 0 3.5 13 310 M M 0 1 18 320
20 86 62 74 3 0 9 0.00 0.0 0 6.0 14 90 M M 2 18 20 100
21 77 60 69 -2 0 4 0.00 0.0 0 6.4 14 90 M M 6 21 100
22 84 62 73 2 0 8 T 0.0 0 5.6 12 210 M M 5 15 210
23 89 67 78 7 0 13 0.00 0.0 0 6.7 16 200 M M 2 18 24 220
24 86 62 74 3 0 9 1.08 0.0 0 7.7 20 360 M M 4 12 30 360
25 87 58 73 2 0 8 0.00 0.0 0 4.5 17 300 M M 0 1 26 260
26 90 59 75 4 0 10 0.03 0.0 0 5.8 30 360 M M 0 3 44 360
27 85 63 74 3 0 9 0.56 0.0 0 7.6 22 20 M M 4 13 29 30
28 85 64 75 4 0 10 0.06 0.0 0 4.9 20 40 M M 1 13 27 50
29 82 65 74 3 0 9 0.00 0.0 0 8.4 17 10 M M 2 18 23 10
30 74 56 65 -5 0 0 0.00 0.0 0 4.1 9 230 M M 0 12 100
31 80 58 69 -1 0 4 1.91 0.0 0 5.6 41 10 M M 5 1238 55 20
================================================================================
SM 2550 1839 6 193 7.02 0.0 174.0 M 81
================================================================================
AV 82.3 59.3 5.6 FASTST M M 3 MAX(MPH)
MISC ----> 41 10 55 20
================================================================================
NOTES:
# LAST OF SEVERAL OCCURRENCES
COLUMN 17 PEAK WIND IN M.P.H.
PRELIMINARY LOCAL CLIMATOLOGICAL DATA (WS FORM: F-6) , PAGE 2
STATION: WISCONSIN RAPIDS ASOS
MONTH: JULY
YEAR: 2021
LATITUDE: 44 22 N
LONGITUDE: 89 50 W
[TEMPERATURE DATA] [PRECIPITATION DATA] SYMBOLS USED IN COLUMN 16
AVERAGE MONTHLY: 70.8 TOTAL FOR MONTH: 7.02 1 = FOG OR MIST
DPTR FM NORMAL: 0.2 DPTR FM NORMAL: 3.46 2 = FOG REDUCING VISIBILITY
HIGHEST: 92 ON 5 GRTST 24HR 2.16 ON 14-15 TO 1/4 MILE OR LESS
LOWEST: 51 ON 9 3 = THUNDER
SNOW, ICE PELLETS, HAIL 4 = ICE PELLETS
TOTAL MONTH: 0.0 INCH 5 = HAIL
GRTST 24HR 0.0 6 = FREEZING RAIN OR DRIZZLE
GRTST DEPTH: 0 7 = DUSTSTORM OR SANDSTORM:
VSBY 1/2 MILE OR LESS
8 = SMOKE OR HAZE
[NO. OF DAYS WITH] [WEATHER - DAYS WITH] 9 = BLOWING SNOW
X = TORNADO
MAX 32 OR BELOW: 0 0.01 INCH OR MORE: 9
MAX 90 OR ABOVE: 2 0.10 INCH OR MORE: 6
MIN 32 OR BELOW: 0 0.50 INCH OR MORE: 5
MIN 0 OR BELOW: 0 1.00 INCH OR MORE: 3
[HDD (BASE 65) ]
TOTAL THIS MO. 6 CLEAR (SCALE 0-3) 18
DPTR FM NORMAL -9 PTCLDY (SCALE 4-7) 11
TOTAL FM JUL 1 6 CLOUDY (SCALE 8-10) 2
DPTR FM NORMAL -7
[CDD (BASE 65) ]
TOTAL THIS MO. 193
DPTR FM NORMAL 5 [PRESSURE DATA]
TOTAL FM JAN 1 452 HIGHEST SLP 30.29 ON 18
DPTR FM NORMAL 134 LOWEST SLP 29.79 ON 24
[REMARKS]
#FINAL-07-21#