000
CXHW53 PHFO 011250
CF6ITO
PRELIMINARY LOCAL CLIMATOLOGICAL DATA (WS FORM: F-6)
STATION: HILO HI
MONTH: APRIL
YEAR: 2022
LATITUDE: 19 43 N
LONGITUDE: 155 4 W
TEMPERATURE IN F: :PCPN: SNOW: WIND :SUNSHINE: SKY :PK WND
================================================================================
1 2 3 4 5 6A 6B 7 8 9 10 11 12 13 14 15 16 17 18
12Z AVG MX 2MIN
DY MAX MIN AVG DEP HDD CDD WTR SNW DPTH SPD SPD DIR MIN PSBL S-S WX SPD DR
================================================================================
1 81 69 75 3 0 10 0.53 M M 6.3 18 50 M M 7 18 26 50
2 80 69 75 3 0 10 0.32 M M 7.8 17 60 M M 9 18 22 60
3 79 70 75 3 0 10 0.28 M M 8.8 18 100 M M 9 18 23 100
4 78 67 73 1 0 8 0.11 M M 5.6 12 90 M M 8 18 15 120
5 79 68 74 2 0 9 0.03 M M 5.8 13 250 M M 10 1 15 260
6 76 68 72 0 0 7 0.89 M M 5.2 14 270 M M 10 1 17 270
7 82 68 75 3 0 10 0.06 M M 8.9 18 90 M M 8 26 100
8 76 67 72 0 0 7 0.95 M M 5.4 12 270 M M 10 18 15 250
9 81 68 75 3 0 10 0.33 M M 6.1 16 100 M M 9 18 19 110
10 79 69 74 2 0 9 0.19 M M 5.5 12 110 M M 9 18 14 100
11 81 69 75 3 0 10 0.89 M M 5.1 15 80 M M 10 18 18 80
12 80 70 75 3 0 10 0.52 M M 5.6 13 50 M M 10 18 15 90
13 79 69 74 2 0 9 0.13 M M 4.8 15 120 M M 8 18 19 100
14 82 68 75 3 0 10 0.19 M M 7.6 16 60 M M 8 1 28 80
15 79 67 73 1 0 8 0.55 M M 6.8 17 70 M M 9 18 22 70
16 74 67 71 -1 0 6 4.71 M M 4.8 15 60 M M 9 1 18 70
17 80 66 73 1 0 8 1.07 M M 6.5 13 10 M M 8 18 16 10
18 79 68 74 1 0 9 0.49 M M 5.9 16 360 M M 8 18 21 10
19 81 66 74 1 0 9 0.70 M M 6.5 17 50 M M 7 1 22 50
20 81 66 74 1 0 9 0.10 M M 7.6 16 60 M M 6 1 22 80
21 80 65 73 0 0 8 0.31 M M 6.9 15 100 M M 8 1 20 90
22 80 68 74 1 0 9 0.85 M M 6.1 13 70 M M 9 1 17 80
23 82 68 75 2 0 10 0.28 M M 6.0 15 120 M M 9 18 19 140
24 81 70 76 3 0 11 0.06 M M 6.0 15 100 M M 10 1 18 80
25 80 69 75 2 0 10 0.32 M M 5.3 18 100 M M 9 18 24 90
26 81 69 75 2 0 10 0.18 M M 6.3 17 80 M M 8 18 22 90
27 79 68 74 1 0 9 0.22 M M 4.1 17 120 M M 9 18 21 120
28 82 67 75 2 0 10 0.11 M M 6.4 17 90 M M 7 18 22 100
29 81 68 75 2 0 10 0.23 M M 7.3 18 90 M M 8 1 23 70
30 79 69 74 1 0 9 0.07 M M 6.6 15 100 M M 9 1 19 100
================================================================================
SM 2392 2040 0 274 15.67 M 187.6 M 258
================================================================================
AV 79.7 68.0 6.3 FASTST M M 9 MAX(MPH)
MISC ----> # 18 50 28 80
================================================================================
NOTES:
# LAST OF SEVERAL OCCURRENCES
COLUMN 17 PEAK WIND IN M.P.H.
PRELIMINARY LOCAL CLIMATOLOGICAL DATA (WS FORM: F-6) , PAGE 2
STATION: HILO HI
MONTH: APRIL
YEAR: 2022
LATITUDE: 19 43 N
LONGITUDE: 155 4 W
[TEMPERATURE DATA] [PRECIPITATION DATA] SYMBOLS USED IN COLUMN 16
AVERAGE MONTHLY: 73.9 TOTAL FOR MONTH: 15.67 1 = FOG OR MIST
DPTR FM NORMAL: 1.4 DPTR FM NORMAL: 6.27 2 = FOG REDUCING VISIBILITY
HIGHEST: 82 ON 28,23 GRTST 24HR 5.02 ON 15-16 TO 1/4 MILE OR LESS
LOWEST: 65 ON 21 3 = THUNDER
SNOW, ICE PELLETS, HAIL 4 = ICE PELLETS
TOTAL MONTH: M 5 = HAIL
GRTST 24HR M ON M 6 = FREEZING RAIN OR DRIZZLE
GRTST DEPTH: M ON M 7 = DUSTSTORM OR SANDSTORM:
VSBY 1/2 MILE OR LESS
8 = SMOKE OR HAZE
[NO. OF DAYS WITH] [WEATHER - DAYS WITH] 9 = BLOWING SNOW
X = TORNADO
MAX 32 OR BELOW: 0 0.01 INCH OR MORE: 30
MAX 90 OR ABOVE: 0 0.10 INCH OR MORE: 26
MIN 32 OR BELOW: 0 0.50 INCH OR MORE: 10
MIN 0 OR BELOW: 0 1.00 INCH OR MORE: 2
[HDD (BASE 65) ]
TOTAL THIS MO. 0 CLEAR (SCALE 0-3) 0
DPTR FM NORMAL 0 PTCLDY (SCALE 4-7) 8
TOTAL FM JUL 1 0 CLOUDY (SCALE 8-10) 22
DPTR FM NORMAL 0
[CDD (BASE 65) ]
TOTAL THIS MO. 274
DPTR FM NORMAL 48 [PRESSURE DATA]
TOTAL FM JAN 1 1111 HIGHEST SLP 30.22 ON 3
DPTR FM NORMAL 300 LOWEST SLP 29.93 ON 28
[REMARKS]
#FINAL-04-22#