000
CXHW53 PHFO 011250
CF6ITO
PRELIMINARY LOCAL CLIMATOLOGICAL DATA (WS FORM: F-6)
STATION: HILO HI
MONTH: SEPTEMBER
YEAR: 2020
LATITUDE: 19 43 N
LONGITUDE: 155 4 W
TEMPERATURE IN F: :PCPN: SNOW: WIND :SUNSHINE: SKY :PK WND
================================================================================
1 2 3 4 5 6A 6B 7 8 9 10 11 12 13 14 15 16 17 18
12Z AVG MX 2MIN
DY MAX MIN AVG DEP HDD CDD WTR SNW DPTH SPD SPD DIR MIN PSBL S-S WX SPD DR
================================================================================
1 87 73 80 4 0 15 0.13 0.0 M 6.2 13 60 M M M 16 60
2 86 71 79 3 0 14 0.09 0.0 M 5.8 13 70 M M M 18 50
3 88 73 81 5 0 16 0.03 0.0 M 6.8 17 90 M M M 22 110
4 89 73 81 5 0 16 0.03 0.0 M 6.6 15 60 M M M 18 50
5 89 73 81 5 0 16 0.03 0.0 M 6.6 16 90 M M M 21 90
6 88 72 80 4 0 15 0.03 0.0 M 5.7 14 50 M M M 18 20
7 89 73 81 5 0 16 0.12 0.0 M 6.9 15 60 M M M 18 60
8 86 72 79 3 0 14 1.03 0.0 M 5.8 17 50 M M M 1 20 50
9 82 72 77 1 0 12 0.74 0.0 M 4.4 9 270 M M M 18 13 120
10 86 71 79 3 0 14 0.23 0.0 M 5.3 14 100 M M M 19 90
11 87 71 79 3 0 14 0.00 0.0 M 6.2 14 90 M M M 18 60
12 M M M M M M M M M M M M M M M M M
13 86 69 78 2 0 13 0.15 0.0 M 6.8 13 50 M M M 16 50
14 87 72 80 4 0 15 0.07 0.0 M 6.4 18 80 M M M 22 70
15 87 70 79 3 0 14 0.05 0.0 M 6.4 15 90 M M M 19 90
16 86 70 78 2 0 13 0.06 0.0 M 6.3 14 40 M M M 19 70
17 88 70 79 3 0 14 T 0.0 M 6.2 16 90 M M M 20 80
18 87 70 79 3 0 14 0.00 0.0 M 6.4 13 30 M M M 16 40
19 90 73 82 6 0 17 T 0.0 M 5.4 16 70 M M M 21 70
20 87 72 80 4 0 15 0.28 0.0 M 6.1 18 100 M M M 1 22 70
21 87 69 78 2 0 13 0.01 0.0 M 5.7 16 70 M M M 19 80
22 86 71 79 3 0 14 0.24 0.0 M 4.8 15 90 M M M 1 17 90
23 80 73 77 1 0 12 4.78 0.0 M 6.8 21 110 M M M 1 27 110
24 86 73 80 4 0 15 0.28 0.0 M 6.5 15 20 M M M 1 18 20
25 87 72 80 4 0 15 0.10 0.0 M 5.3 18 80 M M M 21 80
26 85 70 78 2 0 13 0.30 0.0 M 5.0 15 120 M M M 1 18 120
27 87 69 78 2 0 13 0.00 0.0 M 5.5 14 90 M M M 19 90
28 86 71 79 3 0 14 0.00 0.0 M 6.7 12 10 M M M 16 40
29 85 70 78 2 0 13 0.00 0.0 M 7.7 16 10 M M M 20 20
30 88 73 81 5 0 16 0.01 0.0 M 5.8 13 50 M M M 16 50
================================================================================
SM 2512 2071 0 415 8.79 0.0 176.1 M M
================================================================================
AV 86.6 71.4 6.1 FASTST M M 0 MAX(MPH)
MISC ----> # 21 110 # 27 110
================================================================================
NOTES:
# LAST OF SEVERAL OCCURRENCES
COLUMN 17 PEAK WIND IN M.P.H.
PRELIMINARY LOCAL CLIMATOLOGICAL DATA (WS FORM: F-6) , PAGE 2
STATION: HILO HI
MONTH: SEPTEMBER
YEAR: 2020
LATITUDE: 19 43 N
LONGITUDE: 155 4 W
[TEMPERATURE DATA] [PRECIPITATION DATA] SYMBOLS USED IN COLUMN 16
AVERAGE MONTHLY: 79.0 TOTAL FOR MONTH: 8.79 1 = FOG OR MIST
DPTR FM NORMAL: 2.8 DPTR FM NORMAL: -1.15 2 = FOG REDUCING VISIBILITY
HIGHEST: 90 ON 19 GRTST 24HR 4.78 ON 23-23 TO 1/4 MILE OR LESS
LOWEST: 69 ON 27,21 3 = THUNDER
SNOW, ICE PELLETS, HAIL 4 = ICE PELLETS
TOTAL MONTH: 0.0 INCH 5 = HAIL
GRTST 24HR 0.0 6 = FREEZING RAIN OR DRIZZLE
GRTST DEPTH: M ON M 7 = DUSTSTORM OR SANDSTORM:
VSBY 1/2 MILE OR LESS
8 = SMOKE OR HAZE
[NO. OF DAYS WITH] [WEATHER - DAYS WITH] 9 = BLOWING SNOW
X = TORNADO
MAX 32 OR BELOW: 0 0.01 INCH OR MORE: 22
MAX 90 OR ABOVE: 1 0.10 INCH OR MORE: 12
MIN 32 OR BELOW: 0 0.50 INCH OR MORE: 3
MIN 0 OR BELOW: 0 1.00 INCH OR MORE: 2
[HDD (BASE 65) ]
TOTAL THIS MO. 0 CLEAR (SCALE 0-3) 0
DPTR FM NORMAL 0 PTCLDY (SCALE 4-7) 0
TOTAL FM JUL 1 0 CLOUDY (SCALE 8-10) 0
DPTR FM NORMAL 0
[CDD (BASE 65) ]
TOTAL THIS MO. 415
DPTR FM NORMAL 79 [PRESSURE DATA]
TOTAL FM JAN 1 3224 HIGHEST SLP 30.13 ON 24
DPTR FM NORMAL 816 LOWEST SLP 29.85 ON 29
[REMARKS]
#FINAL-09-20#