000
CXUS53 KIWX 010810
CF6IWX
PRELIMINARY LOCAL CLIMATOLOGICAL DATA (WS FORM: F-6)
STATION: NORTH WEBSTER WFO
MONTH: SEPTEMBER
YEAR: 2021
LATITUDE: 41 21 N
LONGITUDE: 85 42 W
TEMPERATURE IN F: :PCPN: SNOW: WIND :SUNSHINE: SKY :PK WND
================================================================================
1 2 3 4 5 6A 6B 7 8 9 10 11 12 13 14 15 16 17 18
12Z AVG MX 2MIN
DY MAX MIN AVG DEP HDD CDD WTR SNW DPTH SPD SPD DIR MIN PSBL S-S WX SPD DR
================================================================================
1 75 61 68 0 0 3 0.00 0.0 0 M M M M M M M M
2 75 53 64 -4 1 0 0.00 0.0 0 M M M M M M M M
3 75 55 65 -3 0 0 T 0.0 0 M M M M M M M M
4 75 63 69 1 0 4 0.06 0.0 0 M M M M M M 1 M M
5 79 58 69 2 0 4 0.01 0.0 0 M M M M M M 1 M M
6 81 56 69 2 0 4 0.00 0.0 0 M M M M M M M M
7 85 59 72 5 0 7 0.46 0.0 0 M M M M M M M M
8 79 58 69 3 0 4 0.00 0.0 0 M M M M M M M M
9 74 53 64 -2 1 0 T 0.0 0 M M M M M M M M
10 78 52 65 -1 0 0 0.00 0.0 0 M M M M M M M M
11 82 60 71 5 0 6 0.00 0.0 0 M M M M M M M M
12 86 68 77 12 0 12 0.00 0.0 0 M M M M M M M M
13 85 67 76 11 0 11 0.00 0.0 0 M M M M M M M M
14 88 65 77 12 0 12 0.01 0.0 0 M M M M M M M M
15 76 56 66 2 0 1 0.00 0.0 0 M M M M M M M M
16 79 54 67 3 0 2 0.00 0.0 0 M M M M M M M M
17 87 60 74 10 0 9 0.00 0.0 0 M M M M M M M M
18 84 65 75 11 0 10 0.00 0.0 0 M M M M M M M M
19 88 61 75 12 0 10 0.00 0.0 0 M M M M M M M M
20 78 66 72 9 0 7 0.15 0.0 0 M M M M M M M M
21 74 57 66 4 0 1 0.40 0.0 0 M M M M M M M M
22 57 49 53 -9 12 0 1.39 0.0 0 M M M M M M M M
23 55 45 50 -12 15 0 1.16 0.0 0 M M M M M M M M
24 74 47 61 -1 4 0 T 0.0 0 M M M M M M M M
25 66 51 59 -2 6 0 0.52 0.0 0 M M M M M M M M
26 78 50 64 3 1 0 0.00 0.0 0 M M M M M M M M
27 84 60 72 12 0 7 0.00 0.0 0 M M M M M M M M
28 73 55 64 4 1 0 0.00 0.0 0 M M M M M M M M
29 75 51 63 3 2 0 0.00 0.0 0 M M M M M M M M
30 74 51 63 4 2 0 0.00 0.0 0 M M M M M M M M
================================================================================
SM 2319 1706 45 114 4.16 0.0 M M M
================================================================================
AV 77.3 56.9 M FASTST M M M MAX(MPH)
MISC ----> M M M M
================================================================================
NOTES:
# LAST OF SEVERAL OCCURRENCES
COLUMN 17 PEAK WIND IN M.P.H.
PRELIMINARY LOCAL CLIMATOLOGICAL DATA (WS FORM: F-6) , PAGE 2
STATION: NORTH WEBSTER WFO
MONTH: SEPTEMBER
YEAR: 2021
LATITUDE: 41 21 N
LONGITUDE: 85 42 W
[TEMPERATURE DATA] [PRECIPITATION DATA] SYMBOLS USED IN COLUMN 16
AVERAGE MONTHLY: 67.1 TOTAL FOR MONTH: 4.16 1 = FOG OR MIST
DPTR FM NORMAL: 3.0 DPTR FM NORMAL: 0.89 2 = FOG REDUCING VISIBILITY
HIGHEST: 88 ON 19,14 GRTST 24HR 1.39 ON 22-22 TO 1/4 MILE OR LESS
LOWEST: 45 ON 23 3 = THUNDER
SNOW, ICE PELLETS, HAIL 4 = ICE PELLETS
TOTAL MONTH: 0.0 INCH 5 = HAIL
GRTST 24HR 0.0 6 = FREEZING RAIN OR DRIZZLE
GRTST DEPTH: 0 7 = DUSTSTORM OR SANDSTORM:
VSBY 1/2 MILE OR LESS
8 = SMOKE OR HAZE
[NO. OF DAYS WITH] [WEATHER - DAYS WITH] 9 = BLOWING SNOW
X = TORNADO
MAX 32 OR BELOW: 0 0.01 INCH OR MORE: 9
MAX 90 OR ABOVE: 0 0.10 INCH OR MORE: 6
MIN 32 OR BELOW: 0 0.50 INCH OR MORE: 3
MIN 0 OR BELOW: 0 1.00 INCH OR MORE: 2
[HDD (BASE 65) ]
TOTAL THIS MO. 45 CLEAR (SCALE 0-3) 0
DPTR FM NORMAL -58 PTCLDY (SCALE 4-7) 0
TOTAL FM JUL 1 47 CLOUDY (SCALE 8-10) 30
DPTR FM NORMAL -75
[CDD (BASE 65) ]
TOTAL THIS MO. 114
DPTR FM NORMAL 36 [PRESSURE DATA]
TOTAL FM JAN 1 886 HIGHEST SLP M ON M
DPTR FM NORMAL 153 LOWEST SLP M ON M
[REMARKS]
#FINAL-09-21#