000
CXUS53 KEAX 010736
CF6IXD
PRELIMINARY LOCAL CLIMATOLOGICAL DATA (WS FORM: F-6)
STATION: NEW CENTURY AIR CENTER KS
MONTH: APRIL
YEAR: 2022
LATITUDE: 38 49 N
LONGITUDE: 94 54 W
TEMPERATURE IN F: :PCPN: SNOW: WIND :SUNSHINE: SKY :PK WND
================================================================================
1 2 3 4 5 6A 6B 7 8 9 10 11 12 13 14 15 16 17 18
12Z AVG MX 2MIN
DY MAX MIN AVG DEP HDD CDD WTR SNW DPTH SPD SPD DIR MIN PSBL S-S WX SPD DR
================================================================================
1 60 27 44 -7 21 0 T M M 8.4 16 140 M M 1 22 130
2 62 43 53 2 12 0 T M M 10.6 24 340 M M 2 32 320
3 69 43 56 5 9 0 0.06 M M 10.0 21 200 M M 4 1 30 160
4 62 39 51 -1 14 0 0.00 M M 6.4 14 360 M M 1 128 19 10
5 70 45 58 6 7 0 0.22 M M 12.2 32 330 M M 8 1 43 330
6 64 41 53 1 12 0 0.06 M M 14.9 33 320 M M 4 1 45 280
7 51 33 42 -10 23 0 0.04 M M 19.6 33 300 M M 6 1 46 290
8 54 33 44 -9 21 0 0.07 M M 15.9 26 330 M M 7 1 39 330
9 64 30 47 -6 18 0 0.00 M M 7.8 18 140 M M 0 26 130
10 80 48 64 11 1 0 0.00 M M 16.2 33 200 M M 0 44 190
11 68 49 59 5 6 0 0.02 M M 6.8 15 330 M M 4 3 21 60
12 84 50 67 13 0 2 0.04 M M 20.7 36 190 M M 6 13 54 170
13 68 37 53 -1 12 0 0.16 M M 13.9 35 290 M M 6 38 47 300
14 62 33 48 -6 17 0 0.00 M M 11.1 24 220 M M 0 8 35 230
15 65 44 55 0 10 0 T M M 11.7 20 20 M M 2 25 20
16 56 36 46 -9 19 0 0.00 M M 13.7 24 10 M M 2 32 20
17 48 37 43 -12 22 0 0.23 M M 10.7 20 80 M M 10 18 27 70
18 57 33 45 -11 20 0 0.00 M M 11.2 24 330 M M 3 18 31 330
19 58 33 46 -10 19 0 0.01 M M 11.9 21 130 M M 4 3 32 150
20 61 51 56 0 9 0 T M M 12.7 24 140 M M 10 12 31 140
21 78 43 61 5 4 0 0.08 M M 9.9 20 140 M M 6 123 30 130
22 82 68 75 18 0 10 0.00 M M 20.3 33 190 M M 7 47 190
23 75 55 65 8 0 0 0.53 M M 21.6 39 250 M M 4 138 54 180
24 67 49 58 1 7 0 T M M 9.6 22 330 M M 4 29 330
25 60 38 49 -9 16 0 0.00 M M 11.0 22 350 M M 1 30 330
26 66 34 50 -8 15 0 0.00 M M 4.9 14 160 M M 0 20 160
27 76 48 62 4 3 0 0.00 M M 13.4 24 180 M M 1 35 200
28 73 59 66 8 0 1 T M M 14.8 23 140 M M 6 31 140
29 75 57 66 7 0 1 1.80 M M 14.4 36 290 M M 7 13 50 290
30 62 52 57 -2 8 0 T M M 15.5 28 280 M M 6 41 280
================================================================================
SM 1977 1288 325 14 3.32 M 381.8 M 122
================================================================================
AV 65.9 42.9 12.7 FASTST M M 4 MAX(MPH)
MISC ----> 39 250 # 54 170
================================================================================
NOTES:
# LAST OF SEVERAL OCCURRENCES
COLUMN 17 PEAK WIND IN M.P.H.
PRELIMINARY LOCAL CLIMATOLOGICAL DATA (WS FORM: F-6) , PAGE 2
STATION: NEW CENTURY AIR CENTER KS
MONTH: APRIL
YEAR: 2022
LATITUDE: 38 49 N
LONGITUDE: 94 54 W
[TEMPERATURE DATA] [PRECIPITATION DATA] SYMBOLS USED IN COLUMN 16
AVERAGE MONTHLY: 54.4 TOTAL FOR MONTH: 3.32 1 = FOG OR MIST
DPTR FM NORMAL: -0.4 DPTR FM NORMAL: -0.44 2 = FOG REDUCING VISIBILITY
HIGHEST: 84 ON 12 GRTST 24HR 1.80 ON 29-29 TO 1/4 MILE OR LESS
LOWEST: 27 ON 1 3 = THUNDER
SNOW, ICE PELLETS, HAIL 4 = ICE PELLETS
TOTAL MONTH: M 5 = HAIL
GRTST 24HR M ON M 6 = FREEZING RAIN OR DRIZZLE
GRTST DEPTH: M ON M 7 = DUSTSTORM OR SANDSTORM:
VSBY 1/2 MILE OR LESS
8 = SMOKE OR HAZE
[NO. OF DAYS WITH] [WEATHER - DAYS WITH] 9 = BLOWING SNOW
X = TORNADO
MAX 32 OR BELOW: 0 0.01 INCH OR MORE: 13
MAX 90 OR ABOVE: 0 0.10 INCH OR MORE: 5
MIN 32 OR BELOW: 2 0.50 INCH OR MORE: 2
MIN 0 OR BELOW: 0 1.00 INCH OR MORE: 1
[HDD (BASE 65) ]
TOTAL THIS MO. 325 CLEAR (SCALE 0-3) 11
DPTR FM NORMAL 2 PTCLDY (SCALE 4-7) 16
TOTAL FM JUL 1 4394 CLOUDY (SCALE 8-10) 3
DPTR FM NORMAL -469
[CDD (BASE 65) ]
TOTAL THIS MO. 14
DPTR FM NORMAL -3 [PRESSURE DATA]
TOTAL FM JAN 1 14 HIGHEST SLP M ON M
DPTR FM NORMAL -7 LOWEST SLP 29.34 ON 12
[REMARKS]
#FINAL-04-22#