000
CXUS53 KEAX 010736
CF6IXD
PRELIMINARY LOCAL CLIMATOLOGICAL DATA (WS FORM: F-6)
STATION: NEW CENTURY AIR CENTER KS
MONTH: AUGUST
YEAR: 2021
LATITUDE: 38 49 N
LONGITUDE: 94 54 W
TEMPERATURE IN F: :PCPN: SNOW: WIND :SUNSHINE: SKY :PK WND
================================================================================
1 2 3 4 5 6A 6B 7 8 9 10 11 12 13 14 15 16 17 18
12Z AVG MX 2MIN
DY MAX MIN AVG DEP HDD CDD WTR SNW DPTH SPD SPD DIR MIN PSBL S-S WX SPD DR
================================================================================
1 87 65 76 -3 0 11 0.00 M M 9.2 20 340 M M 1 18 26 340
2 85 61 73 -6 0 8 0.00 M M 6.1 15 360 M M 2 18 22 350
3 84 59 72 -7 0 7 0.00 M M 4.5 10 70 M M 1 8 15 70
4 85 61 73 -6 0 8 0.00 M M 5.8 14 150 M M 0 8 18 170
5 83 69 76 -3 0 11 T M M 10.4 18 210 M M 4 24 210
6 91 67 79 0 0 14 0.00 M M 10.4 18 210 M M 0 26 160
7 96 72 84 5 0 19 0.00 M M 12.6 23 160 M M 0 33 200
8 90 68 79 0 0 14 0.02 M M 9.9 21 210 M M 5 3 28 200
9 96 75 86 7 0 21 0.00 M M 11.4 20 200 M M 0 26 190
10 93 73 83 4 0 18 0.50 M M 12.4 24 170 M M 2 13 35 170
11 97 78 88 10 0 23 0.00 M M 15.9 28 190 M M 0 37 190
12 99 69 84 6 0 19 1.68 M M 13.2 29 50 M M 2 138 49 230
13 80 67 74 -4 0 9 1.50 M M 8.0 25 360 M M 6 13 40 10
14 85 63 74 -4 0 9 0.00 M M 4.8 10 130 M M 1 16 110
15 85 64 75 -3 0 10 0.00 M M 6.2 13 130 M M 1 20 140
16 86 66 76 -2 0 11 0.00 M M 6.2 14 130 M M 2 17 140
17 88 68 78 0 0 13 0.00 M M 6.9 20 140 M M 2 3 29 130
18 88 68 78 1 0 13 0.00 M M 7.4 17 140 M M 1 23 140
19 89 70 80 3 0 15 T M M 7.9 17 150 M M 4 1 19 120
20 88 69 79 2 0 14 1.66 M M 11.1 30 330 M M 4 13 42 330
21 83 67 75 -2 0 10 0.28 M M 8.0 20 290 M M 3 13 28 310
22 87 64 76 0 0 11 0.00 M M 7.7 15 150 M M 0 21 160
23 94 76 85 9 0 20 0.00 M M 9.9 17 200 M M 0 23 190
24 94 74 84 8 0 19 0.00 M M 11.9 18 180 M M 0 30 160
25 92 74 83 7 0 18 0.00 M M 8.5 16 140 M M 1 23 110
26 94 75 85 9 0 20 0.00 M M 7.9 15 160 M M 1 19 160
27 93 74 84 9 0 19 0.00 M M 10.7 24 190 M M 0 32 190
28 91 72 82 7 0 17 0.00 M M 9.3 18 160 M M 0 25 160
29 87 69 78 3 0 13 0.00 M M 6.0 16 190 M M 1 23 170
30 90 70 80 6 0 15 0.00 M M 4.9 10 150 M M 0 16 160
31 83 65 74 0 0 9 0.18 M M 8.0 29 360 M M 4 13 43 360
================================================================================
SM 2763 2132 0 438 5.82 M 273.1 M 48
================================================================================
AV 89.1 68.8 8.8 FASTST M M 2 MAX(MPH)
MISC ----> 30 330 49 230
================================================================================
NOTES:
# LAST OF SEVERAL OCCURRENCES
COLUMN 17 PEAK WIND IN M.P.H.
PRELIMINARY LOCAL CLIMATOLOGICAL DATA (WS FORM: F-6) , PAGE 2
STATION: NEW CENTURY AIR CENTER KS
MONTH: AUGUST
YEAR: 2021
LATITUDE: 38 49 N
LONGITUDE: 94 54 W
[TEMPERATURE DATA] [PRECIPITATION DATA] SYMBOLS USED IN COLUMN 16
AVERAGE MONTHLY: 79.0 TOTAL FOR MONTH: 5.82 1 = FOG OR MIST
DPTR FM NORMAL: 1.6 DPTR FM NORMAL: 1.87 2 = FOG REDUCING VISIBILITY
HIGHEST: 99 ON 12 GRTST 24HR 3.18 ON 12-13 TO 1/4 MILE OR LESS
LOWEST: 59 ON 3 3 = THUNDER
SNOW, ICE PELLETS, HAIL 4 = ICE PELLETS
TOTAL MONTH: M 5 = HAIL
GRTST 24HR M ON M 6 = FREEZING RAIN OR DRIZZLE
GRTST DEPTH: M ON M 7 = DUSTSTORM OR SANDSTORM:
VSBY 1/2 MILE OR LESS
8 = SMOKE OR HAZE
[NO. OF DAYS WITH] [WEATHER - DAYS WITH] 9 = BLOWING SNOW
X = TORNADO
MAX 32 OR BELOW: 0 0.01 INCH OR MORE: 7
MAX 90 OR ABOVE: 14 0.10 INCH OR MORE: 6
MIN 32 OR BELOW: 0 0.50 INCH OR MORE: 4
MIN 0 OR BELOW: 0 1.00 INCH OR MORE: 3
[HDD (BASE 65) ]
TOTAL THIS MO. 0 CLEAR (SCALE 0-3) 25
DPTR FM NORMAL -1 PTCLDY (SCALE 4-7) 6
TOTAL FM JUL 1 0 CLOUDY (SCALE 8-10) 0
DPTR FM NORMAL 0
[CDD (BASE 65) ]
TOTAL THIS MO. 438
DPTR FM NORMAL 54 [PRESSURE DATA]
TOTAL FM JAN 1 1308 HIGHEST SLP M ON M
DPTR FM NORMAL 82 LOWEST SLP 29.68 ON 20
[REMARKS]
#FINAL-08-21#