000
CXUS55 KRIW 011010
CF6JAC
PRELIMINARY LOCAL CLIMATOLOGICAL DATA (WS FORM: F-6)
STATION: JACKSON WY
MONTH: OCTOBER
YEAR: 2023
LATITUDE: 43 35 N
LONGITUDE: 110 44 W
TEMPERATURE IN F: :PCPN: SNOW: WIND :SUNSHINE: SKY :PK WND
================================================================================
1 2 3 4 5 6A 6B 7 8 9 10 11 12 13 14 15 16 17 18
12Z AVG MX 2MIN
DY MAX MIN AVG DEP HDD CDD WTR SNW DPTH SPD SPD DIR MIN PSBL S-S WX SPD DR
================================================================================
1 62 34 48 2 17 0 M M M 9.9 22 230 M M 5 44 210
2 50 33 42 -3 23 0 M M M 4.9 13 20 M M 7 1 M M
3 49 37 43 -2 22 0 M M M 8.1 15 260 M M 10 1 17 210
4 50 35 43 -1 22 0 0.00 M M 5.0 14 280 M M 10 M M
5 58 39 49 5 16 0 M M M 5.2 13 280 M M 6 22 280
6 64 35 50 6 15 0 0.00 M M 3.6 8 190 M M 1 M M
7 68 28 48 5 17 0 0.00 M M 3.9 9 30 M M 0 M M
8 69 30 50 7 15 0 0.00 M M 4.5 9 10 M M 0 M M
9 71 29 50 8 15 0 0.00 M M 4.0 9 20 M M 0 M M
10 67 30 49 7 16 0 0.00 M M 5.8 17 240 M M 3 47 240
11 52 39 46 4 19 0 M M M 5.3 10 300 M M 9 M M
12 51 33 42 1 23 0 T M M 9.1 21 30 M M 7 1 28 30
13 53 26 40 -1 25 0 0.00 M M 6.3 13 230 M M 6 M M
14 55 31 43 2 22 0 0.00 M M 5.4 14 210 M M 6 18 210
15 61 27 44 4 21 0 0.00 M M 4.2 9 10 M M 0 M M
16 68 27 48 8 17 0 0.00 M M 4.2 10 10 M M 0 M M
17 65 30 48 8 17 0 0.00 M M 9.1 25 220 M M 4 37 220
18 66 31 49 10 16 0 0.00 M M 6.3 16 270 M M 0 21 270
19 70 29 50 11 15 0 0.00 M M 5.7 10 220 M M 0 M M
20 70 27 49 11 16 0 0.00 M M 5.1 10 180 M M 0 M M
21 67 29 48 10 17 0 0.00 M M 5.2 10 20 M M 0 M M
22 63 26 45 7 20 0 0.00 M M 4.1 10 10 M M 1 M M
23 49 35 42 5 23 0 0.00 M M 5.6 9 330 M M 9 M M
24 54 32 43 6 22 0 M M M 8.0 18 220 M M 4 23 210
25 49 32 41 5 24 0 M M M 7.0 16 210 M M 9 1 23 210
26 34 22 28 -8 37 0 M M M 10.4 21 210 M M 9 1 28 200
27 36 20 28 -8 37 0 M M M 9.6 17 210 M M 7 30 190
28 32 16 24 -11 41 0 M M M 6.2 13 10 M M 6 1 M M
29 32 10 21 -14 44 0 M M M 6.3 10 350 M M 1 M M
30 35 7 21 -13 44 0 M M M 3.3 7 80 M M 1 1 M M
31 44 12 28 -6 37 0 M M M 3.7 8 20 M M 0 M M
================================================================================
SM 1714 871 715 0 T M 185.0 M 121
================================================================================
AV 55.3 28.1 6.0 FASTST M M 4 MAX(MPH)
MISC ----> 25 220 47 240
================================================================================
NOTES:
# LAST OF SEVERAL OCCURRENCES
COLUMN 17 PEAK WIND IN M.P.H.
PRELIMINARY LOCAL CLIMATOLOGICAL DATA (WS FORM: F-6) , PAGE 2
STATION: JACKSON WY
MONTH: OCTOBER
YEAR: 2023
LATITUDE: 43 35 N
LONGITUDE: 110 44 W
[TEMPERATURE DATA] [PRECIPITATION DATA] SYMBOLS USED IN COLUMN 16
AVERAGE MONTHLY: 41.7 TOTAL FOR MONTH: T 1 = FOG OR MIST
DPTR FM NORMAL: 1.9 DPTR FM NORMAL: -1.47 2 = FOG REDUCING VISIBILITY
HIGHEST: 71 ON 9 GRTST 24HR 0.01 ON 25-26 TO 1/4 MILE OR LESS
LOWEST: 7 ON 30 3 = THUNDER
SNOW, ICE PELLETS, HAIL 4 = ICE PELLETS
TOTAL MONTH: M 5 = HAIL
GRTST 24HR M ON M 6 = FREEZING RAIN OR DRIZZLE
GRTST DEPTH: M ON M 7 = DUSTSTORM OR SANDSTORM:
VSBY 1/2 MILE OR LESS
8 = SMOKE OR HAZE
[NO. OF DAYS WITH] [WEATHER - DAYS WITH] 9 = BLOWING SNOW
X = TORNADO
MAX 32 OR BELOW: 2 0.01 INCH OR MORE: 0
MAX 90 OR ABOVE: 0 0.10 INCH OR MORE: 0
MIN 32 OR BELOW: 22 0.50 INCH OR MORE: 0
MIN 0 OR BELOW: 0 1.00 INCH OR MORE: 0
[HDD (BASE 65) ]
TOTAL THIS MO. 715 CLEAR (SCALE 0-3) 15
DPTR FM NORMAL -66 PTCLDY (SCALE 4-7) 10
TOTAL FM JUL 1 1275 CLOUDY (SCALE 8-10) 6
DPTR FM NORMAL -198
[CDD (BASE 65) ]
TOTAL THIS MO. 0
DPTR FM NORMAL 0 [PRESSURE DATA]
TOTAL FM JAN 1 23 HIGHEST SLP 30.70 ON 30
DPTR FM NORMAL -20 LOWEST SLP 29.50 ON 11
[REMARKS]
#FINAL-10-23#