000
CXUS52 KJAX 082119
CF6JAX
PRELIMINARY LOCAL CLIMATOLOGICAL DATA (WS FORM: F-6)
STATION: JACKSONVILLE
MONTH: JUNE
YEAR: 2021
LATITUDE: 30 30 N
LONGITUDE: 81 42 W
TEMPERATURE IN F: :PCPN: SNOW: WIND :SUNSHINE: SKY :PK WND
================================================================================
1 2 3 4 5 6A 6B 7 8 9 10 11 12 13 14 15 16 17 18
12Z AVG MX 2MIN
DY MAX MIN AVG DEP HDD CDD WTR SNW DPTH SPD SPD DIR MIN PSBL S-S WX SPD DR
================================================================================
1 84 55 70 -8 0 5 0.00 0.0 0 6.4 17 70 M M 5 1 23 80
2 87 63 75 -3 0 10 T 0.0 0 7.1 17 120 M M 8 12 22 130
3 84 71 78 -1 0 13 T 0.0 0 5.7 18 150 M M 8 13 22 150
4 91 70 81 2 0 16 0.00 0.0 0 6.4 16 130 M M 8 23 130
5 90 71 81 2 0 16 0.53 0.0 0 6.3 23 220 M M 8 13 44 210
6 92 73 83 4 0 18 0.00 0.0 0 9.4 20 130 M M 8 26 140
7 90 75 83 4 0 18 T 0.0 0 8.3 20 120 M M 9 3 26 110
8 89 72 81 2 0 16 0.00 0.0 0 8.3 17 120 M M 7 24 120
9 90 71 81 1 0 16 0.05 0.0 0 5.2 22 210 M M 7 13 30 210
10 93 71 82 2 0 17 0.01 0.0 0 5.6 20 70 M M 6 13 25 220
11 94 71 83 3 0 18 0.00 0.0 0 8.5 18 270 M M 5 26 270
12 94 73 84 4 0 19 T 0.0 0 10.5 29 270 M M 6 3 41 270
13 89 70 80 0 0 15 0.99 0.0 0 4.1 18 170 M M 8 13 24 170
14 88 70 79 -1 0 14 T 0.0 0 3.8 17 140 M M 8 3 24 150
15 95 70 83 3 0 18 0.28 0.0 0 9.6 30 280 M M 7 13 39 280
16 89 71 80 -1 0 15 0.04 0.0 0 9.4 18 240 M M 8 13 24 240
17 91 70 81 0 0 16 T 0.0 0 5.6 15 70 M M 8 3 19 70
18 89 70 80 -1 0 15 2.82 0.0 0 3.6 22 240 M M 8 13 29 250
19 90 71 81 0 0 16 0.17 0.0 0 5.2 17 150 M M 9 13 23 170
20 85 74 80 -1 0 15 0.22 0.0 0 10.6 23 220 M M 9 1 32 220
21 85 71 78 -3 0 13 0.04 0.0 0 8.4 25 260 M M 8 37 250
22 85 71 78 -3 0 13 1.08 0.0 0 7.3 20 270 M M 10 13 29 260
23 87 72 80 -1 0 15 0.18 0.0 0 4.1 13 140 M M 9 13 16 140
24 84 66 75 -6 0 10 0.38 0.0 0 8.7 24 50 M M 8 13 31 60
25 83 65 74 -7 0 9 2.50 0.0 0 5.8 24 340 M M 8 13 35 350
26 85 68 77 -5 0 12 0.01 0.0 0 6.3 17 100 M M 6 13 24 100
27 87 72 80 -2 0 15 0.06 0.0 0 6.9 17 110 M M 6 13 23 60
28 82 69 76 -6 0 11 0.33 0.0 0 4.1 21 10 M M 7 13 29 10
29 88 69 79 -3 0 14 0.02 0.0 0 6.3 16 80 M M 7 1 22 80
30 88 72 80 -2 0 15 T 0.0 0 5.7 16 120 M M 8 21 120
================================================================================
SM 2648 2097 0 433 9.71 0.0 203.2 M 227
================================================================================
AV 88.3 69.9 6.8 FASTST M M 8 MAX(MPH)
MISC ----> 30 280 44 210
================================================================================
NOTES:
# LAST OF SEVERAL OCCURRENCES
COLUMN 17 PEAK WIND IN M.P.H.
PRELIMINARY LOCAL CLIMATOLOGICAL DATA (WS FORM: F-6) , PAGE 2
STATION: JACKSONVILLE
MONTH: JUNE
YEAR: 2021
LATITUDE: 30 30 N
LONGITUDE: 81 42 W
[TEMPERATURE DATA] [PRECIPITATION DATA] SYMBOLS USED IN COLUMN 16
AVERAGE MONTHLY: 79.1 TOTAL FOR MONTH: 9.71 1 = FOG OR MIST
DPTR FM NORMAL: -1.2 DPTR FM NORMAL: 2.11 2 = FOG REDUCING VISIBILITY
HIGHEST: 95 ON 15 GRTST 24HR 2.90 ON 18-19 TO 1/4 MILE OR LESS
LOWEST: 55 ON 1 3 = THUNDER
SNOW, ICE PELLETS, HAIL 4 = ICE PELLETS
TOTAL MONTH: 0.0 INCH 5 = HAIL
GRTST 24HR 0.0 6 = FREEZING RAIN OR DRIZZLE
GRTST DEPTH: 0 7 = DUSTSTORM OR SANDSTORM:
VSBY 1/2 MILE OR LESS
8 = SMOKE OR HAZE
[NO. OF DAYS WITH] [WEATHER - DAYS WITH] 9 = BLOWING SNOW
X = TORNADO
MAX 32 OR BELOW: 0 0.01 INCH OR MORE: 18
MAX 90 OR ABOVE: 11 0.10 INCH OR MORE: 11
MIN 32 OR BELOW: 0 0.50 INCH OR MORE: 5
MIN 0 OR BELOW: 0 1.00 INCH OR MORE: 3
[HDD (BASE 65) ]
TOTAL THIS MO. 0 CLEAR (SCALE 0-3) 0
DPTR FM NORMAL 0 PTCLDY (SCALE 4-7) 19
TOTAL FM JUL 1 1208 CLOUDY (SCALE 8-10) 11
DPTR FM NORMAL -20
[CDD (BASE 65) ]
TOTAL THIS MO. 433
DPTR FM NORMAL -26 [PRESSURE DATA]
TOTAL FM JAN 1 917 HIGHEST SLP 30.22 ON 1
DPTR FM NORMAL -92 LOWEST SLP 29.77 ON 12
[REMARKS]
#FINAL-06-21#