000
CXUS54 KMEG 020149
CF6JBR
PRELIMINARY LOCAL CLIMATOLOGICAL DATA (WS FORM: F-6)
STATION: JONESBORO
MONTH: NOVEMBER
YEAR: 2021
LATITUDE: 35 49 N
LONGITUDE: 90 39 W
TEMPERATURE IN F: :PCPN: SNOW: WIND :SUNSHINE: SKY :PK WND
================================================================================
1 2 3 4 5 6A 6B 7 8 9 10 11 12 13 14 15 16 17 18
12Z AVG MX 2MIN
DY MAX MIN AVG DEP HDD CDD WTR SNW DPTH SPD SPD DIR MIN PSBL S-S WX SPD DR
================================================================================
1 59 45 52 -4 13 0 0.01 M M 8.1 15 40 M M 4 20 40
2 52 43 48 -7 17 0 T M M 9.1 18 50 M M 8 22 40
3 51 37 44 -11 21 0 T M M 8.1 16 60 M M 5 23 50
4 55 34 45 -9 20 0 0.00 M M 4.8 15 20 M M 0 21 20
5 58 35 47 -7 18 0 0.00 M M 5.0 13 50 M M 0 18 60
6 61 33 47 -7 18 0 0.00 M M 1.1 10 140 M M 0 8 12 140
7 65 34 50 -3 15 0 0.00 M M 1.8 9 250 M M 0 12 240
8 71 38 55 2 10 0 0.00 M M 4.3 16 210 M M 0 21 210
9 70 40 55 3 10 0 0.00 M M 4.0 17 210 M M 0 18 20 220
10 70 44 57 5 8 0 T M M 6.0 17 200 M M 2 12 22 220
11 64 44 54 2 11 0 0.67 M M 10.6 28 260 M M 5 13 37 260
12 54 40 47 -4 18 0 0.12 M M 9.7 24 230 M M 3 32 220
13 49 32 41 -10 24 0 0.00 M M 5.5 14 240 M M 0 20 310
14 60 37 49 -1 16 0 0.00 M M 7.3 18 280 M M 1 29 300
15 63 35 49 -1 16 0 0.00 M M 7.7 22 200 M M 0 28 210
16 68 45 57 7 8 0 0.00 M M 9.3 21 200 M M 5 1 27 190
17 71 45 58 9 7 0 0.20 M M 14.7 29 20 M M 8 13 37 10
18 54 40 47 -2 18 0 0.29 M M 7.0 17 10 M M 3 13 27 40
19 50 33 42 -7 23 0 0.00 M M 5.2 14 80 M M 0 8 18 90
20 56 36 46 -2 19 0 0.00 M M 4.3 12 150 M M 4 17 200
21 57 48 53 5 12 0 0.61 M M 5.6 13 220 M M 8 13 16 220
22 51 33 42 -6 23 0 0.00 M M 5.1 14 360 M M 0 18 350
23 52 30 41 -6 24 0 0.00 M M 6.1 15 150 M M 0 19 160
24 64 39 52 5 13 0 0.00 M M 13.1 23 180 M M 4 29 180
25 57 34 46 -1 19 0 0.10 M M 10.1 22 320 M M 7 13 28 320
26 44 27 36 -10 29 0 0.00 M M 4.5 12 210 M M 0 8 16 220
27 56 34 45 -1 20 0 0.00 M M 10.7 25 220 M M 0 31 220
28 58 34 46 0 19 0 0.00 M M 4.8 15 50 M M 0 8 20 50
29 57 31 44 -1 21 0 0.00 M M 7.9 18 220 M M 0 23 210
30 66 43 55 10 10 0 0.00 M M 4.8 9 240 M M 0 18 13 260
================================================================================
SM 1763 1123 500 0 2.00 M 206.3 M 67
================================================================================
AV 58.8 37.4 6.9 FASTST M M 2 MAX(MPH)
MISC ----> 29 20 # 37 260
================================================================================
NOTES:
# LAST OF SEVERAL OCCURRENCES
COLUMN 17 PEAK WIND IN M.P.H.
PRELIMINARY LOCAL CLIMATOLOGICAL DATA (WS FORM: F-6) , PAGE 2
STATION: JONESBORO
MONTH: NOVEMBER
YEAR: 2021
LATITUDE: 35 49 N
LONGITUDE: 90 39 W
[TEMPERATURE DATA] [PRECIPITATION DATA] SYMBOLS USED IN COLUMN 16
AVERAGE MONTHLY: 48.1 TOTAL FOR MONTH: 2.00 1 = FOG OR MIST
DPTR FM NORMAL: -1.9 DPTR FM NORMAL: -2.40 2 = FOG REDUCING VISIBILITY
HIGHEST: 71 ON 17, 8 GRTST 24HR 0.67 ON 10-11 TO 1/4 MILE OR LESS
LOWEST: 27 ON 26 3 = THUNDER
SNOW, ICE PELLETS, HAIL 4 = ICE PELLETS
TOTAL MONTH: M 5 = HAIL
GRTST 24HR M ON M 6 = FREEZING RAIN OR DRIZZLE
GRTST DEPTH: M ON M 7 = DUSTSTORM OR SANDSTORM:
VSBY 1/2 MILE OR LESS
8 = SMOKE OR HAZE
[NO. OF DAYS WITH] [WEATHER - DAYS WITH] 9 = BLOWING SNOW
X = TORNADO
MAX 32 OR BELOW: 0 0.01 INCH OR MORE: 7
MAX 90 OR ABOVE: 0 0.10 INCH OR MORE: 6
MIN 32 OR BELOW: 4 0.50 INCH OR MORE: 2
MIN 0 OR BELOW: 0 1.00 INCH OR MORE: 0
[HDD (BASE 65) ]
TOTAL THIS MO. 500 CLEAR (SCALE 0-3) 20
DPTR FM NORMAL 46 PTCLDY (SCALE 4-7) 10
TOTAL FM JUL 1 587 CLOUDY (SCALE 8-10) 0
DPTR FM NORMAL -37
[CDD (BASE 65) ]
TOTAL THIS MO. 0
DPTR FM NORMAL -5 [PRESSURE DATA]
TOTAL FM JAN 1 2036 HIGHEST SLP 30.57 ON 19
DPTR FM NORMAL 42 LOWEST SLP 29.77 ON 11
[REMARKS]
#FINAL-11-21#