000
CXUS54 KMEG 010900
CF6JBR
PRELIMINARY LOCAL CLIMATOLOGICAL DATA (WS FORM: F-6)
STATION: JONESBORO
MONTH: AUGUST
YEAR: 2021
LATITUDE: 35 49 N
LONGITUDE: 90 39 W
TEMPERATURE IN F: :PCPN: SNOW: WIND :SUNSHINE: SKY :PK WND
================================================================================
1 2 3 4 5 6A 6B 7 8 9 10 11 12 13 14 15 16 17 18
12Z AVG MX 2MIN
DY MAX MIN AVG DEP HDD CDD WTR SNW DPTH SPD SPD DIR MIN PSBL S-S WX SPD DR
================================================================================
1 84 70 77 -5 0 12 0.06 M M 4.3 13 30 M M 3 1 15 30
2 87 69 78 -3 0 13 T M M 7.6 16 80 M M 2 18 20 30
3 86 65 76 -5 0 11 0.00 M M 7.9 16 80 M M 2 21 70
4 87 64 76 -5 0 11 0.00 M M 6.0 16 40 M M 1 22 40
5 87 62 75 -6 0 10 0.00 M M 2.5 12 120 M M 1 14 150
6 89 65 77 -4 0 12 T M M 3.8 10 210 M M 1 3 13 170
7 92 66 79 -2 0 14 0.00 M M 5.5 14 180 M M 2 12 16 190
8 96 70 83 2 0 18 T M M 8.7 22 200 M M 3 13 29 310
9 96 76 86 5 0 21 0.00 M M 12.3 24 220 M M 1 28 210
10 96 77 87 6 0 22 0.00 M M 11.4 22 190 M M 1 28 220
11 98 77 88 7 0 23 0.00 M M 11.5 22 200 M M 0 29 200
12 98 76 87 6 0 22 0.00 M M 9.4 29 360 M M 0 3 39 350
13 89 71 80 -1 0 15 2.58 M M 5.0 32 40 M M 2 13 42 40
14 90 73 82 2 0 17 0.00 M M 5.8 12 40 M M 1 3 15 30
15 86 70 78 -2 0 13 0.00 M M 6.6 13 70 M M 1 16 60
16 88 69 79 -1 0 14 0.00 M M 5.2 12 90 M M 1 1 15 60
17 90 67 79 -1 0 14 0.00 M M 3.9 13 110 M M 0 16 100
18 79 71 75 -5 0 10 1.10 M M 4.0 10 190 M M 7 13 13 180
19 89 74 82 2 0 17 0.00 M M 4.6 13 220 M M 6 27 260
20 84 75 80 0 0 15 0.00 M M 6.9 14 220 M M 6 1 27 170
21 90 77 84 4 0 19 0.08 M M 6.2 15 260 M M 3 1 19 250
22 93 74 84 5 0 19 0.00 M M 3.3 9 310 M M 1 13 20
23 94 72 83 4 0 18 0.00 M M 3.0 9 140 M M 1 12 110
24 94 74 84 5 0 19 0.00 M M 3.7 12 140 M M 1 15 120
25 95 74 85 6 0 20 0.00 M M 3.6 9 120 M M 1 14 100
26 95 73 84 5 0 19 0.00 M M 3.5 9 70 M M 1 1 13 90
27 92 73 83 5 0 18 0.00 M M 3.8 14 240 M M 0 1 22 170
28 92 72 82 4 0 17 0.00 M M 3.8 10 120 M M 1 14 130
29 92 73 83 5 0 18 0.00 M M 4.7 28 160 M M 2 3 34 160
30 82 73 78 0 0 13 T M M 10.5 20 120 M M 1 25 100
31 92 72 82 4 0 17 0.00 M M 7.9 17 10 M M 1 26 10
================================================================================
SM 2802 2214 0 501 3.82 M 186.9 M 54
================================================================================
AV 90.4 71.4 6.0 FASTST M M 2 MAX(MPH)
MISC ----> 32 40 42 40
================================================================================
NOTES:
# LAST OF SEVERAL OCCURRENCES
COLUMN 17 PEAK WIND IN M.P.H.
PRELIMINARY LOCAL CLIMATOLOGICAL DATA (WS FORM: F-6) , PAGE 2
STATION: JONESBORO
MONTH: AUGUST
YEAR: 2021
LATITUDE: 35 49 N
LONGITUDE: 90 39 W
[TEMPERATURE DATA] [PRECIPITATION DATA] SYMBOLS USED IN COLUMN 16
AVERAGE MONTHLY: 80.9 TOTAL FOR MONTH: 3.82 1 = FOG OR MIST
DPTR FM NORMAL: 0.9 DPTR FM NORMAL: 0.41 2 = FOG REDUCING VISIBILITY
HIGHEST: 98 ON 12,11 GRTST 24HR 2.58 ON 13-13 TO 1/4 MILE OR LESS
LOWEST: 62 ON 5 3 = THUNDER
SNOW, ICE PELLETS, HAIL 4 = ICE PELLETS
TOTAL MONTH: M 5 = HAIL
GRTST 24HR M ON M 6 = FREEZING RAIN OR DRIZZLE
GRTST DEPTH: M ON M 7 = DUSTSTORM OR SANDSTORM:
VSBY 1/2 MILE OR LESS
8 = SMOKE OR HAZE
[NO. OF DAYS WITH] [WEATHER - DAYS WITH] 9 = BLOWING SNOW
X = TORNADO
MAX 32 OR BELOW: 0 0.01 INCH OR MORE: 4
MAX 90 OR ABOVE: 18 0.10 INCH OR MORE: 2
MIN 32 OR BELOW: 0 0.50 INCH OR MORE: 2
MIN 0 OR BELOW: 0 1.00 INCH OR MORE: 2
[HDD (BASE 65) ]
TOTAL THIS MO. 0 CLEAR (SCALE 0-3) 27
DPTR FM NORMAL 0 PTCLDY (SCALE 4-7) 4
TOTAL FM JUL 1 0 CLOUDY (SCALE 8-10) 0
DPTR FM NORMAL 0
[CDD (BASE 65) ]
TOTAL THIS MO. 501
DPTR FM NORMAL 36 [PRESSURE DATA]
TOTAL FM JAN 1 1613 HIGHEST SLP 30.17 ON 14
DPTR FM NORMAL -47 LOWEST SLP 29.66 ON 31
[REMARKS]
#FINAL-08-21#