000
CXUS53 KLSX 011400
CF6JEF
PRELIMINARY LOCAL CLIMATOLOGICAL DATA (WS FORM: F-6)
STATION: JEFFERSON CITY
MONTH: MARCH
YEAR: 2020
LATITUDE: 38 35 N
LONGITUDE: 92 10 W
TEMPERATURE IN F: :PCPN: SNOW: WIND :SUNSHINE: SKY :PK WND
================================================================================
1 2 3 4 5 6A 6B 7 8 9 10 11 12 13 14 15 16 17 18
12Z AVG MX 2MIN
DY MAX MIN AVG DEP HDD CDD WTR SNW DPTH SPD SPD DIR MIN PSBL S-S WX SPD DR
================================================================================
1 68 46 57 16 8 0 0.00 0.0 0 7.9 21 210 M M 4 28 180
2 54 41 48 7 17 0 0.00 0.0 0 5.1 15 340 M M 7 18 21 360
3 61 36 49 8 16 0 0.00 0.0 0 6.4 21 290 M M 1 8 29 310
4 57 39 48 6 17 0 0.00 0.0 0 4.4 16 340 M M 0 21 340
5 61 32 47 5 18 0 0.00 0.0 0 13.8 31 280 M M 0 47 300
6 55 31 43 1 22 0 0.00 0.0 0 7.3 24 310 M M 0 33 320
7 65 27 46 4 19 0 0.00 0.0 0 9.9 18 150 M M 0 23 150
8 73 45 59 16 6 0 0.00 0.0 0 10.8 23 180 M M 0 33 220
9 62 43 53 10 12 0 0.72 0.0 0 11.6 24 300 M M 10 18 33 290
10 45 39 42 -2 23 0 0.00 0.0 0 6.8 20 290 M M 9 26 290
11 66 39 53 9 12 0 0.00 0.0 0 2.7 9 140 M M 0 1 12 120
12 65 42 54 10 11 0 1.15 0.0 0 9.8 29 130 M M 5 13 35 130
13 50 39 45 0 20 0 0.00 0.0 0 6.4 15 350 M M 4 23 340
14 45 38 42 -3 23 0 0.47 0.0 0 8.4 22 100 M M 10 18 31 100
15 41 36 39 -6 26 0 0.00 0.0 0 8.5 16 50 M M 10 22 40
16 45 37 41 -5 24 0 0.02 0.0 0 2.7 13 110 M M 10 18 16 110
17 52 43 48 2 17 0 0.00 0.0 0 5.5 14 90 M M 8 1 17 100
18 65 43 54 8 11 0 0.34 0.0 0 6.2 15 270 M M 7 1 18 240
19 70 56 63 16 2 0 0.75 0.0 0 9.2 22 190 M M 5 13 33 180
20 65 30 48 1 17 0 0.00 0.0 0 9.5 23 300 M M 6 18 31 290
21 48 27 38 -9 27 0 0.00 0.0 0 6.5 17 90 M M 2 22 100
22 41 33 37 -11 28 0 0.65 M 0 8.7 18 80 M M 9 1 27 80
23 48 41 45 -3 20 0 0.00 0.0 0 5.5 12 80 M M 9 1 16 80
24 48 42 45 -3 20 0 0.38 0.0 0 5.8 16 70 M M 9 18 25 70
25 65 43 54 5 11 0 0.00 M M 9.1 16 150 M M 6 1 20 150
26 82 50 66 17 0 1 0.00 0.0 0 7.6 16 300 M M 0 23 300
27 82 55 69 19 0 4 M M 0 7.3 17 120 M M 6 13 26 330
28 80 57 69 19 0 4 M 0.0 0 13.8 31 260 M M 4 1 44 260
29 69 45 57 7 8 0 T 0.0 0 15.3 33 260 M M 3 49 260
30 69 39 54 3 11 0 0.00 0.0 0 3.5 10 60 M M 0 8 15 60
31 66 48 57 6 8 0 0.00 0.0 0 7.2 18 280 M M 0 29 300
================================================================================
SM 1863 1262 454 9 4.48 0.0 243.2 M 144
================================================================================
AV 60.1 40.7 7.8 FASTST M M 5 MAX(MPH)
MISC ----> 33 260 49 260
================================================================================
NOTES:
# LAST OF SEVERAL OCCURRENCES
COLUMN 17 PEAK WIND IN M.P.H.
PRELIMINARY LOCAL CLIMATOLOGICAL DATA (WS FORM: F-6) , PAGE 2
STATION: JEFFERSON CITY
MONTH: MARCH
YEAR: 2020
LATITUDE: 38 35 N
LONGITUDE: 92 10 W
[TEMPERATURE DATA] [PRECIPITATION DATA] SYMBOLS USED IN COLUMN 16
AVERAGE MONTHLY: 50.4 TOTAL FOR MONTH: 4.48 1 = FOG OR MIST
DPTR FM NORMAL: 4.7 DPTR FM NORMAL: 1.42 2 = FOG REDUCING VISIBILITY
HIGHEST: 82 ON 27,26 GRTST 24HR 1.15 ON 12-12 TO 1/4 MILE OR LESS
LOWEST: 27 ON 21, 7 3 = THUNDER
SNOW, ICE PELLETS, HAIL 4 = ICE PELLETS
TOTAL MONTH: 0.0 INCH 5 = HAIL
GRTST 24HR 0.0 6 = FREEZING RAIN OR DRIZZLE
GRTST DEPTH: 0 7 = DUSTSTORM OR SANDSTORM:
VSBY 1/2 MILE OR LESS
8 = SMOKE OR HAZE
[NO. OF DAYS WITH] [WEATHER - DAYS WITH] 9 = BLOWING SNOW
X = TORNADO
MAX 32 OR BELOW: 0 0.01 INCH OR MORE: 8
MAX 90 OR ABOVE: 0 0.10 INCH OR MORE: 7
MIN 32 OR BELOW: 5 0.50 INCH OR MORE: 4
MIN 0 OR BELOW: 0 1.00 INCH OR MORE: 1
[HDD (BASE 65) ]
TOTAL THIS MO. 454 CLEAR (SCALE 0-3) 12
DPTR FM NORMAL -148 PTCLDY (SCALE 4-7) 10
TOTAL FM JUL 1 3842 CLOUDY (SCALE 8-10) 9
DPTR FM NORMAL -419
[CDD (BASE 65) ]
TOTAL THIS MO. 9
DPTR FM NORMAL 5 [PRESSURE DATA]
TOTAL FM JAN 1 9 HIGHEST SLP 30.58 ON 15
DPTR FM NORMAL 5 LOWEST SLP 29.43 ON 28
[REMARKS]
#FINAL-03-20#