000
CXUS53 KSGF 010710
CF6JLN
PRELIMINARY LOCAL CLIMATOLOGICAL DATA (WS FORM: F-6)
STATION: JOPLIN MO
MONTH: JULY
YEAR: 2023
LATITUDE: 37 10 N
LONGITUDE: 94 30 W
TEMPERATURE IN F: :PCPN: SNOW: WIND :SUNSHINE: SKY :PK WND
================================================================================
1 2 3 4 5 6A 6B 7 8 9 10 11 12 13 14 15 16 17 18
12Z AVG MX 2MIN
DY MAX MIN AVG DEP HDD CDD WTR SNW DPTH SPD SPD DIR MIN PSBL S-S WX SPD DR
================================================================================
1 90 73 82 3 0 17 0.03 M M 10.4 26 280 M M 3 38 280
2 90 67 79 0 0 14 0.00 M M 7.9 13 290 M M 3 8 90 300
3 93 68 81 2 0 16 0.00 M M 5.0 15 270 M M 3 8 20 250
4 95 67 81 2 0 16 0.00 M M 5.8 14 190 M M 1 8 19 230
5 84 70 77 -2 0 12 0.09 M M 6.5 28 350 M M 5 3 40 340
6 85 67 76 -3 0 11 0.00 M M 4.3 13 30 M M 4 17 40
7 88 66 77 -2 0 12 M M M 8.8 16 210 M M 6 18 190
8 87 66 77 -3 0 12 T M M 8.3 20 290 M M 4 28 290
9 87 64 76 -4 0 11 0.00 M M 6.6 14 360 M M 2 20 70
10 92 59 76 -4 0 11 0.00 M M 5.8 15 240 M M 1 20 220
11 95 71 83 3 0 18 0.00 M M 8.3 15 200 M M 3 21 180
12 102 71 87 7 0 22 0.04 M M 10.7 37 330 M M 2 3 63 320
13 96 72 84 4 0 19 0.16 M M 5.0 38 340 M M 3 13 56 330
14 94 69 82 2 0 17 0.36 M M 9.4 38 320 M M 3 13 54 300
15 91 67 79 -1 0 14 0.00 M M 4.4 15 310 M M 2 18 21 330
16 95 69 82 2 0 17 0.00 M M 6.8 17 210 M M 2 1 23 230
17 90 74 82 2 0 17 T M M 9.4 17 210 M M 3 22 220
18 101 73 87 7 0 22 0.00 M M 10.9 22 230 M M 3 27 220
19 97 82 90 10 0 25 0.00 M M 11.1 28 220 M M 3 39 210
20 93 73 83 3 0 18 0.20 M M 6.4 16 280 M M 3 13 23 270
21 82 66 74 -6 0 9 0.39 M M 5.7 28 250 M M 4 13 36 250
22 87 62 75 -5 0 10 0.00 M M 2.1 10 330 M M 1 1 16 300
23 93 70 82 2 0 17 0.00 M M 9.5 15 220 M M 0 22 260
24 93 74 84 4 0 19 T M M 11.4 20 210 M M 2 33 20
25 100 74 87 7 0 22 0.00 M M 15.1 25 200 M M 2 35 210
26 98 82 90 10 0 25 0.00 M M 17.0 26 230 M M 3 35 240
27 99 75 87 7 0 22 T M M 12.7 24 210 M M 3 32 200
28 99 80 90 10 0 25 0.00 M M 13.7 24 210 M M 2 33 210
29 100 76 88 8 0 23 T M M 7.9 20 220 M M 2 25 230
30 101 70 86 6 0 21 0.68 M M 6.7 46 360 M M 2 13 64 10
31 94 70 82 2 0 17 T M M 7.8 16 120 M M 2 3 22 100
================================================================================
SM 2891 2187 0 531 1.95 M 261.4 M 82
================================================================================
AV 93.3 70.5 8.4 FASTST M M 3 MAX(MPH)
MISC ----> 46 360 90 300
================================================================================
NOTES:
# LAST OF SEVERAL OCCURRENCES
COLUMN 17 PEAK WIND IN M.P.H.
PRELIMINARY LOCAL CLIMATOLOGICAL DATA (WS FORM: F-6) , PAGE 2
STATION: JOPLIN MO
MONTH: JULY
YEAR: 2023
LATITUDE: 37 10 N
LONGITUDE: 94 30 W
[TEMPERATURE DATA] [PRECIPITATION DATA] SYMBOLS USED IN COLUMN 16
AVERAGE MONTHLY: 81.9 TOTAL FOR MONTH: 1.95 1 = FOG OR MIST
DPTR FM NORMAL: 2.0 DPTR FM NORMAL: -2.02 2 = FOG REDUCING VISIBILITY
HIGHEST: 102 ON 12 GRTST 24HR 0.68 ON 30-30 TO 1/4 MILE OR LESS
LOWEST: 59 ON 10 3 = THUNDER
SNOW, ICE PELLETS, HAIL 4 = ICE PELLETS
TOTAL MONTH: M 5 = HAIL
GRTST 24HR M ON M 6 = FREEZING RAIN OR DRIZZLE
GRTST DEPTH: M ON M 7 = DUSTSTORM OR SANDSTORM:
VSBY 1/2 MILE OR LESS
8 = SMOKE OR HAZE
[NO. OF DAYS WITH] [WEATHER - DAYS WITH] 9 = BLOWING SNOW
X = TORNADO
MAX 32 OR BELOW: 0 0.01 INCH OR MORE: 8
MAX 90 OR ABOVE: 24 0.10 INCH OR MORE: 5
MIN 32 OR BELOW: 0 0.50 INCH OR MORE: 1
MIN 0 OR BELOW: 0 1.00 INCH OR MORE: 0
[HDD (BASE 65) ]
TOTAL THIS MO. 0 CLEAR (SCALE 0-3) 22
DPTR FM NORMAL 0 PTCLDY (SCALE 4-7) 9
TOTAL FM JUL 1 0 CLOUDY (SCALE 8-10) 0
DPTR FM NORMAL 0
[CDD (BASE 65) ]
TOTAL THIS MO. 531
DPTR FM NORMAL 69 [PRESSURE DATA]
TOTAL FM JAN 1 1071 HIGHEST SLP M ON M
DPTR FM NORMAL 115 LOWEST SLP 29.71 ON 12
[REMARKS]
#FINAL-07-23#