000
CXUS54 KOUN 010700
CF6LAW
PRELIMINARY LOCAL CLIMATOLOGICAL DATA (WS FORM: F-6)
STATION: LAWTON
MONTH: JUNE
YEAR: 2020
LATITUDE: 34 34 N
LONGITUDE: 98 25 W
TEMPERATURE IN F: :PCPN: SNOW: WIND :SUNSHINE: SKY :PK WND
================================================================================
1 2 3 4 5 6A 6B 7 8 9 10 11 12 13 14 15 16 17 18
12Z AVG MX 2MIN
DY MAX MIN AVG DEP HDD CDD WTR SNW DPTH SPD SPD DIR MIN PSBL S-S WX SPD DR
================================================================================
1 88 62 75 -1 0 10 0.00 0.0 0 7.3 17 140 M M 1 24 140
2 91 67 79 2 0 14 0.00 0.0 0 8.5 20 170 M M 2 24 160
3 95 67 81 4 0 16 0.00 0.0 0 8.3 17 180 M M 1 25 170
4 102 68 85 8 0 20 0.09 0.0 0 8.1 39 350 M M 1 13 50 340
5 97 68 83 6 0 18 0.00 0.0 0 7.0 22 170 M M 0 27 180
6 96 72 84 6 0 19 0.00 0.0 0 8.1 17 120 M M 0 22 140
7 92 71 82 4 0 17 0.00 0.0 0 10.0 18 120 M M 0 24 140
8 96 67 82 4 0 17 0.00 0.0 0 5.6 13 110 M M 0 1 16 110
9 87 63 75 -3 0 10 0.00 0.0 0 12.9 24 310 M M 5 8 41 300
10 88 53 71 -8 0 6 0.00 0.0 0 10.1 21 340 M M 0 32 360
11 93 52 73 -6 0 8 0.00 0.0 0 5.7 16 170 M M 0 23 160
12 93 57 75 -4 0 10 0.00 0.0 0 6.4 18 170 M M 0 25 160
13 95 58 77 -2 0 12 0.00 0.0 0 7.7 17 160 M M 0 24 160
14 94 62 78 -1 0 13 0.00 0.0 0 7.9 20 130 M M 0 26 140
15 95 59 77 -3 0 12 0.00 0.0 0 8.2 18 170 M M 1 24 160
16 96 68 82 2 0 17 0.00 0.0 0 10.4 20 140 M M 2 27 190
17 96 72 84 4 0 19 0.00 0.0 0 13.8 24 170 M M 0 31 170
18 96 75 86 6 0 21 0.00 0.0 0 14.8 25 140 M M 1 32 130
19 91 66 79 -1 0 14 3.28 0.0 0 13.0 40 140 M M 4 123 67 130
20 87 66 77 -3 0 12 0.01 0.0 0 7.5 21 140 M M 1 27 130
21 88 64 76 -5 0 11 0.79 0.0 0 10.9 45 10 M M 2 13 60 10
22 90 64 77 -4 0 12 0.94 0.0 0 5.1 22 350 M M 2 13 29 350
23 88 69 79 -2 0 14 0.91 0.0 0 8.1 22 330 M M 1 13 30 310
24 89 62 76 -5 0 11 0.00 0.0 0 3.5 13 120 M M 0 1 16 130
25 92 66 79 -2 0 14 0.00 0.0 0 6.1 15 140 M M 0 1 21 180
26 95 71 83 1 0 18 0.00 0.0 0 9.9 18 170 M M 1 1 25 210
27 93 71 82 0 0 17 0.00 0.0 0 12.7 24 180 M M 1 31 180
28 90 75 83 1 0 18 0.00 0.0 0 16.3 26 170 M M 3 8 34 180
29 95 77 86 4 0 21 0.00 0.0 0 16.1 26 170 M M 4 34 170
30 98 75 87 5 0 22 0.00 0.0 0 12.5 26 170 M M 1 34 170
================================================================================
SM 2786 1987 0 443 6.02 0.0 282.5 M 34
================================================================================
AV 92.9 66.2 9.4 FASTST M M 1 MAX(MPH)
MISC ----> # 45 10 # 67 130
================================================================================
NOTES:
# LAST OF SEVERAL OCCURRENCES
COLUMN 17 PEAK WIND IN M.P.H.
PRELIMINARY LOCAL CLIMATOLOGICAL DATA (WS FORM: F-6) , PAGE 2
STATION: LAWTON
MONTH: JUNE
YEAR: 2020
LATITUDE: 34 34 N
LONGITUDE: 98 25 W
[TEMPERATURE DATA] [PRECIPITATION DATA] SYMBOLS USED IN COLUMN 16
AVERAGE MONTHLY: 79.6 TOTAL FOR MONTH: 6.02 1 = FOG OR MIST
DPTR FM NORMAL: 0.1 DPTR FM NORMAL: 2.07 2 = FOG REDUCING VISIBILITY
HIGHEST: 102 ON 4 GRTST 24HR 3.28 ON 19-19 TO 1/4 MILE OR LESS
LOWEST: 52 ON 11 3 = THUNDER
SNOW, ICE PELLETS, HAIL 4 = ICE PELLETS
TOTAL MONTH: 0.0 INCH 5 = HAIL
GRTST 24HR 0.0 6 = FREEZING RAIN OR DRIZZLE
GRTST DEPTH: 0 7 = DUSTSTORM OR SANDSTORM:
VSBY 1/2 MILE OR LESS
8 = SMOKE OR HAZE
[NO. OF DAYS WITH] [WEATHER - DAYS WITH] 9 = BLOWING SNOW
X = TORNADO
MAX 32 OR BELOW: 0 0.01 INCH OR MORE: 6
MAX 90 OR ABOVE: 23 0.10 INCH OR MORE: 4
MIN 32 OR BELOW: 0 0.50 INCH OR MORE: 4
MIN 0 OR BELOW: 0 1.00 INCH OR MORE: 1
[HDD (BASE 65) ]
TOTAL THIS MO. 0 CLEAR (SCALE 0-3) 27
DPTR FM NORMAL 0 PTCLDY (SCALE 4-7) 3
TOTAL FM JUL 1 3078 CLOUDY (SCALE 8-10) 0
DPTR FM NORMAL -72
[CDD (BASE 65) ]
TOTAL THIS MO. 443
DPTR FM NORMAL 6 [PRESSURE DATA]
TOTAL FM JAN 1 720 HIGHEST SLP M ON M
DPTR FM NORMAL -10 LOWEST SLP 29.45 ON 9
[REMARKS]
#FINAL-06-20#