000
CXUS54 KLUB 191337
CF6LBB
PRELIMINARY LOCAL CLIMATOLOGICAL DATA (WS FORM: F-6)
STATION: LUBBOCK
MONTH: OCTOBER
YEAR: 2020
LATITUDE: 33 39 N
LONGITUDE: 101 49 W
TEMPERATURE IN F: :PCPN: SNOW: WIND :SUNSHINE: SKY :PK WND
================================================================================
1 2 3 4 5 6A 6B 7 8 9 10 11 12 13 14 15 16 17 18
12Z AVG MX 2MIN
DY MAX MIN AVG DEP HDD CDD WTR SNW DPTH SPD SPD DIR MIN PSBL S-S WX SPD DR
================================================================================
1 78 53 66 0 0 1 0.00 0.0 0 13.0 24 90 M M 1 31 90
2 82 44 63 -3 2 0 0.00 0.0 0 12.5 24 190 M M 5 30 210
3 82 50 66 0 0 1 0.00 0.0 0 11.5 24 40 M M 2 31 50
4 78 48 63 -2 2 0 0.00 0.0 0 9.8 17 150 M M 2 22 160
5 91 51 71 6 0 6 0.00 0.0 0 11.4 20 200 M M 0 25 200
6 91 50 71 6 0 6 0.00 0.0 0 8.4 17 90 M M 0 21 70
7 91 52 72 8 0 7 0.00 0.0 0 9.1 17 190 M M 1 23 190
8 86 54 70 6 0 5 0.00 0.0 0 11.2 23 180 M M 0 31 190
9 91 53 72 8 0 7 0.00 0.0 0 10.6 17 200 M M 0 23 220
10 98 54 76 12 0 11 0.00 0.0 0 8.4 16 170 M M 0 22 270
11 96 50 73 10 0 8 0.00 0.0 0 14.1 32 250 M M 0 8 39 220
12 77 50 64 1 1 0 0.00 0.0 0 9.6 25 20 M M 1 8 34 20
13 91 52 72 9 0 7 0.00 0.0 0 11.0 21 230 M M 1 26 250
14 97 56 77 15 0 12 0.00 0.0 0 15.2 35 260 M M 1 8 43 260
15 70 48 59 -3 6 0 0.00 0.0 0 17.0 29 20 M M 1 8 39 20
16 68 37 53 -9 12 0 0.00 0.0 0 11.8 21 190 M M 1 26 190
17 93 51 72 11 0 7 0.00 0.0 0 14.8 29 260 M M 0 36 270
18 67 43 55 -6 10 0 0.00 0.0 0 11.5 22 40 M M 5 28 40
19 69 43 56 -5 9 0 T 0.0 0 7.7 15 120 M M 6 18 23 150
20 87 45 66 6 0 1 0.01 0.0 0 10.5 20 170 M M 4 12 26 180
21 86 55 71 11 0 6 0.00 0.0 0 14.3 25 170 M M 2 1 33 160
22 89 60 75 15 0 10 0.00 0.0 0 14.8 23 210 M M 2 29 210
23 70 36 53 -6 12 0 0.00 0.0 0 18.2 33 20 M M 7 42 10
24 71 31 51 -8 14 0 0.00 0.0 0 11.1 23 210 M M 4 29 220
25 61 33 47 -12 18 0 T 0.0 0 14.8 26 30 M M 8 1 33 30
26 33 23 28 -30 37 0 0.05 T T 19.3 26 30 M M 10 136 33 20
27 33 22 28 -30 37 0 0.62 0.6 T 14.2 25 30 M M 10 13456 32 40
28 38 31 35 -23 30 0 0.10 T T 12.9 35 340 M M 10 1456 43 340
29 59 37 48 -9 17 0 0.00 0.0 0 13.0 39 350 M M 2 50 350
30 67 36 52 -5 13 0 0.00 0.0 0 8.5 17 170 M M 2 21 170
31 81 40 61 5 4 0 0.00 0.0 0 12.0 22 320 M M 5 32 310
================================================================================
SM 2371 1388 224 95 0.78 0.6 382.2 M 93
================================================================================
AV 76.5 44.8 12.3 FASTST M M 3 MAX(MPH)
MISC ----> 39 350 50 350
================================================================================
NOTES:
# LAST OF SEVERAL OCCURRENCES
COLUMN 17 PEAK WIND IN M.P.H.
PRELIMINARY LOCAL CLIMATOLOGICAL DATA (WS FORM: F-6) , PAGE 2
STATION: LUBBOCK
MONTH: OCTOBER
YEAR: 2020
LATITUDE: 33 39 N
LONGITUDE: 101 49 W
[TEMPERATURE DATA] [PRECIPITATION DATA] SYMBOLS USED IN COLUMN 16
AVERAGE MONTHLY: 60.6 TOTAL FOR MONTH: 0.78 1 = FOG OR MIST
DPTR FM NORMAL: -0.9 DPTR FM NORMAL: -1.15 2 = FOG REDUCING VISIBILITY
HIGHEST: 98 ON 10 GRTST 24HR 0.62 ON 27-27 TO 1/4 MILE OR LESS
LOWEST: 22 ON 27 3 = THUNDER
SNOW, ICE PELLETS, HAIL 4 = ICE PELLETS
TOTAL MONTH: 0.6 INCH 5 = HAIL
GRTST 24HR 0.6 ON 27-27 6 = FREEZING RAIN OR DRIZZLE
GRTST DEPTH: T 7 = DUSTSTORM OR SANDSTORM:
VSBY 1/2 MILE OR LESS
8 = SMOKE OR HAZE
[NO. OF DAYS WITH] [WEATHER - DAYS WITH] 9 = BLOWING SNOW
X = TORNADO
MAX 32 OR BELOW: 0 0.01 INCH OR MORE: 4
MAX 90 OR ABOVE: 9 0.10 INCH OR MORE: 2
MIN 32 OR BELOW: 4 0.50 INCH OR MORE: 1
MIN 0 OR BELOW: 0 1.00 INCH OR MORE: 0
[HDD (BASE 65) ]
TOTAL THIS MO. 224 CLEAR (SCALE 0-3) 20
DPTR FM NORMAL 65 PTCLDY (SCALE 4-7) 7
TOTAL FM JUL 1 276 CLOUDY (SCALE 8-10) 4
DPTR FM NORMAL 94
[CDD (BASE 65) ]
TOTAL THIS MO. 95
DPTR FM NORMAL 43 [PRESSURE DATA]
TOTAL FM JAN 1 2301 HIGHEST SLP 30.39 ON 16
DPTR FM NORMAL 500 LOWEST SLP 29.63 ON 11
[REMARKS]
#FINAL-10-20#