000
CXUS54 KLUB 010755
CF6LBB
PRELIMINARY LOCAL CLIMATOLOGICAL DATA (WS FORM: F-6)
STATION: LUBBOCK
MONTH: MAY
YEAR: 2020
LATITUDE: 33 39 N
LONGITUDE: 101 49 W
TEMPERATURE IN F: :PCPN: SNOW: WIND :SUNSHINE: SKY :PK WND
================================================================================
1 2 3 4 5 6A 6B 7 8 9 10 11 12 13 14 15 16 17 18
12Z AVG MX 2MIN
DY MAX MIN AVG DEP HDD CDD WTR SNW DPTH SPD SPD DIR MIN PSBL S-S WX SPD DR
================================================================================
1 101 66 84 19 0 19 0.00 0.0 0 14.6 25 190 M M 6 33 200
2 100 68 84 18 0 19 0.00 0.0 0 17.4 33 260 M M 1 41 270
3 96 59 78 12 0 13 0.00 0.0 0 11.8 22 230 M M 1 28 220
4 99 68 84 18 0 19 0.00 0.0 0 13.6 29 70 M M 2 38 60
5 77 56 67 0 0 2 0.00 0.0 0 14.8 33 40 M M 2 42 50
6 83 48 66 -1 0 1 0.00 0.0 0 12.2 23 130 M M 1 29 130
7 99 60 80 13 0 15 0.00 0.0 0 18.2 40 360 M M 7 8 51 10
8 73 47 60 -8 5 0 0.00 0.0 0 20.8 45 10 M M 3 8 59 20
9 77 42 60 -8 5 0 0.00 0.0 0 10.4 20 130 M M 2 24 130
10 78 51 65 -3 0 0 0.00 0.0 0 11.2 23 150 M M 7 30 170
11 80 53 67 -1 0 2 0.42 0.0 0 17.8 30 160 M M 9 13 36 150
12 72 56 64 -5 1 0 0.00 0.0 0 12.5 24 110 M M 6 1 28 120
13 91 57 74 5 0 9 0.51 0.0 0 14.0 31 280 M M 7 1235 44 240
14 92 57 75 6 0 10 0.00 0.0 0 10.4 25 240 M M 5 35 250
15 92 59 76 6 0 11 T 0.0 0 10.8 43 140 M M 8 378 52 140
16 81 55 68 -2 0 3 T 0.0 0 10.2 28 100 M M 5 35 100
17 86 59 73 3 0 8 0.00 0.0 0 7.7 18 140 M M 3 22 170
18 99 62 81 11 0 16 0.00 0.0 0 11.7 20 180 M M 4 25 170
19 100 69 85 14 0 20 0.06 0.0 0 12.0 33 200 M M 2 3 43 210
20 91 65 78 7 0 13 0.42 0.0 0 13.4 39 100 M M 7 358 47 90
21 94 63 79 8 0 14 0.00 0.0 0 14.1 25 220 M M 3 31 240
22 93 54 74 2 0 9 0.00 0.0 0 5.9 18 320 M M 1 21 330
23 91 60 76 4 0 11 0.43 0.0 0 17.1 46 150 M M 4 1357 63 150
24 87 59 73 1 0 8 0.22 0.0 0 14.5 43 270 M M 4 35 49 270
25 72 53 63 -9 2 0 T 0.0 0 14.0 28 340 M M 8 33 360
26 80 49 65 -8 0 0 T 0.0 0 7.8 18 240 M M 5 25 320
27 89 57 73 0 0 8 0.00 0.0 0 11.5 22 30 M M 6 26 30
28 87 59 73 0 0 8 T 0.0 0 11.8 22 40 M M 5 28 10
29 85 57 71 -3 0 6 0.00 0.0 0 8.0 21 140 M M 2 28 140
30 88 60 74 0 0 9 0.00 0.0 0 12.5 22 150 M M 4 33 140
31 85 57 71 -3 0 6 0.00 0.0 0 10.9 21 130 M M 5 26 170
================================================================================
SM 2718 1785 13 259 2.06 0.0 393.6 M 135
================================================================================
AV 87.7 57.6 12.7 FASTST M M 4 MAX(MPH)
MISC ----> # 46 150 # 63 150
================================================================================
NOTES:
# LAST OF SEVERAL OCCURRENCES
COLUMN 17 PEAK WIND IN M.P.H.
PRELIMINARY LOCAL CLIMATOLOGICAL DATA (WS FORM: F-6) , PAGE 2
STATION: LUBBOCK
MONTH: MAY
YEAR: 2020
LATITUDE: 33 39 N
LONGITUDE: 101 49 W
[TEMPERATURE DATA] [PRECIPITATION DATA] SYMBOLS USED IN COLUMN 16
AVERAGE MONTHLY: 72.6 TOTAL FOR MONTH: 2.06 1 = FOG OR MIST
DPTR FM NORMAL: 2.8 DPTR FM NORMAL: -0.24 2 = FOG REDUCING VISIBILITY
HIGHEST: 101 ON 1 GRTST 24HR 0.51 ON 13-13 TO 1/4 MILE OR LESS
LOWEST: 42 ON 9 3 = THUNDER
SNOW, ICE PELLETS, HAIL 4 = ICE PELLETS
TOTAL MONTH: 0.0 INCH 5 = HAIL
GRTST 24HR 0.0 6 = FREEZING RAIN OR DRIZZLE
GRTST DEPTH: 0 7 = DUSTSTORM OR SANDSTORM:
VSBY 1/2 MILE OR LESS
8 = SMOKE OR HAZE
[NO. OF DAYS WITH] [WEATHER - DAYS WITH] 9 = BLOWING SNOW
X = TORNADO
MAX 32 OR BELOW: 0 0.01 INCH OR MORE: 6
MAX 90 OR ABOVE: 14 0.10 INCH OR MORE: 5
MIN 32 OR BELOW: 0 0.50 INCH OR MORE: 1
MIN 0 OR BELOW: 0 1.00 INCH OR MORE: 0
[HDD (BASE 65) ]
TOTAL THIS MO. 13 CLEAR (SCALE 0-3) 11
DPTR FM NORMAL -27 PTCLDY (SCALE 4-7) 19
TOTAL FM JUL 1 3153 CLOUDY (SCALE 8-10) 1
DPTR FM NORMAL -224
[CDD (BASE 65) ]
TOTAL THIS MO. 259
DPTR FM NORMAL 69 [PRESSURE DATA]
TOTAL FM JAN 1 330 HIGHEST SLP M ON M
DPTR FM NORMAL 84 LOWEST SLP 29.50 ON 7
[REMARKS]
#FINAL-05-20#