000
CXUS54 KLUB 010755
CF6LBB
PRELIMINARY LOCAL CLIMATOLOGICAL DATA (WS FORM: F-6)
STATION: LUBBOCK
MONTH: MARCH
YEAR: 2020
LATITUDE: 33 39 N
LONGITUDE: 101 49 W
TEMPERATURE IN F: :PCPN: SNOW: WIND :SUNSHINE: SKY :PK WND
================================================================================
1 2 3 4 5 6A 6B 7 8 9 10 11 12 13 14 15 16 17 18
12Z AVG MX 2MIN
DY MAX MIN AVG DEP HDD CDD WTR SNW DPTH SPD SPD DIR MIN PSBL S-S WX SPD DR
================================================================================
1 75 39 57 9 8 0 0.00 0.0 0 15.8 28 260 M M 5 34 260
2 69 44 57 9 8 0 0.00 0.0 0 8.2 21 340 M M 7 23 340
3 57 46 52 4 13 0 0.07 0.0 0 8.9 16 80 M M 9 20 10
4 53 39 46 -3 19 0 0.44 0.0 0 10.2 26 50 M M 8 32 50
5 64 36 50 1 15 0 0.00 0.0 0 15.5 33 50 M M 0 41 50
6 63 32 48 -1 17 0 0.00 0.0 0 10.0 21 180 M M 3 26 150
7 69 34 52 2 13 0 0.00 0.0 0 16.0 28 170 M M 2 34 180
8 62 50 56 6 9 0 0.47 0.0 0 17.3 32 180 M M 10 1 40 180
9 69 49 59 9 6 0 0.04 0.0 0 11.2 28 300 M M 4 35 290
10 78 44 61 11 4 0 0.00 0.0 0 11.3 23 210 M M 7 30 250
11 77 51 64 14 1 0 0.00 0.0 0 8.3 15 250 M M 7 19 250
12 77 53 65 14 0 0 0.04 0.0 0 10.9 21 240 M M 8 25 230
13 58 43 51 0 14 0 0.38 0.0 0 13.8 23 80 M M 10 123 27 90
14 69 43 56 5 9 0 T 0.0 0 8.4 22 110 M M 7 12 26 130
15 49 41 45 -7 20 0 0.13 0.0 0 11.9 21 80 M M 10 13 25 80
16 65 42 54 2 11 0 T 0.0 0 6.1 17 160 M M 9 12 19 160
17 60 51 56 4 9 0 0.53 0.0 0 12.2 22 60 M M 10 1235 27 100
18 71 48 60 8 5 0 0.25 0.0 0 8.5 16 330 M M 5 1235 21 220
19 67 50 59 6 6 0 T 0.0 0 20.9 38 260 M M 5 44 260
20 51 34 43 -10 22 0 0.00 0.0 0 15.2 33 360 M M 5 42 360
21 43 35 39 -14 26 0 0.02 0.0 0 8.0 17 110 M M 10 1 21 120
22 69 41 55 2 10 0 T 0.0 0 10.4 18 280 M M 10 1 22 280
23 81 48 65 11 0 0 0.00 0.0 0 10.2 26 200 M M 8 32 200
24 75 48 62 8 3 0 0.00 0.0 0 12.0 31 300 M M 2 36 300
25 89 41 65 11 0 0 0.00 0.0 0 12.3 25 240 M M 4 34 240
26 92 59 76 22 0 11 0.00 0.0 0 15.4 29 240 M M 5 34 240
27 80 55 68 13 0 3 0.00 0.0 0 14.6 33 290 M M 8 42 280
28 67 43 55 0 10 0 0.00 0.0 0 20.5 39 290 M M 2 48 290
29 69 34 52 -3 13 0 0.00 0.0 0 10.5 22 150 M M 6 27 140
30 78 46 62 6 3 0 0.00 0.0 0 13.2 35 280 M M 5 40 270
31 73 40 57 1 8 0 0.00 0.0 0 11.2 24 140 M M 4 1 27 140
================================================================================
SM 2119 1359 282 14 2.37 0.0 378.9 M 195
================================================================================
AV 68.4 43.8 12.2 FASTST M M 6 MAX(MPH)
MISC ----> # 39 290 # 48 290
================================================================================
NOTES:
# LAST OF SEVERAL OCCURRENCES
COLUMN 17 PEAK WIND IN M.P.H.
PRELIMINARY LOCAL CLIMATOLOGICAL DATA (WS FORM: F-6) , PAGE 2
STATION: LUBBOCK
MONTH: MARCH
YEAR: 2020
LATITUDE: 33 39 N
LONGITUDE: 101 49 W
[TEMPERATURE DATA] [PRECIPITATION DATA] SYMBOLS USED IN COLUMN 16
AVERAGE MONTHLY: 56.1 TOTAL FOR MONTH: 2.37 1 = FOG OR MIST
DPTR FM NORMAL: 4.2 DPTR FM NORMAL: 1.27 2 = FOG REDUCING VISIBILITY
HIGHEST: 92 ON 26 GRTST 24HR 0.53 ON 17-17 TO 1/4 MILE OR LESS
LOWEST: 32 ON 6 3 = THUNDER
SNOW, ICE PELLETS, HAIL 4 = ICE PELLETS
TOTAL MONTH: 0.0 INCH 5 = HAIL
GRTST 24HR 0.0 6 = FREEZING RAIN OR DRIZZLE
GRTST DEPTH: 0 7 = DUSTSTORM OR SANDSTORM:
VSBY 1/2 MILE OR LESS
8 = SMOKE OR HAZE
[NO. OF DAYS WITH] [WEATHER - DAYS WITH] 9 = BLOWING SNOW
X = TORNADO
MAX 32 OR BELOW: 0 0.01 INCH OR MORE: 10
MAX 90 OR ABOVE: 1 0.10 INCH OR MORE: 6
MIN 32 OR BELOW: 1 0.50 INCH OR MORE: 1
MIN 0 OR BELOW: 0 1.00 INCH OR MORE: 0
[HDD (BASE 65) ]
TOTAL THIS MO. 282 CLEAR (SCALE 0-3) 4
DPTR FM NORMAL -133 PTCLDY (SCALE 4-7) 17
TOTAL FM JUL 1 2968 CLOUDY (SCALE 8-10) 10
DPTR FM NORMAL -186
[CDD (BASE 65) ]
TOTAL THIS MO. 14
DPTR FM NORMAL 7 [PRESSURE DATA]
TOTAL FM JAN 1 14 HIGHEST SLP M ON M
DPTR FM NORMAL 7 LOWEST SLP 26.68 ON 31
[REMARKS]
#FINAL-03-20#