000
CXUS52 KILM 011000
CF6LBT
PRELIMINARY LOCAL CLIMATOLOGICAL DATA (WS FORM: F-6)
STATION: LUMBERTON NORTH CAROLINA
MONTH: JUNE
YEAR: 2023
LATITUDE: 34 35 N
LONGITUDE: 79 4 W
TEMPERATURE IN F: :PCPN: SNOW: WIND :SUNSHINE: SKY :PK WND
================================================================================
1 2 3 4 5 6A 6B 7 8 9 10 11 12 13 14 15 16 17 18
12Z AVG MX 2MIN
DY MAX MIN AVG DEP HDD CDD WTR SNW DPTH SPD SPD DIR MIN PSBL S-S WX SPD DR
================================================================================
1 81 62 72 -4 0 7 0.00 M M 6.8 16 20 M M 4 1 22 20
2 87 65 76 0 0 11 0.00 M M 7.1 16 20 M M 7 21 20
3 92 62 77 1 0 12 0.00 M M 6.8 15 70 M M 1 1 23 50
4 73 62 68 -8 0 3 0.00 M M 9.8 20 30 M M 5 26 20
5 82 58 70 -6 0 5 0.00 M M 4.2 10 290 M M 4 13 40
6 88 59 74 -3 0 9 T M M 4.8 14 240 M M 2 1 19 220
7 89 58 74 -3 0 9 0.46 M M 6.1 21 20 M M 3 18 25 20
8 83 57 70 -7 0 5 0.01 M M 4.8 16 270 M M 4 18 22 320
9 85 55 70 -8 0 5 0.00 M M 4.3 15 310 M M 2 18 21 280
10 89 52 71 -7 0 6 0.00 M M 2.7 12 180 M M 0 18 16 230
11 91 57 74 -4 0 9 0.37 M M 5.5 15 230 M M 3 138 24 180
12 88 67 78 0 0 13 0.22 M M 7.4 17 330 M M 6 13 26 210
13 86 64 75 -3 0 10 0.00 M M 4.5 14 230 M M 3 18 290
14 86 63 75 -4 0 10 0.00 M M 11.6 25 230 M M 2 34 230
15 88 68 78 -1 0 13 0.00 M M 6.7 16 240 M M 3 21 230
16 90 67 79 0 0 14 0.00 M M 8.0 17 250 M M 2 26 170
17 88 61 75 -4 0 10 0.00 M M 5.3 15 350 M M 0 22 360
18 92 61 77 -3 0 12 T M M 4.7 16 240 M M 2 18 20 230
19 91 71 81 1 0 16 0.18 M M 5.5 25 240 M M 4 138 34 240
20 84 71 78 -2 0 13 1.73 M M 7.6 18 190 M M 7 13 23 210
21 76 70 73 -7 0 8 0.13 M M 9.0 15 40 M M 9 1 19 40
22 85 70 78 -2 0 13 0.95 M M 6.3 22 210 M M 8 13 31 210
23 83 72 78 -2 0 13 0.04 M M 4.6 13 230 M M 5 13 17 180
24 89 70 80 0 0 15 0.00 M M 5.4 15 260 M M 6 12 18 190
25 93 68 81 0 0 16 0.00 M M 4.6 13 290 M M 1 16 270
26 92 71 82 1 0 17 0.00 M M 8.9 26 20 M M 1 3 33 360
27 94 67 81 0 0 16 0.00 M M 5.4 17 360 M M 2 3 22 50
28 92 68 80 -1 0 15 0.00 M M 4.6 13 40 M M 2 17 10
29 93 67 80 -1 0 15 0.00 M M 4.0 13 320 M M 0 18 17 10
30 91 68 80 -1 0 15 0.00 M M 3.8 10 150 M M 1 1 15 140
================================================================================
SM 2621 1931 0 335 4.09 M 180.8 M 99
================================================================================
AV 87.4 64.4 6.0 FASTST M M 3 MAX(MPH)
MISC ----> 26 20 # 34 230
================================================================================
NOTES:
# LAST OF SEVERAL OCCURRENCES
COLUMN 17 PEAK WIND IN M.P.H.
PRELIMINARY LOCAL CLIMATOLOGICAL DATA (WS FORM: F-6) , PAGE 2
STATION: LUMBERTON NORTH CAROLINA
MONTH: JUNE
YEAR: 2023
LATITUDE: 34 35 N
LONGITUDE: 79 4 W
[TEMPERATURE DATA] [PRECIPITATION DATA] SYMBOLS USED IN COLUMN 16
AVERAGE MONTHLY: 75.9 TOTAL FOR MONTH: 4.09 1 = FOG OR MIST
DPTR FM NORMAL: -2.9 DPTR FM NORMAL: -0.83 2 = FOG REDUCING VISIBILITY
HIGHEST: 94 ON 27 GRTST 24HR 1.85 ON 20-21 TO 1/4 MILE OR LESS
LOWEST: 52 ON 10 3 = THUNDER
SNOW, ICE PELLETS, HAIL 4 = ICE PELLETS
TOTAL MONTH: M 5 = HAIL
GRTST 24HR M ON M 6 = FREEZING RAIN OR DRIZZLE
GRTST DEPTH: M ON M 7 = DUSTSTORM OR SANDSTORM:
VSBY 1/2 MILE OR LESS
8 = SMOKE OR HAZE
[NO. OF DAYS WITH] [WEATHER - DAYS WITH] 9 = BLOWING SNOW
X = TORNADO
MAX 32 OR BELOW: 0 0.01 INCH OR MORE: 9
MAX 90 OR ABOVE: 11 0.10 INCH OR MORE: 7
MIN 32 OR BELOW: 0 0.50 INCH OR MORE: 2
MIN 0 OR BELOW: 0 1.00 INCH OR MORE: 1
[HDD (BASE 65) ]
TOTAL THIS MO. 0 CLEAR (SCALE 0-3) 18
DPTR FM NORMAL 0 PTCLDY (SCALE 4-7) 11
TOTAL FM JUL 1 2143 CLOUDY (SCALE 8-10) 1
DPTR FM NORMAL -466
[CDD (BASE 65) ]
TOTAL THIS MO. 335
DPTR FM NORMAL -78 [PRESSURE DATA]
TOTAL FM JAN 1 592 HIGHEST SLP 30.07 ON 30
DPTR FM NORMAL -120 LOWEST SLP 29.64 ON 16
[REMARKS]
#FINAL-06-23#