000
CXUS54 KLCH 010807
CF6LFT
PRELIMINARY LOCAL CLIMATOLOGICAL DATA (WS FORM: F-6)
STATION: LAFAYETTE
MONTH: JUNE
YEAR: 2020
LATITUDE: 30 12 N
LONGITUDE: 92 0 W
TEMPERATURE IN F: :PCPN: SNOW: WIND :SUNSHINE: SKY :PK WND
================================================================================
1 2 3 4 5 6A 6B 7 8 9 10 11 12 13 14 15 16 17 18
12Z AVG MX 2MIN
DY MAX MIN AVG DEP HDD CDD WTR SNW DPTH SPD SPD DIR MIN PSBL S-S WX SPD DR
================================================================================
1 86 71 79 -1 0 14 T 0.0 0 2.7 9 30 M M 0 13 40
2 90 72 81 1 0 16 0.00 0.0 0 2.6 10 170 M M 0 15 180
3 91 72 82 2 0 17 0.12 0.0 0 2.3 20 170 M M 2 13 34 160
4 91 71 81 1 0 16 0.00 0.0 0 2.5 13 170 M M 4 123 19 190
5 92 72 82 2 0 17 0.00 0.0 0 2.2 10 40 M M 1 14 50
6 90 72 81 0 0 16 0.01 0.0 0 7.9 17 40 M M 2 26 80
7 81 76 79 -2 0 14 0.09 0.0 0 14.5 23 10 M M 10 18 35 350
8 87 76 82 1 0 17 0.39 0.0 0 12.3 25 240 M M 7 138 38 250
9 90 79 85 4 0 20 T 0.0 0 9.2 17 190 M M M 1 24 180
10 92 70 81 0 0 16 1.11 0.0 0 7.0 18 280 M M 4 13 23 280
11 86 65 76 -5 0 11 0.00 0.0 0 8.4 20 20 M M 0 28 10
12 87 64 76 -5 0 11 0.00 0.0 0 10.0 17 40 M M 0 24 40
13 91 64 78 -4 0 13 0.00 0.0 0 7.8 17 30 M M 1 23 10
14 92 68 80 -2 0 15 0.00 0.0 0 3.3 15 190 M M 3 38 26 130
15 93 72 83 1 0 18 0.00 0.0 0 3.6 10 30 M M 2 14 40
16 93 74 84 2 0 19 0.00 0.0 0 4.8 15 20 M M 1 3 20 30
17 91 67 79 -3 0 14 0.00 0.0 0 2.5 9 60 M M 1 14 100
18 91 68 80 -2 0 15 0.00 0.0 0 2.2 12 250 M M 4 1 16 210
19 93 69 81 -1 0 16 0.00 0.0 0 3.2 12 190 M M 1 18 18 180
20 91 70 81 -1 0 16 0.00 0.0 0 3.8 15 200 M M 2 1 20 200
21 94 73 84 2 0 19 0.02 0.0 0 6.9 21 210 M M 3 13 29 210
22 88 72 80 -2 0 15 0.11 0.0 0 4.8 24 180 M M 3 138 35 180
23 92 72 82 0 0 17 0.77 0.0 0 3.9 23 180 M M 3 138 37 180
24 84 72 78 -4 0 13 1.23 0.0 0 2.7 13 260 M M 6 13 18 260
25 87 72 80 -3 0 15 1.13 0.0 0 3.5 32 220 M M 4 138 47 200
26 88 76 82 -1 0 17 0.00 0.0 0 3.3 12 190 M M 7 18 18 190
27 90 79 85 2 0 20 T 0.0 0 5.2 15 200 M M 3 1 21 170
28 90 77 84 1 0 19 0.00 0.0 0 5.9 15 200 M M 3 18 22 180
29 91 78 85 2 0 20 0.00 0.0 0 6.4 16 200 M M 3 18 25 190
30 92 79 86 3 0 21 0.00 0.0 0 7.0 15 210 M M 3 18 24 200
================================================================================
SM 2694 2162 0 487 4.98 0.0 162.4 M 83
================================================================================
AV 89.8 72.1 5.4 FASTST M M 3 MAX(MPH)
MISC ----> # 32 220 # 47 200
================================================================================
NOTES:
# LAST OF SEVERAL OCCURRENCES
COLUMN 17 PEAK WIND IN M.P.H.
PRELIMINARY LOCAL CLIMATOLOGICAL DATA (WS FORM: F-6) , PAGE 2
STATION: LAFAYETTE
MONTH: JUNE
YEAR: 2020
LATITUDE: 30 12 N
LONGITUDE: 92 0 W
[TEMPERATURE DATA] [PRECIPITATION DATA] SYMBOLS USED IN COLUMN 16
AVERAGE MONTHLY: 80.9 TOTAL FOR MONTH: 4.98 1 = FOG OR MIST
DPTR FM NORMAL: -0.7 DPTR FM NORMAL: -2.10 2 = FOG REDUCING VISIBILITY
HIGHEST: 94 ON 21 GRTST 24HR 1.23 ON 24-24 TO 1/4 MILE OR LESS
LOWEST: 64 ON 13,12 3 = THUNDER
SNOW, ICE PELLETS, HAIL 4 = ICE PELLETS
TOTAL MONTH: 0.0 INCH 5 = HAIL
GRTST 24HR 0.0 6 = FREEZING RAIN OR DRIZZLE
GRTST DEPTH: 0 7 = DUSTSTORM OR SANDSTORM:
VSBY 1/2 MILE OR LESS
8 = SMOKE OR HAZE
[NO. OF DAYS WITH] [WEATHER - DAYS WITH] 9 = BLOWING SNOW
X = TORNADO
MAX 32 OR BELOW: 0 0.01 INCH OR MORE: 10
MAX 90 OR ABOVE: 21 0.10 INCH OR MORE: 7
MIN 32 OR BELOW: 0 0.50 INCH OR MORE: 4
MIN 0 OR BELOW: 0 1.00 INCH OR MORE: 3
[HDD (BASE 65) ]
TOTAL THIS MO. 0 CLEAR (SCALE 0-3) 20
DPTR FM NORMAL 0 PTCLDY (SCALE 4-7) 8
TOTAL FM JUL 1 1134 CLOUDY (SCALE 8-10) 1
DPTR FM NORMAL -286
[CDD (BASE 65) ]
TOTAL THIS MO. 487
DPTR FM NORMAL -11 [PRESSURE DATA]
TOTAL FM JAN 1 1196 HIGHEST SLP 30.21 ON 12
DPTR FM NORMAL 84 LOWEST SLP 29.48 ON 8
[REMARKS]
#FINAL-06-20#