276
CXUS51 KOKX 010702
CF6LGA
PRELIMINARY LOCAL CLIMATOLOGICAL DATA (WS FORM: F-6)
STATION: LAGUARDIA NY
MONTH: APRIL
YEAR: 2020
LATITUDE: 40 46 N
LONGITUDE: 73 54 W
TEMPERATURE IN F: :PCPN: SNOW: WIND :SUNSHINE: SKY :PK WND
================================================================================
1 2 3 4 5 6A 6B 7 8 9 10 11 12 13 14 15 16 17 18
12Z AVG MX 2MIN
DY MAX MIN AVG DEP HDD CDD WTR SNW DPTH SPD SPD DIR MIN PSBL S-S WX SPD DR
================================================================================
1 55 38 47 0 18 0 0.00 0.0 0 12.5 22 40 M M 6 28 360
2 58 40 49 1 16 0 0.00 0.0 0 19.6 32 330 M M 4 42 320
3 52 46 49 1 16 0 0.08 0.0 0 18.5 28 330 M M 10 38 320
4 60 46 53 5 12 0 T 0.0 0 8.9 17 50 M M 9 18 22 50
5 64 47 56 7 9 0 0.00 0.0 0 6.2 15 170 M M 7 19 180
6 66 48 57 8 8 0 0.06 0.0 0 9.0 17 310 M M 5 1 25 300
7 66 53 60 10 5 0 0.00 0.0 0 9.0 22 170 M M 8 27 170
8 63 49 56 6 9 0 0.23 0.0 0 6.9 18 180 M M 7 1 21 180
9 58 44 51 1 14 0 0.26 0.0 0 14.8 44 300 M M 6 13 57 310
10 49 39 44 -7 21 0 0.01 0.0 0 21.9 37 290 M M 8 45 300
11 56 40 48 -3 17 0 0.00 0.0 0 13.7 24 260 M M 3 33 270
12 62 43 53 1 12 0 T 0.0 0 10.5 22 170 M M 6 27 180
13 69 53 61 9 4 0 1.72 0.0 0 19.0 40 160 M M 8 1 50 190
14 60 48 54 2 11 0 T 0.0 0 12.6 25 310 M M 6 31 320
15 53 43 48 -5 17 0 T 0.0 0 12.5 23 310 M M 5 28 320
16 49 40 45 -8 20 0 0.00 0.0 0 18.5 28 300 M M 5 36 300
17 51 39 45 -8 20 0 0.05 0.0 0 11.0 22 220 M M 6 1 32 220
18 47 42 45 -9 20 0 0.20 0.0 0 10.4 21 340 M M 8 1 26 330
19 63 42 53 -1 12 0 0.00 0.0 0 12.4 24 220 M M 5 32 240
20 57 49 53 -1 12 0 0.00 0.0 0 7.2 17 50 M M 8 20 30
21 60 41 51 -4 14 0 0.33 0.0 0 15.4 35 290 M M 5 3 52 300
22 51 38 45 -10 20 0 0.00 0.0 0 18.1 31 310 M M 2 39 310
23 50 41 46 -9 19 0 0.13 T 0 7.9 18 310 M M 8 4 24 310
24 50 43 47 -9 18 0 0.48 0.0 0 12.0 24 50 M M 9 18 29 50
25 64 43 54 -2 11 0 0.00 0.0 0 5.8 18 160 M M 5 24 170
26 50 43 47 -9 18 0 0.07 0.0 0 15.9 33 60 M M 10 18 41 60
27 49 40 45 -12 20 0 T 0.0 0 14.3 24 10 M M 10 29 10
28 66 43 55 -2 10 0 0.00 0.0 0 8.9 17 320 M M 3 22 320
29 57 46 52 -5 13 0 0.01 0.0 0 12.5 22 100 M M 8 28 120
30 63 49 56 -2 9 0 0.87 0.0 0 18.7 32 140 M M 10 1 52 150
================================================================================
SM 1718 1316 425 0 4.50 T 384.6 M 200
================================================================================
AV 57.3 43.9 12.8 FASTST M M 7 MAX(MPH)
MISC ----> # 44 300 # 57 310
================================================================================
NOTES:
# LAST OF SEVERAL OCCURRENCES
COLUMN 17 PEAK WIND IN M.P.H.
PRELIMINARY LOCAL CLIMATOLOGICAL DATA (WS FORM: F-6) , PAGE 2
STATION: LAGUARDIA NY
MONTH: APRIL
YEAR: 2020
LATITUDE: 40 46 N
LONGITUDE: 73 54 W
[TEMPERATURE DATA] [PRECIPITATION DATA] SYMBOLS USED IN COLUMN 16
AVERAGE MONTHLY: 50.6 TOTAL FOR MONTH: 4.50 1 = FOG OR MIST
DPTR FM NORMAL: -2.1 DPTR FM NORMAL: 0.50 2 = FOG REDUCING VISIBILITY
HIGHEST: 69 ON 13 GRTST 24HR 1.72 ON 13-13 TO 1/4 MILE OR LESS
LOWEST: 38 ON 22, 1 3 = THUNDER
SNOW, ICE PELLETS, HAIL 4 = ICE PELLETS
TOTAL MONTH: T 5 = HAIL
GRTST 24HR T ON 23-23 6 = FREEZING RAIN OR DRIZZLE
GRTST DEPTH: 0 7 = DUSTSTORM OR SANDSTORM:
VSBY 1/2 MILE OR LESS
8 = SMOKE OR HAZE
[NO. OF DAYS WITH] [WEATHER - DAYS WITH] 9 = BLOWING SNOW
X = TORNADO
MAX 32 OR BELOW: 0 0.01 INCH OR MORE: 14
MAX 90 OR ABOVE: 0 0.10 INCH OR MORE: 8
MIN 32 OR BELOW: 0 0.50 INCH OR MORE: 2
MIN 0 OR BELOW: 0 1.00 INCH OR MORE: 1
[HDD (BASE 65) ]
TOTAL THIS MO. 425 CLEAR (SCALE 0-3) 2
DPTR FM NORMAL 47 PTCLDY (SCALE 4-7) 19
TOTAL FM JUL 1 4024 CLOUDY (SCALE 8-10) 9
DPTR FM NORMAL -490
[CDD (BASE 65) ]
TOTAL THIS MO. 0
DPTR FM NORMAL -8 [PRESSURE DATA]
TOTAL FM JAN 1 0 HIGHEST SLP M ON M
DPTR FM NORMAL -8 LOWEST SLP 29.14 ON 9
[REMARKS]
#FINAL-04-20#