000
CXUS54 KFWD 010731
CF6LHB
PRELIMINARY LOCAL CLIMATOLOGICAL DATA (WS FORM: F-6)
STATION: HEARNE
MONTH: APRIL
YEAR: 2023
LATITUDE: 30 52 N
LONGITUDE: 96 36 W
TEMPERATURE IN F: :PCPN: SNOW: WIND :SUNSHINE: SKY :PK WND
================================================================================
1 2 3 4 5 6A 6B 7 8 9 10 11 12 13 14 15 16 17 18
12Z AVG MX 2MIN
DY MAX MIN AVG DEP HDD CDD WTR SNW DPTH SPD SPD DIR MIN PSBL S-S WX SPD DR
================================================================================
1 82 46 64 M 1 0 0.00 M M 2.7 10 350 M M 3 12 16 350
2 84 57 71 M 0 6 0.00 M M 8.0 22 170 M M 5 28 170
3 89 71 80 M 0 15 0.00 M M 10.2 15 150 M M 5 23 160
4 87 73 80 M 0 15 0.00 M M 13.9 23 160 M M 8 33 150
5 77 56 67 M 0 2 0.63 M M 10.5 17 160 M M 9 3 28 270
6 56 51 54 M 11 0 2.05 M M 9.1 16 350 M M 9 3 25 30
7 55 50 53 M 12 0 0.94 M M 8.1 13 350 M M 10 3 18 350
8 65 54 60 M 5 0 0.00 M M 3.3 8 10 M M 9 1 M M
9 70 55 63 M 2 0 0.00 M M 1.3 6 70 M M 10 M M
10 72 53 63 M 2 0 0.00 M M 2.5 8 70 M M 7 M M
11 76 49 63 M 2 0 0.00 M M 2.5 9 50 M M 4 1 M M
12 80 49 65 M 0 0 0.00 M M 1.9 10 120 M M 1 21 120
13 79 51 65 M 0 0 0.00 M M 3.5 8 170 M M 1 M M
14 75 60 68 M 0 3 0.00 M M 7.5 15 150 M M 6 21 150
15 88 66 77 M 0 12 0.00 M M 8.2 18 350 M M 4 21 350
16 73 49 61 M 4 0 0.00 M M 7.8 15 20 M M 0 22 360
17 80 44 62 M 3 0 0.00 M M 4.7 12 160 M M 1 18 140
18 80 60 70 M 0 5 0.00 M M 7.7 15 150 M M 6 23 160
19 83 64 74 M 0 9 0.00 M M 9.9 17 160 M M 7 1 24 160
20 82 64 73 M 0 8 3.58 M M 9.0 24 20 M M 9 3 37 20
21 79 61 70 M 0 5 0.00 M M 6.3 15 170 M M 5 18 16 300
22 79 54 67 M 0 2 0.00 M M 4.1 10 140 M M 3 20 140
23 63 52 58 M 7 0 0.02 M M 10.6 17 50 M M 9 25 50
24 70 50 60 M 5 0 0.00 M M 4.2 7 80 M M 9 M M
25 75 60 68 M 0 3 0.00 M M 5.2 9 90 M M 9 M M
26 83 64 74 M 0 9 1.27 M M 6.0 10 160 M M 9 138 37 190
27 75 61 68 M 0 3 0.15 M M 6.0 13 320 M M 6 13 20 90
28 81 55 68 M 0 3 0.71 M M 8.0 21 220 M M 6 38 27 220
29 72 52 62 M 3 0 0.01 M M 11.4 25 330 M M 5 33 330
30 87 48 68 M 0 3 0.00 M M 4.1 9 170 M M 0 M M
================================================================================
SM 2297 1679 57 103 9.36 M 198.1 M 175
================================================================================
AV 76.6 56.0 6.6 FASTST M M 6 MAX(MPH)
MISC ----> 25 330 37 20
================================================================================
NOTES:
# LAST OF SEVERAL OCCURRENCES
COLUMN 17 PEAK WIND IN M.P.H.
PRELIMINARY LOCAL CLIMATOLOGICAL DATA (WS FORM: F-6) , PAGE 2
STATION: HEARNE
MONTH: APRIL
YEAR: 2023
LATITUDE: 30 52 N
LONGITUDE: 96 36 W
[TEMPERATURE DATA] [PRECIPITATION DATA] SYMBOLS USED IN COLUMN 16
AVERAGE MONTHLY: 66.3 TOTAL FOR MONTH: 9.36 1 = FOG OR MIST
DPTR FM NORMAL: 0.0 DPTR FM NORMAL: M 2 = FOG REDUCING VISIBILITY
HIGHEST: 89 ON 3 GRTST 24HR 3.58 ON 20-20 TO 1/4 MILE OR LESS
LOWEST: 44 ON 17 3 = THUNDER
SNOW, ICE PELLETS, HAIL 4 = ICE PELLETS
TOTAL MONTH: M 5 = HAIL
GRTST 24HR M ON M 6 = FREEZING RAIN OR DRIZZLE
GRTST DEPTH: M ON M 7 = DUSTSTORM OR SANDSTORM:
VSBY 1/2 MILE OR LESS
8 = SMOKE OR HAZE
[NO. OF DAYS WITH] [WEATHER - DAYS WITH] 9 = BLOWING SNOW
X = TORNADO
MAX 32 OR BELOW: 0 0.01 INCH OR MORE: 9
MAX 90 OR ABOVE: 0 0.10 INCH OR MORE: 7
MIN 32 OR BELOW: 0 0.50 INCH OR MORE: 6
MIN 0 OR BELOW: 0 1.00 INCH OR MORE: 3
[HDD (BASE 65) ]
TOTAL THIS MO. 57 CLEAR (SCALE 0-3) 7
DPTR FM NORMAL M PTCLDY (SCALE 4-7) 12
TOTAL FM JUL 1 1510 CLOUDY (SCALE 8-10) 11
DPTR FM NORMAL M
[CDD (BASE 65) ]
TOTAL THIS MO. 103
DPTR FM NORMAL M [PRESSURE DATA]
TOTAL FM JAN 1 259 HIGHEST SLP M ON M
DPTR FM NORMAL M LOWEST SLP M ON M
[REMARKS]
#FINAL-04-23#