762
CXUS54 KFWD 010731
CF6LHB
PRELIMINARY LOCAL CLIMATOLOGICAL DATA (WS FORM: F-6)
STATION: HEARNE
MONTH: AUGUST
YEAR: 2020
LATITUDE: 30 52 N
LONGITUDE: 96 36 W
TEMPERATURE IN F: :PCPN: SNOW: WIND :SUNSHINE: SKY :PK WND
================================================================================
1 2 3 4 5 6A 6B 7 8 9 10 11 12 13 14 15 16 17 18
12Z AVG MX 2MIN
DY MAX MIN AVG DEP HDD CDD WTR SNW DPTH SPD SPD DIR MIN PSBL S-S WX SPD DR
================================================================================
1 98 72 85 M 0 20 0.00 0.0 0 2.4 10 340 M M 1 3 M M
2 96 72 84 M 0 19 0.00 0.0 0 3.5 15 90 M M 2 3 22 90
3 100 69 85 M 0 20 0.00 0.0 0 1.6 7 280 M M 1 3 M M
4 100 73 87 M 0 22 0.00 0.0 0 1.7 7 240 M M 3 M M
5 99 75 87 M 0 22 0.00 0.0 0 4.9 10 140 M M 0 16 130
6 98 75 87 M 0 22 0.00 0.0 0 6.4 13 160 M M 0 18 160
7 98 74 86 M 0 21 0.00 0.0 0 5.8 12 160 M M 0 17 190
8 99 76 88 M 0 23 0.00 0.0 0 5.5 12 130 M M 1 M M
9 100 76 88 M 0 23 0.00 0.0 0 8.0 14 190 M M 2 20 140
10 101 76 89 M 0 24 0.00 0.0 0 8.2 14 170 M M 3 1 20 170
11 102 77 90 M 0 25 0.00 0.0 0 7.8 13 170 M M 3 21 160
12 102 78 90 M 0 25 0.00 0.0 0 7.2 13 210 M M 3 M M
13 101 78 90 M 0 25 0.00 0.0 0 6.5 10 150 M M 1 M M
14 103 77 90 M 0 25 0.00 0.0 0 7.8 12 160 M M 1 17 160
15 104 78 91 M 0 26 0.00 0.0 0 6.6 10 240 M M 0 M M
16 104 77 91 M 0 26 0.00 0.0 0 4.6 16 20 M M 1 33 20
17 98 72 85 M 0 20 M 0.0 0 4.8 15 20 M M 2 3 22 20
18 102 69 86 M 0 21 0.00 0.0 0 4.7 14 10 M M 1 20 10
19 100 64 82 M 0 17 0.00 0.0 0 4.7 13 350 M M 0 21 360
20 99 68 84 M 0 19 0.00 0.0 0 4.6 9 340 M M 0 M M
21 100 72 86 M 0 21 0.00 0.0 0 2.8 8 110 M M 2 M M
22 94 75 85 M 0 20 0.11 0.0 0 4.7 8 150 M M 2 3 M M
23 100 68 84 M 0 19 0.00 0.0 0 2.3 8 80 M M 1 9 70
24 99 71 85 M 0 20 0.00 0.0 0 2.8 10 40 M M 2 M M
25 101 71 86 M 0 21 0.00 0.0 0 5.1 12 60 M M 2 20 60
26 94 75 85 M 0 20 1.48 0.0 0 4.2 9 10 M M 5 3 20 80
27 97 74 86 M 0 21 0.00 0.0 0 4.1 8 240 M M 2 M M
28 104 76 90 M 0 25 0.00 0.0 0 7.7 14 200 M M 2 21 150
29 101 74 88 M 0 23 0.00 0.0 0 5.5 10 200 M M 1 M M
30 100 79 90 M 0 25 0.00 0.0 0 5.9 12 160 M M 3 M M
31 101 80 91 M 0 26 0.00 0.0 0 9.4 14 180 M M 6 20 160
================================================================================
SM 3095 2291 0 686 1.59 0.0 161.8 M 53
================================================================================
AV 99.8 73.9 5.2 FASTST M M 2 MAX(MPH)
MISC ----> # 16 20 # 33 20
================================================================================
NOTES:
# LAST OF SEVERAL OCCURRENCES
COLUMN 17 PEAK WIND IN M.P.H.
PRELIMINARY LOCAL CLIMATOLOGICAL DATA (WS FORM: F-6) , PAGE 2
STATION: HEARNE
MONTH: AUGUST
YEAR: 2020
LATITUDE: 30 52 N
LONGITUDE: 96 36 W
[TEMPERATURE DATA] [PRECIPITATION DATA] SYMBOLS USED IN COLUMN 16
AVERAGE MONTHLY: 86.9 TOTAL FOR MONTH: 1.59 1 = FOG OR MIST
DPTR FM NORMAL: M DPTR FM NORMAL: M 2 = FOG REDUCING VISIBILITY
HIGHEST: 104 ON 28,16 GRTST 24HR 1.48 ON 26-26 TO 1/4 MILE OR LESS
LOWEST: 64 ON 19 3 = THUNDER
SNOW, ICE PELLETS, HAIL 4 = ICE PELLETS
TOTAL MONTH: 0.0 INCH 5 = HAIL
GRTST 24HR 0.0 6 = FREEZING RAIN OR DRIZZLE
GRTST DEPTH: 0 7 = DUSTSTORM OR SANDSTORM:
VSBY 1/2 MILE OR LESS
8 = SMOKE OR HAZE
[NO. OF DAYS WITH] [WEATHER - DAYS WITH] 9 = BLOWING SNOW
X = TORNADO
MAX 32 OR BELOW: 0 0.01 INCH OR MORE: 2
MAX 90 OR ABOVE: 31 0.10 INCH OR MORE: 2
MIN 32 OR BELOW: 0 0.50 INCH OR MORE: 1
MIN 0 OR BELOW: 0 1.00 INCH OR MORE: 1
[HDD (BASE 65) ]
TOTAL THIS MO. 0 CLEAR (SCALE 0-3) 29
DPTR FM NORMAL M PTCLDY (SCALE 4-7) 2
TOTAL FM JUL 1 0 CLOUDY (SCALE 8-10) 0
DPTR FM NORMAL M
[CDD (BASE 65) ]
TOTAL THIS MO. 686
DPTR FM NORMAL M [PRESSURE DATA]
TOTAL FM JAN 1 2520 HIGHEST SLP M ON M
DPTR FM NORMAL M LOWEST SLP M ON M
[REMARKS]
#FINAL-08-20#