000
CXUS55 KPUB 011310
CF6LHX
PRELIMINARY LOCAL CLIMATOLOGICAL DATA (WS FORM: F-6)
STATION: LA JUNTA CO
MONTH: NOVEMBER
YEAR: 2020
LATITUDE: 38 2 N
LONGITUDE: 103 31 W
TEMPERATURE IN F: :PCPN: SNOW: WIND :SUNSHINE: SKY :PK WND
================================================================================
1 2 3 4 5 6A 6B 7 8 9 10 11 12 13 14 15 16 17 18
12Z AVG MX 2MIN
DY MAX MIN AVG DEP HDD CDD WTR SNW DPTH SPD SPD DIR MIN PSBL S-S WX SPD DR
================================================================================
1 68 28 48 0 17 0 0.00 0.0 0 4.6 14 290 M M 0 8 16 290
2 78 36 57 10 8 0 0.00 M M 6.6 16 260 M M 0 20 260
3 79 40 60 13 5 0 0.00 M M 5.7 14 270 M M 0 16 270
4 82 42 62 16 3 0 0.00 M M 10.0 16 50 M M 0 8 23 40
5 77 46 62 16 3 0 0.00 M M 10.1 20 260 M M 0 24 260
6 82 34 58 12 7 0 0.00 M M 8.2 20 200 M M 0 28 200
7 84 61 73 28 0 8 0.00 M M 19.6 38 200 M M 0 50 210
8 70 48 59 14 6 0 T M M 11.6 35 250 M M 1 47 240
9 59 28 44 0 21 0 0.00 M M 10.8 25 40 M M 2 32 50
10 58 22 40 -4 25 0 0.00 M M 7.5 24 230 M M 1 33 240
11 49 21 35 -8 30 0 0.00 M M 7.8 15 290 M M 0 17 290
12 51 21 36 -7 29 0 0.00 M M 9.1 17 80 M M 0 23 60
13 67 21 44 2 21 0 0.00 M M 10.4 22 240 M M 0 30 230
14 65 33 49 7 16 0 0.00 M M 20.7 43 310 M M 0 8 59 300
15 68 24 46 5 19 0 0.00 M M 7.9 16 20 M M 0 23 10
16 71 28 50 9 15 0 0.00 M M 6.1 15 140 M M 0 20 140
17 71 32 52 12 13 0 0.00 M M 10.0 17 250 M M 0 22 240
18 82 37 60 20 5 0 0.00 M M 13.2 24 270 M M 0 33 230
19 76 40 58 19 7 0 0.00 M M 9.2 16 70 M M 0 21 40
20 57 33 45 6 20 0 0.00 M M 8.2 16 110 M M 0 8 20 110
21 58 35 47 9 18 0 0.00 0.0 0 7.9 18 80 M M 4 1 23 80
22 51 26 39 1 26 0 0.00 M M 9.4 17 120 M M 3 12 26 120
23 73 32 53 16 12 0 0.00 0.0 0 9.4 25 210 M M 0 31 220
24 58 25 42 5 23 0 0.12 M M 13.2 30 20 M M 6 12 39 10
25 46 18 32 -4 33 0 0.00 M M 7.1 16 270 M M 0 19 270
26 51 27 39 3 26 0 0.00 M M 8.3 17 300 M M 0 20 290
27 49 26 38 3 27 0 0.00 M M 5.7 13 270 M M 0 14 280
28 53 25 39 4 26 0 0.00 M M 7.7 17 150 M M 0 22 170
29 49 24 37 3 28 0 0.00 M M 12.6 26 360 M M 0 37 350
30 56 18 37 3 28 0 0.00 M M 7.7 16 230 M M 0 19 240
================================================================================
SM 1938 931 517 8 0.12 0.0 286.3 M 17
================================================================================
AV 64.6 31.0 9.5 FASTST M M 1 MAX(MPH)
MISC ----> 43 310 59 300
================================================================================
NOTES:
# LAST OF SEVERAL OCCURRENCES
COLUMN 17 PEAK WIND IN M.P.H.
PRELIMINARY LOCAL CLIMATOLOGICAL DATA (WS FORM: F-6) , PAGE 2
STATION: LA JUNTA CO
MONTH: NOVEMBER
YEAR: 2020
LATITUDE: 38 2 N
LONGITUDE: 103 31 W
[TEMPERATURE DATA] [PRECIPITATION DATA] SYMBOLS USED IN COLUMN 16
AVERAGE MONTHLY: 47.8 TOTAL FOR MONTH: 0.12 1 = FOG OR MIST
DPTR FM NORMAL: 6.9 DPTR FM NORMAL: -0.26 2 = FOG REDUCING VISIBILITY
HIGHEST: 84 ON 7 GRTST 24HR 0.12 ON 24-24 TO 1/4 MILE OR LESS
LOWEST: 18 ON 30,25 3 = THUNDER
SNOW, ICE PELLETS, HAIL 4 = ICE PELLETS
TOTAL MONTH: 0.0 INCH 5 = HAIL
GRTST 24HR 0.0 6 = FREEZING RAIN OR DRIZZLE
GRTST DEPTH: 0 7 = DUSTSTORM OR SANDSTORM:
VSBY 1/2 MILE OR LESS
8 = SMOKE OR HAZE
[NO. OF DAYS WITH] [WEATHER - DAYS WITH] 9 = BLOWING SNOW
X = TORNADO
MAX 32 OR BELOW: 0 0.01 INCH OR MORE: 1
MAX 90 OR ABOVE: 0 0.10 INCH OR MORE: 1
MIN 32 OR BELOW: 18 0.50 INCH OR MORE: 0
MIN 0 OR BELOW: 0 1.00 INCH OR MORE: 0
[HDD (BASE 65) ]
TOTAL THIS MO. 517 CLEAR (SCALE 0-3) 28
DPTR FM NORMAL -206 PTCLDY (SCALE 4-7) 2
TOTAL FM JUL 1 993 CLOUDY (SCALE 8-10) 0
DPTR FM NORMAL -151
[CDD (BASE 65) ]
TOTAL THIS MO. 8
DPTR FM NORMAL 8 [PRESSURE DATA]
TOTAL FM JAN 1 1690 HIGHEST SLP 30.54 ON 29
DPTR FM NORMAL 464 LOWEST SLP 29.28 ON 8
[REMARKS]
#FINAL-11-20#