000
CXUS55 KBOU 011000
CF6LIC
PRELIMINARY LOCAL CLIMATOLOGICAL DATA (WS FORM: F-6)
STATION: LIMON CO
MONTH: FEBRUARY
YEAR: 2023
LATITUDE: 39 10 N
LONGITUDE: 103 42 W
TEMPERATURE IN F: :PCPN: SNOW: WIND :SUNSHINE: SKY :PK WND
================================================================================
1 2 3 4 5 6A 6B 7 8 9 10 11 12 13 14 15 16 17 18
12Z AVG MX 2MIN
DY MAX MIN AVG DEP HDD CDD WTR SNW DPTH SPD SPD DIR MIN PSBL S-S WX SPD DR
================================================================================
1 36 -10 13 -14 52 0 0.00 M M 6.0 15 280 M M 0 17 280
2 36 3 20 -7 45 0 0.00 M M 5.0 14 360 M M 0 16 280
3 42 4 23 -4 42 0 0.00 M M 5.5 17 360 M M 0 18 360
4 44 10 27 0 38 0 0.00 M M 5.9 18 280 M M 0 23 280
5 40 11 26 -1 39 0 0.00 M M 8.1 18 150 M M 0 23 150
6 38 15 27 0 38 0 0.00 M M 14.6 31 350 M M 1 41 350
7 40 10 25 -2 40 0 0.00 M M 5.0 14 290 M M 0 17 290
8 40 5 23 -4 42 0 0.01 M M 6.4 26 330 M M 1 1 34 330
9 30 6 18 -9 47 0 0.02 M M 24.3 41 350 M M 7 1289 52 350
10 41 -4 19 -8 46 0 0.00 M M 6.0 14 290 M M 0 17 290
11 49 6 28 1 37 0 0.00 M M 5.4 15 160 M M 0 19 150
12 42 20 31 4 34 0 0.00 M M 9.6 24 310 M M 0 27 320
13 57 17 37 10 28 0 0.00 M M 6.6 24 150 M M 1 33 150
14 41 26 34 6 31 0 T M M 15.3 29 360 M M 4 37 360
15 26 10 18 -10 47 0 0.20 M M 22.3 30 350 M M 10 1 37 350
16 21 -5 8 -20 57 0 T M M 11.9 15 320 M M 4 8 17 320
17 42 -4 19 -9 46 0 0.00 M M 6.0 13 110 M M 0 16 120
18 45 16 31 3 34 0 0.00 M M 5.6 15 280 M M 0 18 290
19 43 14 29 0 36 0 0.00 M M 7.4 15 130 M M 1 19 120
20 48 17 33 4 32 0 0.00 M M 4.9 16 200 M M 0 24 200
21 63 20 42 13 23 0 0.00 M M 13.1 38 60 M M 0 49 60
22 36 -6 15 -14 50 0 0.03 M M 17.7 30 360 M M 9 1268 39 30
23 17 -11 3 -27 62 0 T M M 11.4 22 130 M M 5 18 29 130
24 39 5 22 -8 43 0 0.00 M M 9.4 24 170 M M 1 30 170
25 54 12 33 3 32 0 0.00 M M 5.2 15 110 M M 0 18 100
26 63 21 42 11 23 0 0.00 M M 10.8 30 210 M M 1 43 210
27 43 32 38 7 27 0 0.00 M M 9.6 12 310 M M 0 M M
28 52 22 37 6 28 0 0.00 M M 14.8 29 230 M M 0 40 240
================================================================================
SM 1168 262 1099 0 0.26 M 273.8 M 45
================================================================================
AV 41.7 9.4 9.8 FASTST M M 2 MAX(MPH)
MISC ----> 41 350 52 350
================================================================================
NOTES:
# LAST OF SEVERAL OCCURRENCES
COLUMN 17 PEAK WIND IN M.P.H.
PRELIMINARY LOCAL CLIMATOLOGICAL DATA (WS FORM: F-6) , PAGE 2
STATION: LIMON CO
MONTH: FEBRUARY
YEAR: 2023
LATITUDE: 39 10 N
LONGITUDE: 103 42 W
[TEMPERATURE DATA] [PRECIPITATION DATA] SYMBOLS USED IN COLUMN 16
AVERAGE MONTHLY: 25.5 TOTAL FOR MONTH: 0.26 1 = FOG OR MIST
DPTR FM NORMAL: -2.7 DPTR FM NORMAL: -0.10 2 = FOG REDUCING VISIBILITY
HIGHEST: 63 ON 21,26 GRTST 24HR 0.20 ON 14-15 TO 1/4 MILE OR LESS
LOWEST: -11 ON 23 3 = THUNDER
SNOW, ICE PELLETS, HAIL 4 = ICE PELLETS
TOTAL MONTH: M 5 = HAIL
GRTST 24HR M ON M 6 = FREEZING RAIN OR DRIZZLE
GRTST DEPTH: M ON M 7 = DUSTSTORM OR SANDSTORM:
VSBY 1/2 MILE OR LESS
8 = SMOKE OR HAZE
[NO. OF DAYS WITH] [WEATHER - DAYS WITH] 9 = BLOWING SNOW
X = TORNADO
MAX 32 OR BELOW: 4 0.01 INCH OR MORE: 4
MAX 90 OR ABOVE: 0 0.10 INCH OR MORE: 1
MIN 32 OR BELOW: 28 0.50 INCH OR MORE: 0
MIN 0 OR BELOW: 6 1.00 INCH OR MORE: 0
[HDD (BASE 65) ]
TOTAL THIS MO. 1099 CLEAR (SCALE 0-3) 22
DPTR FM NORMAL 69 PTCLDY (SCALE 4-7) 4
TOTAL FM JUL 1 5197 CLOUDY (SCALE 8-10) 2
DPTR FM NORMAL 85
[CDD (BASE 65) ]
TOTAL THIS MO. 0
DPTR FM NORMAL 0 [PRESSURE DATA]
TOTAL FM JAN 1 0 HIGHEST SLP 30.46 ON 17
DPTR FM NORMAL 0 LOWEST SLP 29.12 ON 21
[REMARKS]
#FINAL-02-23#