937
CXUS55 KBOU 010735
CF6LIC
PRELIMINARY LOCAL CLIMATOLOGICAL DATA (WS FORM: F-6)
STATION: LIMON CO
MONTH: AUGUST
YEAR: 2020
LATITUDE: 39 10 N
LONGITUDE: 103 42 W
TEMPERATURE IN F: :PCPN: SNOW: WIND :SUNSHINE: SKY :PK WND
================================================================================
1 2 3 4 5 6A 6B 7 8 9 10 11 12 13 14 15 16 17 18
12Z AVG MX 2MIN
DY MAX MIN AVG DEP HDD CDD WTR SNW DPTH SPD SPD DIR MIN PSBL S-S WX SPD DR
================================================================================
1 90 50 70 0 0 5 T M M 8.1 33 290 M M 1 46 280
2 83 50 67 -3 0 2 0.01 M M 10.8 51 270 M M 1 138 67 270
3 81 55 68 -2 0 3 0.00 M M 14.7 24 150 M M 5 32 140
4 86 59 73 3 0 8 0.33 M M 14.2 32 80 M M 4 3 45 80
5 87 55 71 1 0 6 T M M 10.6 24 130 M M 0 33 160
6 89 61 75 6 0 10 0.12 M M 9.8 31 160 M M 1 38 38 170
7 95 53 74 5 0 9 0.00 M M 8.0 23 230 M M 0 31 230
8 93 51 72 3 0 7 0.00 M M 8.4 24 360 M M 0 29 10
9 96 50 73 4 0 8 0.00 M M 8.7 21 320 M M 0 29 320
10 89 60 75 6 0 10 0.00 M M 9.6 39 180 M M 0 38 67 180
11 93 54 74 5 0 9 T M M 10.2 35 230 M M 0 3 54 220
12 93 60 77 8 0 12 T M M 10.5 24 110 M M 2 3 33 110
13 94 59 77 8 0 12 T M M 8.9 29 130 M M 2 12 37 140
14 92 52 72 3 0 7 0.00 M M 11.7 25 80 M M 0 33 360
15 90 64 77 8 0 12 0.06 M M 9.9 30 120 M M 3 3 40 110
16 92 58 75 7 0 10 0.00 M M 8.4 26 110 M M 3 123 34 120
17 91 51 71 3 0 6 0.00 M M 9.9 23 160 M M 0 32 140
18 98 50 74 6 0 9 0.00 M M 5.9 17 50 M M 0 29 40
19 94 58 76 8 0 11 0.55 M M 9.6 47 310 M M 0 3 64 320
20 91 58 75 7 0 10 0.01 M M 4.4 26 210 M M 1 3 39 200
21 93 58 76 8 0 11 0.00 M M 6.6 15 360 M M 1 20 350
22 96 55 76 9 0 11 0.00 M M 8.8 23 20 M M 0 8 29 20
23 95 51 73 6 0 8 0.00 M M 7.5 21 140 M M 0 26 140
24 96 50 73 6 0 8 0.00 M M 6.5 18 140 M M 0 25 130
25 M 52 M M M M 0.00 M M 3.2 5 20 M M 0 M M
26 97 54 76 9 0 11 0.58 M M 7.7 28 310 M M 3 3 38 300
27 92 62 77 11 0 12 T M M 5.8 18 160 M M 1 25 150
28 81 59 70 4 0 5 0.01 M M 14.6 32 330 M M 2 42 340
29 81 52 67 1 0 2 0.24 M M 6.8 25 270 M M 4 3 38 270
30 90 50 70 4 0 5 T M M 9.9 37 30 M M 1 1 50 10
31 76 45 61 -4 4 0 0.01 M 0 14.1 31 10 M M 3 3 43 10
================================================================================
SM 2714 1696 4 239 1.92 M 283.8 M 38
================================================================================
AV 90.5 54.7 9.2 FASTST M M 1 MAX(MPH)
MISC ----> # 51 270 # 67 270
================================================================================
NOTES:
# LAST OF SEVERAL OCCURRENCES
COLUMN 17 PEAK WIND IN M.P.H.
PRELIMINARY LOCAL CLIMATOLOGICAL DATA (WS FORM: F-6) , PAGE 2
STATION: LIMON CO
MONTH: AUGUST
YEAR: 2020
LATITUDE: 39 10 N
LONGITUDE: 103 42 W
[TEMPERATURE DATA] [PRECIPITATION DATA] SYMBOLS USED IN COLUMN 16
AVERAGE MONTHLY: 72.6 TOTAL FOR MONTH: 1.92 1 = FOG OR MIST
DPTR FM NORMAL: 4.5 DPTR FM NORMAL: -0.91 2 = FOG REDUCING VISIBILITY
HIGHEST: 98 ON 18 GRTST 24HR 0.58 ON 26-26 TO 1/4 MILE OR LESS
LOWEST: 45 ON 31 3 = THUNDER
SNOW, ICE PELLETS, HAIL 4 = ICE PELLETS
TOTAL MONTH: M 5 = HAIL
GRTST 24HR M ON M 6 = FREEZING RAIN OR DRIZZLE
GRTST DEPTH: 0 7 = DUSTSTORM OR SANDSTORM:
VSBY 1/2 MILE OR LESS
8 = SMOKE OR HAZE
[NO. OF DAYS WITH] [WEATHER - DAYS WITH] 9 = BLOWING SNOW
X = TORNADO
MAX 32 OR BELOW: 0 0.01 INCH OR MORE: 10
MAX 90 OR ABOVE: 21 0.10 INCH OR MORE: 5
MIN 32 OR BELOW: 0 0.50 INCH OR MORE: 2
MIN 0 OR BELOW: 0 1.00 INCH OR MORE: 0
[HDD (BASE 65) ]
TOTAL THIS MO. 4 CLEAR (SCALE 0-3) 27
DPTR FM NORMAL M PTCLDY (SCALE 4-7) 4
TOTAL FM JUL 1 5 CLOUDY (SCALE 8-10) 0
DPTR FM NORMAL M
[CDD (BASE 65) ]
TOTAL THIS MO. 239
DPTR FM NORMAL M [PRESSURE DATA]
TOTAL FM JAN 1 594 HIGHEST SLP 30.13 ON 18
DPTR FM NORMAL 451 LOWEST SLP 29.61 ON 30
[REMARKS]
#FINAL-08-20#