000
CXUS55 KBOU 011000
CF6LIC
PRELIMINARY LOCAL CLIMATOLOGICAL DATA (WS FORM: F-6)
STATION: LIMON CO
MONTH: NOVEMBER
YEAR: 2023
LATITUDE: 39 10 N
LONGITUDE: 103 42 W
TEMPERATURE IN F: :PCPN: SNOW: WIND :SUNSHINE: SKY :PK WND
================================================================================
1 2 3 4 5 6A 6B 7 8 9 10 11 12 13 14 15 16 17 18
12Z AVG MX 2MIN
DY MAX MIN AVG DEP HDD CDD WTR SNW DPTH SPD SPD DIR MIN PSBL S-S WX SPD DR
================================================================================
1 67 18 43 3 22 0 0.00 M M 5.0 16 340 M M 0 20 340
2 70 20 45 5 20 0 0.00 M M 4.9 13 210 M M 0 19 180
3 68 30 49 9 16 0 0.00 M M 5.0 12 150 M M 0 16 140
4 66 26 46 7 19 0 0.00 M M 5.8 18 20 M M 0 26 20
5 73 26 50 11 15 0 0.00 M M 4.8 12 350 M M 0 15 130
6 68 27 48 9 17 0 0.00 M M 8.8 25 170 M M 0 37 170
7 77 25 51 13 14 0 0.00 M M 10.0 24 200 M M 0 34 200
8 50 31 41 3 24 0 T M M 10.9 28 360 M M 6 35 350
9 50 15 33 -5 32 0 0.05 M M 4.4 16 330 M M 3 21 320
10 54 12 33 -4 32 0 0.00 M M 4.2 13 180 M M 0 17 180
11 60 15 38 1 27 0 0.00 M M 5.7 12 280 M M 0 17 240
12 64 17 41 5 24 0 0.00 M M 4.5 15 160 M M 0 19 120
13 62 14 38 2 27 0 0.00 M M 8.6 26 160 M M 0 37 160
14 71 17 44 8 21 0 0.00 M M 6.6 17 330 M M 0 23 340
15 69 19 44 9 21 0 0.00 M M 6.1 16 170 M M 0 23 170
16 72 26 49 14 16 0 0.00 M M 6.4 18 360 M M 3 24 360
17 65 19 42 8 23 0 0.00 M M 3.6 12 100 M M 0 16 110
18 63 19 41 7 24 0 0.00 M M 5.5 12 350 M M 0 15 340
19 56 25 41 7 24 0 0.00 M M 8.9 25 320 M M 1 34 330
20 41 36 39 6 26 0 0.04 M M 22.4 35 350 M M 7 1 49 340
21 52 23 38 5 27 0 0.00 M M 9.9 23 350 M M 1 40 320
22 75 18 47 15 18 0 0.00 M M 6.0 15 190 M M 0 22 210
23 41 22 32 0 33 0 0.00 M M 11.4 22 30 M M 5 31 50
24 22 15 19 -13 46 0 0.06 M M 10.5 15 150 M M 10 18 21 160
25 21 7 14 -17 51 0 0.01 M M 9.1 21 340 M M 7 18 28 340
26 40 6 23 -8 42 0 0.00 M M 9.6 21 360 M M 0 27 360
27 44 3 24 -6 41 0 0.00 M M 4.3 12 340 M M 0 17 340
28 58 5 32 2 33 0 0.00 M M 4.2 10 360 M M 0 14 360
29 65 4 35 5 30 0 0.00 M M 6.6 17 210 M M 0 23 190
30 40 6 23 -6 42 0 0.00 M M 6.5 15 10 M M 0 19 10
================================================================================
SM 1724 546 807 0 0.16 M 220.2 M 43
================================================================================
AV 57.5 18.2 7.3 FASTST M M 1 MAX(MPH)
MISC ----> 35 350 49 340
================================================================================
NOTES:
# LAST OF SEVERAL OCCURRENCES
COLUMN 17 PEAK WIND IN M.P.H.
PRELIMINARY LOCAL CLIMATOLOGICAL DATA (WS FORM: F-6) , PAGE 2
STATION: LIMON CO
MONTH: NOVEMBER
YEAR: 2023
LATITUDE: 39 10 N
LONGITUDE: 103 42 W
[TEMPERATURE DATA] [PRECIPITATION DATA] SYMBOLS USED IN COLUMN 16
AVERAGE MONTHLY: 37.8 TOTAL FOR MONTH: 0.16 1 = FOG OR MIST
DPTR FM NORMAL: 2.9 DPTR FM NORMAL: -0.24 2 = FOG REDUCING VISIBILITY
HIGHEST: 77 ON 7 GRTST 24HR 0.06 ON 24-24 TO 1/4 MILE OR LESS
LOWEST: 3 ON 27 3 = THUNDER
SNOW, ICE PELLETS, HAIL 4 = ICE PELLETS
TOTAL MONTH: M 5 = HAIL
GRTST 24HR M ON M 6 = FREEZING RAIN OR DRIZZLE
GRTST DEPTH: M ON M 7 = DUSTSTORM OR SANDSTORM:
VSBY 1/2 MILE OR LESS
8 = SMOKE OR HAZE
[NO. OF DAYS WITH] [WEATHER - DAYS WITH] 9 = BLOWING SNOW
X = TORNADO
MAX 32 OR BELOW: 2 0.01 INCH OR MORE: 4
MAX 90 OR ABOVE: 0 0.10 INCH OR MORE: 0
MIN 32 OR BELOW: 29 0.50 INCH OR MORE: 0
MIN 0 OR BELOW: 0 1.00 INCH OR MORE: 0
[HDD (BASE 65) ]
TOTAL THIS MO. 807 CLEAR (SCALE 0-3) 25
DPTR FM NORMAL -96 PTCLDY (SCALE 4-7) 4
TOTAL FM JUL 1 1390 CLOUDY (SCALE 8-10) 1
DPTR FM NORMAL -294
[CDD (BASE 65) ]
TOTAL THIS MO. 0
DPTR FM NORMAL 0 [PRESSURE DATA]
TOTAL FM JAN 1 531 HIGHEST SLP M ON M
DPTR FM NORMAL 129 LOWEST SLP 29.59 ON 7
[REMARKS]
#FINAL-11-23#