000
CXHW51 PHFO 011250
CF6LIH
PRELIMINARY LOCAL CLIMATOLOGICAL DATA (WS FORM: F-6)
STATION: LIHUE HI
MONTH: AUGUST
YEAR: 2020
LATITUDE: 21 58 N
LONGITUDE: 159 21 W
TEMPERATURE IN F: :PCPN: SNOW: WIND :SUNSHINE: SKY :PK WND
================================================================================
1 2 3 4 5 6A 6B 7 8 9 10 11 12 13 14 15 16 17 18
12Z AVG MX 2MIN
DY MAX MIN AVG DEP HDD CDD WTR SNW DPTH SPD SPD DIR MIN PSBL S-S WX SPD DR
================================================================================
1 84 75 80 0 0 15 0.07 0.0 M 14.0 24 60 M M M 1 39 10
2 85 73 79 -1 0 14 0.02 0.0 M 15.6 26 70 M M M 1 32 60
3 85 76 81 1 0 16 0.03 0.0 M 16.0 23 100 M M M 8 26 90
4 84 74 79 -1 0 14 0.01 0.0 M 14.5 24 70 M M M 1 28 80
5 85 76 81 1 0 16 0.11 0.0 M 14.6 21 50 M M M 1 25 60
6 86 76 81 1 0 16 0.02 0.0 M 13.8 22 50 M M M 1 25 50
7 86 77 82 2 0 17 0.08 0.0 M 13.4 23 70 M M M 18 29 70
8 86 77 82 2 0 17 0.01 0.0 M 16.1 24 70 M M M 18 31 80
9 86 77 82 2 0 17 0.03 0.0 M 18.9 25 70 M M M 1 34 70
10 86 76 81 1 0 16 0.01 0.0 M 15.5 22 50 M M M 1 26 30
11 86 78 82 2 0 17 T 0.0 M 13.0 22 70 M M M 28 80
12 86 76 81 1 0 16 0.07 0.0 M 13.6 21 50 M M M 25 50
13 86 76 81 1 0 16 0.02 0.0 M 12.9 20 60 M M M 8 25 80
14 86 75 81 1 0 16 0.01 0.0 M 12.1 21 80 M M M 1 26 60
15 86 74 80 0 0 15 0.01 0.0 M 9.6 17 50 M M M 1 21 80
16 86 75 81 1 0 16 0.07 0.0 M 11.2 22 50 M M M 18 25 50
17 86 72 79 -1 0 14 T 0.0 M 13.5 24 40 M M M 28 30
18 87 73 80 0 0 15 0.15 0.0 M 13.0 24 80 M M M 8 29 80
19 86 77 82 2 0 17 0.05 0.0 M 13.9 18 70 M M M 8 27 80
20 87 78 83 3 0 18 0.00 0.0 M 13.7 18 70 M M M 22 70
21 86 78 82 2 0 17 T 0.0 M 13.4 20 80 M M M 24 80
22 87 76 82 2 0 17 T 0.0 M 14.3 22 40 M M M 1 25 40
23 87 76 82 2 0 17 T 0.0 M 11.2 16 50 M M M 20 80
24 88 76 82 2 0 17 T 0.0 M 11.5 15 70 M M M 19 80
25 87 75 81 1 0 16 0.00 0.0 M 12.2 17 80 M M M 21 70
26 86 M M M M M 0.03 0.0 M 12.9 22 40 M M M 26 50
27 86 M M M M M 0.22 0.0 M 12.9 20 60 M M M 1 26 110
28 M M M M M M M M M M M M M M M M M
29 M M M M M M M M M M M M M M M M M
30 M M M M M M M M M M M M M M M M M
31 M M M M M M M M M M M M M M M M M
================================================================================
SM 2322 1892 0 402 1.02 0.0 367.3 M M
================================================================================
AV 86.0 75.7 13.6 FASTST M M 0 MAX(MPH)
MISC ----> # 26 70 # 39 10
================================================================================
NOTES:
# LAST OF SEVERAL OCCURRENCES
COLUMN 17 PEAK WIND IN M.P.H.
PRELIMINARY LOCAL CLIMATOLOGICAL DATA (WS FORM: F-6) , PAGE 2
STATION: LIHUE HI
MONTH: AUGUST
YEAR: 2020
LATITUDE: 21 58 N
LONGITUDE: 159 21 W
[TEMPERATURE DATA] [PRECIPITATION DATA] SYMBOLS USED IN COLUMN 16
AVERAGE MONTHLY: 80.8 TOTAL FOR MONTH: 1.02 1 = FOG OR MIST
DPTR FM NORMAL: 1.1 DPTR FM NORMAL: -1.11 2 = FOG REDUCING VISIBILITY
HIGHEST: 88 ON 24 GRTST 24HR 0.22 ON 27-27 TO 1/4 MILE OR LESS
LOWEST: 72 ON 17 3 = THUNDER
SNOW, ICE PELLETS, HAIL 4 = ICE PELLETS
TOTAL MONTH: 0.0 INCH 5 = HAIL
GRTST 24HR 0.0 6 = FREEZING RAIN OR DRIZZLE
GRTST DEPTH: M ON M 7 = DUSTSTORM OR SANDSTORM:
VSBY 1/2 MILE OR LESS
8 = SMOKE OR HAZE
[NO. OF DAYS WITH] [WEATHER - DAYS WITH] 9 = BLOWING SNOW
X = TORNADO
MAX 32 OR BELOW: 0 0.01 INCH OR MORE: 19
MAX 90 OR ABOVE: 0 0.10 INCH OR MORE: 3
MIN 32 OR BELOW: 0 0.50 INCH OR MORE: 0
MIN 0 OR BELOW: 0 1.00 INCH OR MORE: 0
[HDD (BASE 65) ]
TOTAL THIS MO. 0 CLEAR (SCALE 0-3) 0
DPTR FM NORMAL 0 PTCLDY (SCALE 4-7) 0
TOTAL FM JUL 1 0 CLOUDY (SCALE 8-10) 0
DPTR FM NORMAL 0
[CDD (BASE 65) ]
TOTAL THIS MO. 402
DPTR FM NORMAL -52 [PRESSURE DATA]
TOTAL FM JAN 1 2733 HIGHEST SLP 30.14 ON 8
DPTR FM NORMAL 207 LOWEST SLP 29.93 ON 13
[REMARKS]
#FINAL-08-20#