000
CXUS54 KLZK 091139
CF6LIT
PRELIMINARY LOCAL CLIMATOLOGICAL DATA (WS FORM: F-6)
STATION: LITTLE ROCK ADAMS FIELD
MONTH: APRIL
YEAR: 2022
LATITUDE: 34 43 N
LONGITUDE: 92 14 W
TEMPERATURE IN F: :PCPN: SNOW: WIND :SUNSHINE: SKY :PK WND
================================================================================
1 2 3 4 5 6A 6B 7 8 9 10 11 12 13 14 15 16 17 18
12Z AVG MX 2MIN
DY MAX MIN AVG DEP HDD CDD WTR SNW DPTH SPD SPD DIR MIN PSBL S-S WX SPD DR
================================================================================
1 60 33 47 -11 18 0 0.00 0.0 0 4.4 10 110 M M 2 17 80
2 73 48 61 3 4 0 T 0.0 0 4.0 17 330 M M 6 8 21 330
3 73 48 61 3 4 0 0.00 0.0 0 7.2 15 130 M M 4 19 140
4 79 50 65 7 0 0 T 0.0 0 4.7 16 20 M M 9 38 20 210
5 77 57 67 8 0 2 1.24 0.0 0 7.4 28 60 M M 6 13 32 60
6 70 52 61 2 4 0 0.01 0.0 0 11.0 26 360 M M 5 33 360
7 65 48 57 -2 8 0 0.00 0.0 0 14.3 31 310 M M 3 40 300
8 55 38 47 -13 18 0 0.00 0.0 0 13.1 28 320 M M 8 2 39 320
9 73 35 54 -6 11 0 0.00 0.0 0 7.4 17 230 M M 0 22 230
10 84 51 68 8 0 3 0.00 0.0 0 15.0 29 200 M M 6 38 200
11 79 62 71 11 0 6 0.08 0.0 0 8.4 21 210 M M 9 138 28 210
12 82 68 75 14 0 10 0.11 0.0 0 14.8 31 170 M M 9 138 41 170
13 73 50 62 1 3 0 1.49 0.0 0 11.4 35 170 M M 8 13 41 170
14 71 40 56 -5 9 0 0.00 0.0 0 3.7 8 130 M M 1 M M
15 81 46 64 3 1 0 0.01 0.0 0 8.2 23 210 M M 7 1 29 210
16 70 58 64 2 1 0 0.33 0.0 0 9.8 22 60 M M 10 13 25 70
17 58 49 54 -8 11 0 0.07 0.0 0 10.9 17 10 M M 10 138 23 80
18 69 48 59 -3 6 0 0.00 0.0 0 9.2 20 360 M M 4 27 20
19 65 43 54 -8 11 0 0.00 0.0 0 7.8 15 130 M M 2 20 120
20 67 52 60 -3 5 0 1.36 0.0 0 7.2 20 140 M M 10 13 25 140
21 81 67 74 11 0 9 0.00 0.0 0 8.1 21 200 M M 8 8 27 190
22 84 69 77 14 0 12 T 0.0 0 10.4 20 160 M M 4 26 200
23 83 66 75 12 0 10 0.00 0.0 0 11.4 22 200 M M 5 29 200
24 85 70 78 14 0 13 0.11 0.0 0 9.9 17 180 M M 8 13 24 190
25 71 55 63 -1 2 0 0.43 0.0 0 7.0 25 350 M M 10 1 33 330
26 72 49 61 -3 4 0 0.00 0.0 0 5.9 15 60 M M 2 20 40
27 72 44 58 -6 7 0 0.00 0.0 0 4.2 14 110 M M 2 1 18 120
28 81 51 66 1 0 1 0.00 0.0 0 4.7 14 150 M M 7 19 140
29 85 56 71 6 0 6 0.00 0.0 0 9.1 20 190 M M 3 25 210
30 82 64 73 8 0 8 0.00 0.0 0 9.5 23 210 M M 6 3 32 200
================================================================================
SM 2220 1567 127 80 5.24 0.0 260.1 M 174
================================================================================
AV 74.0 52.2 8.7 FASTST M M 6 MAX(MPH)
MISC ----> 35 170 # 41 170
================================================================================
NOTES:
# LAST OF SEVERAL OCCURRENCES
COLUMN 17 PEAK WIND IN M.P.H.
PRELIMINARY LOCAL CLIMATOLOGICAL DATA (WS FORM: F-6) , PAGE 2
STATION: LITTLE ROCK ADAMS FIELD
MONTH: APRIL
YEAR: 2022
LATITUDE: 34 43 N
LONGITUDE: 92 14 W
[TEMPERATURE DATA] [PRECIPITATION DATA] SYMBOLS USED IN COLUMN 16
AVERAGE MONTHLY: 63.1 TOTAL FOR MONTH: 5.24 1 = FOG OR MIST
DPTR FM NORMAL: 1.7 DPTR FM NORMAL: -0.35 2 = FOG REDUCING VISIBILITY
HIGHEST: 85 ON 29,24 GRTST 24HR 1.59 ON 12-13 TO 1/4 MILE OR LESS
LOWEST: 33 ON 1 3 = THUNDER
SNOW, ICE PELLETS, HAIL 4 = ICE PELLETS
TOTAL MONTH: 0.0 INCH 5 = HAIL
GRTST 24HR 0.0 6 = FREEZING RAIN OR DRIZZLE
GRTST DEPTH: 0 7 = DUSTSTORM OR SANDSTORM:
VSBY 1/2 MILE OR LESS
8 = SMOKE OR HAZE
[NO. OF DAYS WITH] [WEATHER - DAYS WITH] 9 = BLOWING SNOW
X = TORNADO
MAX 32 OR BELOW: 0 0.01 INCH OR MORE: 11
MAX 90 OR ABOVE: 0 0.10 INCH OR MORE: 7
MIN 32 OR BELOW: 0 0.50 INCH OR MORE: 3
MIN 0 OR BELOW: 0 1.00 INCH OR MORE: 3
[HDD (BASE 65) ]
TOTAL THIS MO. 127 CLEAR (SCALE 0-3) 7
DPTR FM NORMAL -27 PTCLDY (SCALE 4-7) 13
TOTAL FM JUL 1 2525 CLOUDY (SCALE 8-10) 10
DPTR FM NORMAL -607
[CDD (BASE 65) ]
TOTAL THIS MO. 80
DPTR FM NORMAL 32 [PRESSURE DATA]
TOTAL FM JAN 1 95 HIGHEST SLP 30.43 ON 26
DPTR FM NORMAL 34 LOWEST SLP 29.48 ON 6
[REMARKS]
#FINAL-04-22#