000
CXUS56 KMFR 010930
CF6LMT
PRELIMINARY LOCAL CLIMATOLOGICAL DATA (WS FORM: F-6)
STATION: KLAMATH FALLS OR
MONTH: JUNE
YEAR: 2022
LATITUDE: 42 9 N
LONGITUDE: 121 44 W
TEMPERATURE IN F: :PCPN: SNOW: WIND :SUNSHINE: SKY :PK WND
================================================================================
1 2 3 4 5 6A 6B 7 8 9 10 11 12 13 14 15 16 17 18
12Z AVG MX 2MIN
DY MAX MIN AVG DEP HDD CDD WTR SNW DPTH SPD SPD DIR MIN PSBL S-S WX SPD DR
================================================================================
1 79 35 57 2 8 0 0.00 M M 5.2 18 340 M M 1 24 340
2 76 39 58 3 7 0 0.02 M M 3.0 31 270 M M 4 3 42 280
3 70 38 54 -2 11 0 0.11 M M 4.9 22 290 M M 5 12 28 290
4 64 47 56 0 9 0 0.20 M M 9.1 23 190 M M 10 29 200
5 69 41 55 -1 10 0 0.12 M M 10.2 23 270 M M 7 1 30 270
6 69 37 53 -3 12 0 0.00 M M 6.0 21 330 M M 3 27 340
7 79 33 56 0 9 0 0.02 M M 4.6 18 260 M M 3 12 25 270
8 76 46 61 4 4 0 0.13 M M 5.4 14 330 M M 6 1 21 320
9 80 40 60 3 5 0 0.00 M M 4.8 17 290 M M 0 25 270
10 82 49 66 9 0 1 0.00 M M 8.1 28 280 M M 1 35 270
11 80 52 66 9 0 1 0.00 M M 10.2 26 270 M M 3 36 260
12 61 39 50 -8 15 0 0.12 M M 12.6 29 290 M M 6 1 38 270
13 58 33 46 -12 19 0 T M M 9.5 21 350 M M 3 28 350
14 66 26 46 -12 19 0 0.00 M M 6.4 21 350 M M 0 12 27 340
15 81 30 56 -2 9 0 0.00 M M 5.7 23 300 M M 0 29 290
16 68 42 55 -4 10 0 0.00 M M 7.1 17 330 M M 1 22 290
17 63 40 52 -7 13 0 T M M 9.1 25 280 M M 4 33 280
18 58 35 47 -12 18 0 0.09 M M 7.4 16 310 M M 7 1 25 260
19 66 32 49 -11 16 0 0.00 M M 8.0 21 340 M M 5 1 27 320
20 72 31 52 -8 13 0 0.00 M M 4.0 14 330 M M 2 17 330
21 84 42 63 3 2 0 0.00 M M 6.3 15 330 M M 0 19 70
22 89 45 67 7 0 2 0.00 M M 8.5 22 340 M M 0 29 340
23 86 43 65 4 0 0 0.00 M M 6.9 22 340 M M 0 1 28 340
24 87 40 64 3 1 0 0.00 M M 6.8 17 330 M M 0 23 330
25 92 49 71 9 0 6 0.00 M M 7.0 21 150 M M 0 26 140
26 95 48 72 10 0 7 0.00 M M 6.3 21 190 M M 0 27 210
27 94 48 71 9 0 6 0.00 M M 7.9 29 170 M M 0 41 160
28 83 43 63 0 2 0 0.00 M M 9.4 25 340 M M 0 40 320
29 84 35 60 -3 5 0 0.00 M M 5.7 22 330 M M 0 27 330
30 85 42 64 1 1 0 0.00 M M 5.2 23 320 M M 0 29 330
================================================================================
SM 2296 1200 218 23 0.81 M 211.3 M 71
================================================================================
AV 76.5 40.0 7.0 FASTST M M 2 MAX(MPH)
MISC ----> 31 270 42 280
================================================================================
NOTES:
# LAST OF SEVERAL OCCURRENCES
COLUMN 17 PEAK WIND IN M.P.H.
PRELIMINARY LOCAL CLIMATOLOGICAL DATA (WS FORM: F-6) , PAGE 2
STATION: KLAMATH FALLS OR
MONTH: JUNE
YEAR: 2022
LATITUDE: 42 9 N
LONGITUDE: 121 44 W
[TEMPERATURE DATA] [PRECIPITATION DATA] SYMBOLS USED IN COLUMN 16
AVERAGE MONTHLY: 58.3 TOTAL FOR MONTH: 0.81 1 = FOG OR MIST
DPTR FM NORMAL: -0.5 DPTR FM NORMAL: 0.15 2 = FOG REDUCING VISIBILITY
HIGHEST: 95 ON 26 GRTST 24HR 0.26 ON 3- 4 TO 1/4 MILE OR LESS
LOWEST: 26 ON 14 3 = THUNDER
SNOW, ICE PELLETS, HAIL 4 = ICE PELLETS
TOTAL MONTH: M 5 = HAIL
GRTST 24HR M ON M 6 = FREEZING RAIN OR DRIZZLE
GRTST DEPTH: M ON M 7 = DUSTSTORM OR SANDSTORM:
VSBY 1/2 MILE OR LESS
8 = SMOKE OR HAZE
[NO. OF DAYS WITH] [WEATHER - DAYS WITH] 9 = BLOWING SNOW
X = TORNADO
MAX 32 OR BELOW: 0 0.01 INCH OR MORE: 8
MAX 90 OR ABOVE: 3 0.10 INCH OR MORE: 5
MIN 32 OR BELOW: 4 0.50 INCH OR MORE: 0
MIN 0 OR BELOW: 0 1.00 INCH OR MORE: 0
[HDD (BASE 65) ]
TOTAL THIS MO. 218 CLEAR (SCALE 0-3) 19
DPTR FM NORMAL 11 PTCLDY (SCALE 4-7) 10
TOTAL FM JUL 1 6710 CLOUDY (SCALE 8-10) 1
DPTR FM NORMAL 0
[CDD (BASE 65) ]
TOTAL THIS MO. 23
DPTR FM NORMAL 2 [PRESSURE DATA]
TOTAL FM JAN 1 23 HIGHEST SLP M ON M
DPTR FM NORMAL -1 LOWEST SLP 29.61 ON 12
[REMARKS]
#FINAL-06-22#