000
CXUS55 KRIW 141715
CF6LND
PRELIMINARY LOCAL CLIMATOLOGICAL DATA (WS FORM: F-6)
STATION: LANDER WY
MONTH: FEBRUARY
YEAR: 2024
LATITUDE: 42 49 N
LONGITUDE: 108 44 W
TEMPERATURE IN F: :PCPN: SNOW: WIND :SUNSHINE: SKY :PK WND
================================================================================
1 2 3 4 5 6A 6B 7 8 9 10 11 12 13 14 15 16 17 18
12Z AVG MX 2MIN
DY MAX MIN AVG DEP HDD CDD WTR SNW DPTH SPD SPD DIR MIN PSBL S-S WX SPD DR
================================================================================
1 40 21 31 9 34 0 0.00 0.0 M 3.0 10 270 M M 0 11 270
2 41 26 34 12 31 0 0.01 0.0 M 4.0 16 240 M M 5 20 250
3 39 32 36 14 29 0 0.88 3.2 M 7.1 14 320 M M 10 12 20 310
4 40 20 30 8 35 0 0.25 1.8 M 4.5 14 320 M M 5 12 21 320
5 32 17 25 3 40 0 0.00 0.0 M 5.3 15 320 M M 4 128 19 250
6 40 17 29 6 36 0 0.00 0.0 M 5.5 15 320 M M 1 18 310
7 41 26 34 11 31 0 0.00 0.0 M 4.5 15 250 M M 2 17 250
8 39 21 30 7 35 0 0.00 0.0 M 2.8 12 320 M M 2 12 16 310
9 34 16 25 2 40 0 0.00 0.0 M 4.6 16 280 M M 4 20 280
10 29 13 21 -2 44 0 0.07 1.8 M 4.7 13 220 M M 6 1 16 360
11 31 9 20 -4 45 0 0.00 0.0 M 2.1 9 230 M M 2 12 240
12 37 15 26 2 39 0 0.00 0.0 M 2.4 10 260 M M 1 12 260
13 37 17 27 3 38 0 0.00 0.0 M 4.2 10 230 M M 1 13 280
14 34 17 26 2 39 0 0.00 0.0 M 4.5 13 250 M M 0 15 250
15 29 16 23 -2 42 0 0.00 0.0 M 4.9 15 20 M M 5 18 10
16 20 1 11 -14 54 0 0.15 2.0 M 4.4 13 30 M M 9 12 M M
17 17 -4 7 -18 58 0 0.00 0.0 M 2.3 10 250 M M 0 1 11 260
18 29 -2 14 -12 51 0 0.00 0.0 M 3.6 14 240 M M 1 15 230
19 43 18 31 5 34 0 0.00 0.0 M 3.5 15 330 M M 1 17 330
20 47 22 35 9 30 0 0.00 0.0 M 3.5 14 250 M M 0 16 260
21 41 29 35 8 30 0 0.04 0.3 M 4.0 12 320 M M 9 1 M M
22 45 26 36 9 29 0 0.00 0.0 M 5.9 18 260 M M 4 25 260
23 43 22 33 6 32 0 0.00 0.0 M 5.0 17 240 M M 0 21 230
24 48 15 32 4 33 0 0.00 0.0 M 5.4 26 290 M M 0 39 290
25 51 27 39 11 26 0 0.00 0.0 M 7.1 24 260 M M 0 34 270
26 51 31 41 12 24 0 0.01 T M 11.5 40 250 M M 5 1 52 250
27 32 15 24 -5 41 0 0.04 0.3 M 6.9 18 310 M M 6 128 26 310
28 38 11 25 -5 40 0 0.00 0.0 M 3.7 12 230 M M 0 14 250
29 54 22 38 8 27 0 0.00 0.0 M 4.2 10 220 M M 1 43 240
================================================================================
SM 1102 516 1067 0 1.45 9.4 135.1 M 84
================================================================================
AV 38.0 17.8 4.7 FASTST M M 3 MAX(MPH)
MISC ----> 40 250 52 250
================================================================================
NOTES:
# LAST OF SEVERAL OCCURRENCES
COLUMN 17 PEAK WIND IN M.P.H.
PRELIMINARY LOCAL CLIMATOLOGICAL DATA (WS FORM: F-6) , PAGE 2
STATION: LANDER WY
MONTH: FEBRUARY
YEAR: 2024
LATITUDE: 42 49 N
LONGITUDE: 108 44 W
[TEMPERATURE DATA] [PRECIPITATION DATA] SYMBOLS USED IN COLUMN 16
AVERAGE MONTHLY: 27.9 TOTAL FOR MONTH: 1.45 1 = FOG OR MIST
DPTR FM NORMAL: 2.9 DPTR FM NORMAL: 0.75 2 = FOG REDUCING VISIBILITY
HIGHEST: 54 ON 29 GRTST 24HR 1.10 ON 3- 4 TO 1/4 MILE OR LESS
LOWEST: -4 ON 17 3 = THUNDER
SNOW, ICE PELLETS, HAIL 4 = ICE PELLETS
TOTAL MONTH: 9.4 INCHES 5 = HAIL
GRTST 24HR 3.2 ON 3- 3 6 = FREEZING RAIN OR DRIZZLE
GRTST DEPTH: M ON M 7 = DUSTSTORM OR SANDSTORM:
VSBY 1/2 MILE OR LESS
8 = SMOKE OR HAZE
[NO. OF DAYS WITH] [WEATHER - DAYS WITH] 9 = BLOWING SNOW
X = TORNADO
MAX 32 OR BELOW: 8 0.01 INCH OR MORE: 8
MAX 90 OR ABOVE: 0 0.10 INCH OR MORE: 3
MIN 32 OR BELOW: 29 0.50 INCH OR MORE: 1
MIN 0 OR BELOW: 2 1.00 INCH OR MORE: 0
[HDD (BASE 65) ]
TOTAL THIS MO. 1067 CLEAR (SCALE 0-3) 17
DPTR FM NORMAL -54 PTCLDY (SCALE 4-7) 9
TOTAL FM JUL 1 5308 CLOUDY (SCALE 8-10) 3
DPTR FM NORMAL -413
[CDD (BASE 65) ]
TOTAL THIS MO. 0
DPTR FM NORMAL 0 [PRESSURE DATA]
TOTAL FM JAN 1 0 HIGHEST SLP 30.62 ON 17
DPTR FM NORMAL 0 LOWEST SLP 29.31 ON 26
[REMARKS]
#FINAL-02-24#