000
CXUS53 KLMK 010810
CF6LOU
PRELIMINARY LOCAL CLIMATOLOGICAL DATA (WS FORM: F-6)
STATION: LOUISVILLE BOWMAN KY
MONTH: FEBRUARY
YEAR: 2024
LATITUDE: 38 13 N
LONGITUDE: 85 39 W
TEMPERATURE IN F: :PCPN: SNOW: WIND :SUNSHINE: SKY :PK WND
================================================================================
1 2 3 4 5 6A 6B 7 8 9 10 11 12 13 14 15 16 17 18
12Z AVG MX 2MIN
DY MAX MIN AVG DEP HDD CDD WTR SNW DPTH SPD SPD DIR MIN PSBL S-S WX SPD DR
================================================================================
1 58 29 44 8 21 0 0.00 M M 7.7 16 220 M M 0 20 220
2 54 35 45 9 20 0 0.00 M M 6.3 13 50 M M 3 18 60
3 56 31 44 8 21 0 0.00 M M 8.6 16 60 M M 0 24 60
4 58 29 44 8 21 0 0.00 M M 7.6 16 30 M M 0 26 20
5 59 34 47 11 18 0 0.00 M M 6.8 13 10 M M 0 18 340
6 47 29 38 1 27 0 0.00 M M 5.4 12 90 M M 4 16 90
7 62 26 44 7 21 0 0.00 M M 2.9 12 140 M M 0 1 18 150
8 65 40 53 16 12 0 0.00 M M 11.7 22 180 M M 2 29 160
9 62 49 56 19 9 0 0.00 M M 10.2 18 200 M M 8 25 190
10 60 45 53 16 12 0 0.45 M M 5.8 26 300 M M 6 13 39 300
11 52 38 45 7 20 0 T M M 6.1 13 350 M M 5 21 340
12 53 33 43 5 22 0 0.00 M M 8.0 17 30 M M 4 26 10
13 53 31 42 4 23 0 0.00 M M 6.5 18 290 M M 1 27 300
14 58 33 46 8 19 0 0.00 M M 2.9 8 90 M M 2 12 80
15 63 35 49 10 16 0 0.00 M M 8.7 22 290 M M 1 32 250
16 44 28 36 -3 29 0 0.04 M M 7.0 20 10 M M 5 1 29 10
17 30 17 24 -15 41 0 0.00 M M 9.3 16 270 M M 5 23 280
18 47 15 31 -8 34 0 0.00 M M 8.5 18 240 M M 0 27 220
19 53 21 37 -3 28 0 0.00 M M 1.5 9 260 M M 0 13 260
20 60 26 43 3 22 0 0.00 M M 1.7 10 160 M M 0 13 170
21 68 31 50 10 15 0 0.00 M M 6.9 21 180 M M 1 30 190
22 61 49 55 15 10 0 0.54 M M 11.2 21 190 M M 10 13 30 190
23 58 36 47 6 18 0 0.00 M M 6.6 20 290 M M 3 12 27 290
24 46 27 37 -4 28 0 0.00 M M 8.1 21 300 M M 8 30 290
25 61 26 44 3 21 0 0.00 M M 8.1 21 210 M M 1 28 160
26 75 42 59 17 6 0 0.02 M M 8.4 18 180 M M 1 30 200
27 71 55 63 21 2 0 0.14 M M 13.0 25 200 M M 7 13 35 200
28 71 30 51 9 14 0 0.15 M M 14.7 28 200 M M 4 13 42 190
29 45 22 34 -8 31 0 0.00 M M 3.1 9 90 M M 0 13 100
================================================================================
SM 1650 942 581 0 1.34 M 213.3 M 81
================================================================================
AV 56.9 32.5 7.4 FASTST M M 3 MAX(MPH)
MISC ----> 28 200 42 190
================================================================================
NOTES:
# LAST OF SEVERAL OCCURRENCES
COLUMN 17 PEAK WIND IN M.P.H.
PRELIMINARY LOCAL CLIMATOLOGICAL DATA (WS FORM: F-6) , PAGE 2
STATION: LOUISVILLE BOWMAN KY
MONTH: FEBRUARY
YEAR: 2024
LATITUDE: 38 13 N
LONGITUDE: 85 39 W
[TEMPERATURE DATA] [PRECIPITATION DATA] SYMBOLS USED IN COLUMN 16
AVERAGE MONTHLY: 44.7 TOTAL FOR MONTH: 1.34 1 = FOG OR MIST
DPTR FM NORMAL: 6.0 DPTR FM NORMAL: -1.93 2 = FOG REDUCING VISIBILITY
HIGHEST: 75 ON 26 GRTST 24HR 0.54 ON 22-22 TO 1/4 MILE OR LESS
LOWEST: 15 ON 18 3 = THUNDER
SNOW, ICE PELLETS, HAIL 4 = ICE PELLETS
TOTAL MONTH: M 5 = HAIL
GRTST 24HR M ON M 6 = FREEZING RAIN OR DRIZZLE
GRTST DEPTH: M ON M 7 = DUSTSTORM OR SANDSTORM:
VSBY 1/2 MILE OR LESS
8 = SMOKE OR HAZE
[NO. OF DAYS WITH] [WEATHER - DAYS WITH] 9 = BLOWING SNOW
X = TORNADO
MAX 32 OR BELOW: 1 0.01 INCH OR MORE: 6
MAX 90 OR ABOVE: 0 0.10 INCH OR MORE: 4
MIN 32 OR BELOW: 16 0.50 INCH OR MORE: 1
MIN 0 OR BELOW: 0 1.00 INCH OR MORE: 0
[HDD (BASE 65) ]
TOTAL THIS MO. 581 CLEAR (SCALE 0-3) 17
DPTR FM NORMAL -157 PTCLDY (SCALE 4-7) 11
TOTAL FM JUL 1 3006 CLOUDY (SCALE 8-10) 1
DPTR FM NORMAL -319
[CDD (BASE 65) ]
TOTAL THIS MO. 0
DPTR FM NORMAL 0 [PRESSURE DATA]
TOTAL FM JAN 1 0 HIGHEST SLP 30.58 ON 29
DPTR FM NORMAL 0 LOWEST SLP 29.43 ON 28
[REMARKS]
#FINAL-02-24#