000
CXUS53 KLMK 010810
CF6LOU
PRELIMINARY LOCAL CLIMATOLOGICAL DATA (WS FORM: F-6)
STATION: LOUISVILLE BOWMAN KY
MONTH: DECEMBER
YEAR: 2021
LATITUDE: 38 13 N
LONGITUDE: 85 39 W
TEMPERATURE IN F: :PCPN: SNOW: WIND :SUNSHINE: SKY :PK WND
================================================================================
1 2 3 4 5 6A 6B 7 8 9 10 11 12 13 14 15 16 17 18
12Z AVG MX 2MIN
DY MAX MIN AVG DEP HDD CDD WTR SNW DPTH SPD SPD DIR MIN PSBL S-S WX SPD DR
================================================================================
1 60 33 47 5 18 0 T M M 6.1 21 200 M M 5 27 200
2 70 47 59 17 6 0 0.00 M M 9.5 21 210 M M 2 1 30 210
3 72 38 55 13 10 0 0.00 M M 3.0 10 180 M M 0 13 180
4 58 39 49 8 16 0 0.00 M M 5.8 14 20 M M 0 18 30
5 68 38 53 12 12 0 0.14 M M 10.2 20 190 M M 7 1 31 190
6 65 31 48 7 17 0 0.83 M M 10.8 33 180 M M 5 13 46 210
7 34 27 31 -10 34 0 0.00 M M 3.6 14 340 M M 3 19 330
8 47 26 37 -3 28 0 0.00 M M 5.0 16 240 M M 2 23 230
9 63 28 46 6 19 0 0.00 M M 9.2 25 210 M M 3 36 210
10 67 49 58 18 7 0 0.25 M M 9.0 23 170 M M 8 13 39 170
11 69 31 50 10 15 0 0.72 M M 15.3 38 190 M M 7 13 52 190
12 50 28 39 -1 26 0 0.00 M M 4.4 14 200 M M 0 17 200
13 57 30 44 5 21 0 0.00 M M 5.0 17 220 M M 0 24 230
14 61 31 46 7 19 0 0.00 M M 4.0 10 130 M M 2 14 160
15 69 51 60 21 5 0 0.00 M M 10.7 23 190 M M 6 31 180
16 65 44 55 16 10 0 0.29 M M 11.0 23 180 M M 7 12 34 190
17 49 40 45 7 20 0 0.49 M M 5.2 12 80 M M 8 1 15 50
18 61 38 50 12 15 0 0.06 M M 7.8 22 280 M M 9 1 29 290
19 38 30 34 -4 31 0 0.00 M M 5.8 15 20 M M 7 21 10
20 45 24 35 -3 30 0 0.00 M M 0.8 8 180 M M 0 1 12 160
21 50 28 39 1 26 0 0.00 M M 4.3 15 220 M M 0 1 19 230
22 40 28 34 -4 31 0 0.00 M M 4.5 14 310 M M 0 21 320
23 57 24 41 4 24 0 0.00 M M 8.7 17 220 M M 3 27 180
24 65 50 58 21 7 0 0.00 M M 13.5 25 200 M M 9 36 210
25 74 51 63 26 2 0 T M M 12.5 23 230 M M 7 36 220
26 58 51 55 18 10 0 0.00 M M 4.8 12 100 M M 7 16 90
27 73 54 64 27 1 0 T M M 10.5 21 220 M M 8 29 240
28 69 43 56 20 9 0 0.44 M M 8.7 24 290 M M 9 1 33 300
29 56 49 53 17 12 0 0.26 M M 4.6 12 210 M M 9 1 16 210
30 54 47 51 15 14 0 0.00 M M 3.1 9 220 M M 10 1 13 230
31 68 48 58 22 7 0 0.33 M M 7.8 17 210 M M 8 18 29 210
================================================================================
SM 1832 1176 502 0 3.81 M 225.2 M 151
================================================================================
AV 59.1 37.9 7.3 FASTST M M 5 MAX(MPH)
MISC ----> 38 190 52 190
================================================================================
NOTES:
# LAST OF SEVERAL OCCURRENCES
COLUMN 17 PEAK WIND IN M.P.H.
PRELIMINARY LOCAL CLIMATOLOGICAL DATA (WS FORM: F-6) , PAGE 2
STATION: LOUISVILLE BOWMAN KY
MONTH: DECEMBER
YEAR: 2021
LATITUDE: 38 13 N
LONGITUDE: 85 39 W
[TEMPERATURE DATA] [PRECIPITATION DATA] SYMBOLS USED IN COLUMN 16
AVERAGE MONTHLY: 48.5 TOTAL FOR MONTH: 3.81 1 = FOG OR MIST
DPTR FM NORMAL: 9.7 DPTR FM NORMAL: -0.07 2 = FOG REDUCING VISIBILITY
HIGHEST: 74 ON 25 GRTST 24HR 0.97 ON 10-11 TO 1/4 MILE OR LESS
LOWEST: 24 ON 23,20 3 = THUNDER
SNOW, ICE PELLETS, HAIL 4 = ICE PELLETS
TOTAL MONTH: M 5 = HAIL
GRTST 24HR M ON M 6 = FREEZING RAIN OR DRIZZLE
GRTST DEPTH: M ON M 7 = DUSTSTORM OR SANDSTORM:
VSBY 1/2 MILE OR LESS
8 = SMOKE OR HAZE
[NO. OF DAYS WITH] [WEATHER - DAYS WITH] 9 = BLOWING SNOW
X = TORNADO
MAX 32 OR BELOW: 0 0.01 INCH OR MORE: 10
MAX 90 OR ABOVE: 0 0.10 INCH OR MORE: 9
MIN 32 OR BELOW: 13 0.50 INCH OR MORE: 2
MIN 0 OR BELOW: 0 1.00 INCH OR MORE: 0
[HDD (BASE 65) ]
TOTAL THIS MO. 502 CLEAR (SCALE 0-3) 13
DPTR FM NORMAL -310 PTCLDY (SCALE 4-7) 12
TOTAL FM JUL 1 1248 CLOUDY (SCALE 8-10) 6
DPTR FM NORMAL -366
[CDD (BASE 65) ]
TOTAL THIS MO. 0
DPTR FM NORMAL 0 [PRESSURE DATA]
TOTAL FM JAN 1 1684 HIGHEST SLP 30.45 ON 14
DPTR FM NORMAL 141 LOWEST SLP 29.51 ON 11
[REMARKS]
#FINAL-12-21#