000
CXUS53 KLMK 010800
CF6LOU
PRELIMINARY LOCAL CLIMATOLOGICAL DATA (WS FORM: F-6)
STATION: LOUISVILLE BOWMAN KY
MONTH: SEPTEMBER
YEAR: 2020
LATITUDE: 38 13 N
LONGITUDE: 85 40 W
TEMPERATURE IN F: :PCPN: SNOW: WIND :SUNSHINE: SKY :PK WND
================================================================================
1 2 3 4 5 6A 6B 7 8 9 10 11 12 13 14 15 16 17 18
12Z AVG MX 2MIN
DY MAX MIN AVG DEP HDD CDD WTR SNW DPTH SPD SPD DIR MIN PSBL S-S WX SPD DR
================================================================================
1 85 75 80 5 0 15 T M M 5.4 15 220 M M 6 18 19 220
2 86 73 80 5 0 15 0.50 M M 5.9 14 270 M M 6 1 22 280
3 86 74 80 5 0 15 1.49 M M 7.8 18 270 M M 7 1 24 250
4 81 62 72 -2 0 7 0.01 M M 5.7 14 280 M M 2 20 280
5 84 55 70 -4 0 5 0.00 M M 1.9 10 210 M M 0 16 130
6 85 59 72 -2 0 7 0.00 M M 4.1 16 190 M M 0 23 190
7 86 64 75 2 0 10 0.00 M M 8.6 17 200 M M 0 24 190
8 89 66 78 5 0 13 0.00 M M 3.9 12 160 M M 0 16 200
9 91 64 78 6 0 13 0.00 M M 1.4 8 20 M M 2 14 50
10 89 66 78 6 0 13 0.00 M M 3.6 9 360 M M 1 12 13 10
11 76 70 73 1 0 8 0.00 M M 7.1 13 80 M M 6 18 17 90
12 86 68 77 6 0 12 0.04 M M 4.3 10 90 M M 5 18 14 110
13 83 68 76 5 0 11 0.01 M M 2.5 7 340 M M 4 1 12 340
14 83 64 74 4 0 9 0.00 M M 7.3 15 20 M M 1 20 360
15 76 56 66 -4 0 1 0.00 M M 6.0 13 50 M M 0 17 40
16 81 54 68 -2 0 3 0.00 M M 0.6 8 190 M M 1 1 11 320
17 83 60 72 3 0 7 0.00 M M 5.1 15 70 M M 1 12 21 90
18 72 56 64 -5 1 0 0.00 M M 8.7 20 30 M M 1 26 20
19 72 47 60 -8 5 0 0.00 M M 7.3 14 50 M M 0 20 50
20 76 46 61 -7 4 0 0.00 M M 7.1 16 40 M M 0 24 30
21 77 46 62 -5 3 0 0.00 M M 3.6 9 90 M M 0 14 90
22 74 49 62 -5 3 0 0.00 M M 2.1 9 260 M M 1 11 270
23 73 53 63 -3 2 0 0.00 M M 1.6 7 360 M M 0 1 10 40
24 77 61 69 3 0 4 0.03 M M 4.4 14 170 M M 5 1 17 160
25 81 60 71 6 0 6 0.00 M M 2.3 8 220 M M 5 12 90
26 78 60 69 4 0 4 0.00 M M 5.3 16 190 M M 5 12 21 190
27 81 59 70 5 0 5 0.00 M M 6.4 16 210 M M 3 25 230
28 69 53 61 -3 4 0 0.29 M M 5.6 21 280 M M 6 1 29 270
29 65 47 56 -8 9 0 0.04 M M 2.3 13 270 M M 4 12 18 270
30 79 47 63 0 2 0 T M M 11.1 26 210 M M 3 37 190
================================================================================
SM 2404 1782 33 183 2.41 M 149.0 M 75
================================================================================
AV 80.1 59.4 5.0 FASTST M M 3 MAX(MPH)
MISC ----> # 26 210 # 37 190
================================================================================
NOTES:
# LAST OF SEVERAL OCCURRENCES
COLUMN 17 PEAK WIND IN M.P.H.
PRELIMINARY LOCAL CLIMATOLOGICAL DATA (WS FORM: F-6) , PAGE 2
STATION: LOUISVILLE BOWMAN KY
MONTH: SEPTEMBER
YEAR: 2020
LATITUDE: 38 13 N
LONGITUDE: 85 40 W
[TEMPERATURE DATA] [PRECIPITATION DATA] SYMBOLS USED IN COLUMN 16
AVERAGE MONTHLY: 69.8 TOTAL FOR MONTH: 2.41 1 = FOG OR MIST
DPTR FM NORMAL: 0.2 DPTR FM NORMAL: -0.75 2 = FOG REDUCING VISIBILITY
HIGHEST: 91 ON 9 GRTST 24HR 1.49 ON 3- 3 TO 1/4 MILE OR LESS
LOWEST: 46 ON 21,20 3 = THUNDER
SNOW, ICE PELLETS, HAIL 4 = ICE PELLETS
TOTAL MONTH: M 5 = HAIL
GRTST 24HR M ON M 6 = FREEZING RAIN OR DRIZZLE
GRTST DEPTH: M ON M 7 = DUSTSTORM OR SANDSTORM:
VSBY 1/2 MILE OR LESS
8 = SMOKE OR HAZE
[NO. OF DAYS WITH] [WEATHER - DAYS WITH] 9 = BLOWING SNOW
X = TORNADO
MAX 32 OR BELOW: 0 0.01 INCH OR MORE: 8
MAX 90 OR ABOVE: 1 0.10 INCH OR MORE: 3
MIN 32 OR BELOW: 0 0.50 INCH OR MORE: 2
MIN 0 OR BELOW: 0 1.00 INCH OR MORE: 1
[HDD (BASE 65) ]
TOTAL THIS MO. 33 CLEAR (SCALE 0-3) 19
DPTR FM NORMAL -3 PTCLDY (SCALE 4-7) 11
TOTAL FM JUL 1 33 CLOUDY (SCALE 8-10) 0
DPTR FM NORMAL -3
[CDD (BASE 65) ]
TOTAL THIS MO. 183
DPTR FM NORMAL 9 [PRESSURE DATA]
TOTAL FM JAN 1 1492 HIGHEST SLP 30.41 ON 21
DPTR FM NORMAL 79 LOWEST SLP 29.72 ON 30
[REMARKS]
#FINAL-09-20#