000
CXUS53 KLMK 272136
CF6LOU
PRELIMINARY LOCAL CLIMATOLOGICAL DATA (WS FORM: F-6)
STATION: LOUISVILLE BOWMAN KY
MONTH: MARCH
YEAR: 2020
LATITUDE: 38 13 N
LONGITUDE: 85 40 W
TEMPERATURE IN F: :PCPN: SNOW: WIND :SUNSHINE: SKY :PK WND
================================================================================
1 2 3 4 5 6A 6B 7 8 9 10 11 12 13 14 15 16 17 18
12Z AVG MX 2MIN
DY MAX MIN AVG DEP HDD CDD WTR SNW DPTH SPD SPD DIR MIN PSBL S-S WX SPD DR
================================================================================
1 68 27 48 6 17 0 0.01 M M 10.4 28 200 M M 0 42 180
2 61 50 56 14 9 0 0.55 M M 9.9 23 230 M M 8 1 33 220
3 62 42 52 9 13 0 0.22 M M 10.1 24 260 M M 5 13 36 240
4 67 34 51 8 14 0 0.00 M M 7.8 23 220 M M 1 33 280
5 63 33 48 5 17 0 0.00 M M 7.2 18 290 M M 1 27 310
6 52 34 43 -1 22 0 T M M 13.4 26 300 M M 9 45 300
7 52 27 40 -4 25 0 0.00 M M 2.4 8 140 M M 0 11 140
8 67 31 49 5 16 0 0.00 M M 7.1 20 200 M M 0 25 190
9 66 49 58 13 7 0 T M M 13.6 26 190 M M 2 38 200
10 62 47 55 10 10 0 0.56 M M 9.3 23 180 M M 10 1 33 160
11 58 46 52 7 13 0 0.00 M M 3.6 10 220 M M 7 18 14 220
12 66 40 53 7 12 0 0.97 M M 4.1 14 250 M M 7 13 22 220
13 64 43 54 8 11 0 0.00 M M 8.5 22 300 M M 2 36 290
14 47 38 43 -3 22 0 0.55 M M 9.6 18 60 M M 10 18 24 60
15 45 37 41 -6 24 0 T M M 8.7 16 20 M M 10 1 20 30
16 49 42 46 -1 19 0 T M M 4.6 13 170 M M 10 16 140
17 58 44 51 4 14 0 0.02 M M 5.1 12 320 M M 6 18 18 300
18 66 42 54 6 11 0 0.64 M M 7.4 15 220 M M 8 1 22 190
19 73 59 66 18 0 1 0.68 M M 9.1 18 190 M M 9 1 28 180
20 75 44 60 12 5 0 0.14 M M 13.8 24 200 M M 6 3 42 210
21 44 33 39 -10 26 0 0.00 M M 6.8 16 360 M M 9 26 360
22 49 32 41 -8 24 0 0.02 M M 7.6 15 100 M M 4 18 20 50
23 61 45 53 4 12 0 0.01 M M 5.2 12 300 M M 6 18 18 300
24 57 42 50 0 15 0 0.46 M M 7.6 17 50 M M 4 1 27 360
25 64 42 53 3 12 0 0.00 M M 4.6 10 150 M M 5 18 17 10
26 77 42 60 10 5 0 0.00 M M 7.2 18 160 M M 0 27 170
27 81 55 68 17 0 3 T M M 6.0 16 130 M M 5 23 10
28 83 66 75 24 0 10 0.25 M M 12.5 28 260 M M 1 13 43 290
29 71 56 64 13 1 0 0.01 M M 16.9 29 250 M M 1 44 220
30 64 48 56 4 9 0 0.00 M M 7.7 18 290 M M 0 25 290
31 54 43 49 -3 16 0 T M M 7.9 16 360 M M 6 25 360
================================================================================
SM 1926 1313 401 14 5.09 M 255.7 M 152
================================================================================
AV 62.1 42.4 8.2 FASTST M M 5 MAX(MPH)
MISC ----> # 29 250 # 45 300
================================================================================
NOTES:
# LAST OF SEVERAL OCCURRENCES
COLUMN 17 PEAK WIND IN M.P.H.
PRELIMINARY LOCAL CLIMATOLOGICAL DATA (WS FORM: F-6) , PAGE 2
STATION: LOUISVILLE BOWMAN KY
MONTH: MARCH
YEAR: 2020
LATITUDE: 38 13 N
LONGITUDE: 85 40 W
[TEMPERATURE DATA] [PRECIPITATION DATA] SYMBOLS USED IN COLUMN 16
AVERAGE MONTHLY: 52.2 TOTAL FOR MONTH: 5.09 1 = FOG OR MIST
DPTR FM NORMAL: 5.2 DPTR FM NORMAL: 0.93 2 = FOG REDUCING VISIBILITY
HIGHEST: 83 ON 28 GRTST 24HR 0.97 ON 12-12 TO 1/4 MILE OR LESS
LOWEST: 27 ON 7, 1 3 = THUNDER
SNOW, ICE PELLETS, HAIL 4 = ICE PELLETS
TOTAL MONTH: M 5 = HAIL
GRTST 24HR M ON M 6 = FREEZING RAIN OR DRIZZLE
GRTST DEPTH: M ON M 7 = DUSTSTORM OR SANDSTORM:
VSBY 1/2 MILE OR LESS
8 = SMOKE OR HAZE
[NO. OF DAYS WITH] [WEATHER - DAYS WITH] 9 = BLOWING SNOW
X = TORNADO
MAX 32 OR BELOW: 0 0.01 INCH OR MORE: 15
MAX 90 OR ABOVE: 0 0.10 INCH OR MORE: 10
MIN 32 OR BELOW: 4 0.50 INCH OR MORE: 6
MIN 0 OR BELOW: 0 1.00 INCH OR MORE: 0
[HDD (BASE 65) ]
TOTAL THIS MO. 401 CLEAR (SCALE 0-3) 11
DPTR FM NORMAL -161 PTCLDY (SCALE 4-7) 11
TOTAL FM JUL 1 3413 CLOUDY (SCALE 8-10) 9
DPTR FM NORMAL -510
[CDD (BASE 65) ]
TOTAL THIS MO. 14
DPTR FM NORMAL 10 [PRESSURE DATA]
TOTAL FM JAN 1 14 HIGHEST SLP 30.62 ON 7
DPTR FM NORMAL 10 LOWEST SLP 29.57 ON 3
[REMARKS]
#FINAL-03-20#