000
CXUS54 KCRP 011558
CLMLRD
CLIMATE REPORT
NATIONAL WEATHER SERVICE CORPUS CHRISTI TX
1034 AM CDT SAT JUL 01 2023
...................................
...THE LAREDO CLIMATE SUMMARY FOR THE MONTH OF JUNE 2023...
CLIMATE NORMAL PERIOD 1991 TO 2020
CLIMATE RECORD PERIOD 1900 TO 2023
WEATHER OBSERVED NORMAL DEPART LAST YEAR`S
VALUE DATE(S) VALUE FROM VALUE DATE(S)
NORMAL
................................................................
TEMPERATURE (F)
RECORD
HIGH 115 06/11/1942
LOW 48 06/22/2001
HIGHEST 115R 06/19 101 14 108 06/07
LOWEST 67 06/04 73 -6 73 06/04
06/08
AVG. MAXIMUM 104.4 98.7 5.7 102.3
AVG. MINIMUM 77.1 75.3 1.8 76.2
MEAN 90.8 87.0 3.8 89.3
DAYS MAX >= 90 30 29.4 0.6 30
DAYS MAX <= 32 0 0.0 0.0 0
DAYS MIN <= 32 0 0.0 0.0 0
DAYS MIN <= 0 0 0.0 0.0 0
PRECIPITATION (INCHES)
RECORD
MAXIMUM 12.29 1973
MINIMUM MM MM
TOTALS 0.45 2.50 -2.05 T
DAILY AVG. 0.02 0.08 -0.06 T
DAYS >= .01 2 MM MM 0
DAYS >= .10 1 MM MM 0
DAYS >= .50 0 MM MM 0
DAYS >= 1.00 0 MM MM 0
GREATEST
24 HR. TOTAL 0.43 06/08 TO 06/08 T 06/28 TO 06/28
06/18 TO 06/18
06/28 TO 06/28
STORM TOTAL 0.43 0.00
(MM/DD(HH)) MM
SNOWFALL (INCHES)
RECORDS
TOTAL MM MM
24 HR TOTAL MM
TOTALS 0.0 MM MM 0.0
SINCE 7/1 0.0 MM MM MM
SNOWDEPTH AVG. 0 0
DAYS >= 1.0 0 MM MM
GREATEST
SNOW DEPTH 0 0
24 HR TOTAL 0.0 MM
DEGREE DAYS
HEATING TOTAL 0 0 0 0
SINCE 7/1 741 812 -71 MM
COOLING TOTAL 779 660 119 735
SINCE 1/1 2185 1817 368 MM
................................................................
WIND (MPH)
AVERAGE WIND SPEED MM
HIGHEST WIND SPEED/DIRECTION MM DATE MM
HIGHEST GUST SPEED/DIRECTION MM DATE MM
SKY COVER
AVERAGE SKY COVER 0.14
AVERAGE RH (PERCENT) 57
WEATHER CONDITIONS. NUMBER OF DAYS WITH
THUNDERSTORM 3 MIXED PRECIP 0
HEAVY RAIN 1 RAIN 2
LIGHT RAIN 3 FREEZING RAIN 0
LT FREEZING RAIN 0 HAIL 0
HEAVY SNOW 0 SNOW 0
LIGHT SNOW 0 SLEET 0
FOG 4 FOG W/VIS <= 1/4 MILE 0
HAZE 9
- INDICATES NEGATIVE NUMBERS.
R INDICATES RECORD WAS SET OR TIED.
MM INDICATES DATA IS MISSING.
T INDICATES TRACE AMOUNT.
$$