000
CXUS54 KLZK 011130
CF6LRF
PRELIMINARY LOCAL CLIMATOLOGICAL DATA (WS FORM: F-6)
STATION: JACKSONVILLE/LITTLE ROCK AFB
MONTH: MARCH
YEAR: 2022
LATITUDE: 34 55 N
LONGITUDE: 92 9 W
TEMPERATURE IN F: :PCPN: SNOW: WIND :SUNSHINE: SKY :PK WND
================================================================================
1 2 3 4 5 6A 6B 7 8 9 10 11 12 13 14 15 16 17 18
12Z AVG MX 2MIN
DY MAX MIN AVG DEP HDD CDD WTR SNW DPTH SPD SPD DIR MIN PSBL S-S WX SPD DR
================================================================================
1 75 30 53 4 12 0 0.00 0.0 0 3.5 9 250 M M 0 M M
2 78 32 55 5 10 0 0.00 0.0 0 2.1 9 260 M M 0 M M
3 80 36 58 8 7 0 0.00 0.0 0 2.8 9 140 M M 0 M M
4 76 44 60 10 5 0 0.00 0.0 0 6.2 12 130 M M 1 M M
5 74 61 68 18 0 3 0.00 0.0 0 8.1 14 170 M M 9 21 190
6 80 68 74 23 0 9 0.04 0.0 0 9.1 16 200 M M 9 30 200
7 74 35 55 4 10 0 0.02 0.0 0 12.5 28 310 M M 6 37 310
8 46 30 38 -13 27 0 0.12 T 0 5.5 21 60 M M 5 14 28 60
9 56 34 45 -6 20 0 0.00 0.0 0 3.9 8 80 M M 5 M M
10 62 28 45 -7 20 0 0.00 0.0 0 3.7 9 110 M M 0 M M
11 49 29 39 -13 26 0 0.35 3.5 0 6.9 18 10 M M 6 30 20
12 43 20 32 -20 33 0 0.00 0.0 4 5.8 12 360 M M 1 17 340
13 64 32 48 -5 17 0 0.00 0.0 0 8.2 17 220 M M 0 23 240
14 57 33 45 -8 20 0 0.01 M M 5.5 13 130 M M 7 18 150
15 56 47 52 -1 13 0 0.36 0.0 0 4.0 12 40 M M 9 1 M M
16 75 39 57 4 8 0 0.00 M M 3.4 8 160 M M 1 1 M M
17 75 44 60 6 5 0 0.30 M M 7.1 20 110 M M 3 13 25 110
18 65 47 56 2 9 0 T 0.0 0 13.4 23 230 M M 10 33 230
19 69 36 53 -1 12 0 0.00 0.0 0 8.0 17 280 M M 1 24 300
20 78 35 57 2 8 0 0.00 0.0 0 3.7 12 210 M M 0 16 210
21 71 40 56 1 9 0 0.59 0.0 0 7.7 38 290 M M 6 3 53 290
22 60 47 54 -1 11 0 2.50 0.0 0 9.1 33 100 M M 10 3 41 290
23 55 36 46 -9 19 0 T M M 11.8 22 260 M M 6 30 260
24 55 31 43 -13 22 0 0.00 M M 4.9 14 300 M M 6 28 300
25 68 36 52 -4 13 0 T M M 4.5 12 290 M M 2 M M
26 71 36 54 -2 11 0 0.00 M M 2.4 9 50 M M 3 M M
27 60 39 50 -7 15 0 0.00 0.0 0 8.6 14 60 M M 5 20 80
28 66 40 53 -4 12 0 0.00 0.0 0 8.8 14 130 M M 0 M M
29 77 48 63 6 2 0 0.00 0.0 0 8.4 15 190 M M 7 30 150
30 71 46 59 2 6 0 1.38 M M 10.8 23 250 M M 9 3 46 260
31 56 34 45 -13 20 0 0.00 M M 10.2 21 300 M M 3 31 260
================================================================================
SM 2042 1193 402 12 5.67 3.5 210.7 M 130
================================================================================
AV 65.9 38.5 6.8 FASTST M M 4 MAX(MPH)
MISC ----> 38 290 53 290
================================================================================
NOTES:
# LAST OF SEVERAL OCCURRENCES
COLUMN 17 PEAK WIND IN M.P.H.
PRELIMINARY LOCAL CLIMATOLOGICAL DATA (WS FORM: F-6) , PAGE 2
STATION: JACKSONVILLE/LITTLE ROCK AFB
MONTH: MARCH
YEAR: 2022
LATITUDE: 34 55 N
LONGITUDE: 92 9 W
[TEMPERATURE DATA] [PRECIPITATION DATA] SYMBOLS USED IN COLUMN 16
AVERAGE MONTHLY: 52.2 TOTAL FOR MONTH: 5.67 1 = FOG OR MIST
DPTR FM NORMAL: -1.3 DPTR FM NORMAL: M 2 = FOG REDUCING VISIBILITY
HIGHEST: 80 ON 3, 6 GRTST 24HR 2.50 ON 22-22 TO 1/4 MILE OR LESS
LOWEST: 20 ON 12 3 = THUNDER
SNOW, ICE PELLETS, HAIL 4 = ICE PELLETS
TOTAL MONTH: 3.5 INCHES 5 = HAIL
GRTST 24HR 3.5 ON 11-11 6 = FREEZING RAIN OR DRIZZLE
GRTST DEPTH: 4 ON 12 7 = DUSTSTORM OR SANDSTORM:
VSBY 1/2 MILE OR LESS
8 = SMOKE OR HAZE
[NO. OF DAYS WITH] [WEATHER - DAYS WITH] 9 = BLOWING SNOW
X = TORNADO
MAX 32 OR BELOW: 0 0.01 INCH OR MORE: 10
MAX 90 OR ABOVE: 0 0.10 INCH OR MORE: 7
MIN 32 OR BELOW: 8 0.50 INCH OR MORE: 3
MIN 0 OR BELOW: 0 1.00 INCH OR MORE: 2
[HDD (BASE 65) ]
TOTAL THIS MO. 402 CLEAR (SCALE 0-3) 14
DPTR FM NORMAL 30 PTCLDY (SCALE 4-7) 11
TOTAL FM JUL 1 2806 CLOUDY (SCALE 8-10) 6
DPTR FM NORMAL -175
[CDD (BASE 65) ]
TOTAL THIS MO. 12
DPTR FM NORMAL -3 [PRESSURE DATA]
TOTAL FM JAN 1 12 HIGHEST SLP M ON M
DPTR FM NORMAL -4 LOWEST SLP M ON M
[REMARKS]
#FINAL-03-22#