000
CXUS54 KEPZ 011130
CF6LRU
PRELIMINARY LOCAL CLIMATOLOGICAL DATA (WS FORM: F-6)
STATION: LAS CRUCES
MONTH: NOVEMBER
YEAR: 2021
LATITUDE: 32 17 N
LONGITUDE: 106 46 W
TEMPERATURE IN F: :PCPN: SNOW: WIND :SUNSHINE: SKY :PK WND
================================================================================
1 2 3 4 5 6A 6B 7 8 9 10 11 12 13 14 15 16 17 18
12Z AVG MX 2MIN
DY MAX MIN AVG DEP HDD CDD WTR SNW DPTH SPD SPD DIR MIN PSBL S-S WX SPD DR
================================================================================
1 76 39 58 M 7 0 0.00 M M 5.0 10 250 M M 0 18 230
2 75 46 61 M 4 0 0.00 M M 7.9 15 260 M M 0 20 260
3 75 42 59 M 6 0 0.00 M M 7.5 13 160 M M 0 24 120
4 68 36 52 M 13 0 0.00 M M 4.6 8 160 M M 0 M M
5 76 38 57 M 8 0 0.00 M M 2.2 6 250 M M 0 M M
6 80 40 60 M 5 0 0.00 M M 2.1 6 240 M M 0 M M
7 81 40 61 M 4 0 0.00 M M 4.4 8 210 M M 0 M M
8 75 44 60 M 5 0 0.00 M M 2.5 9 280 M M 0 M M
9 78 42 60 M 5 0 0.00 M M 6.1 10 260 M M 0 M M
10 74 46 60 M 5 0 0.00 M M 8.1 17 330 M M 0 23 330
11 70 41 56 M 9 0 0.00 M M 5.8 13 360 M M 0 20 360
12 73 40 57 M 8 0 0.00 M M 6.1 10 10 M M 0 8 16 20
13 73 34 54 M 11 0 0.00 M M 2.8 7 260 M M 0 M M
14 76 38 57 M 8 0 0.00 M M 5.3 13 340 M M 0 16 0
15 78 36 57 M 8 0 0.00 M M 4.5 12 260 M M 0 M M
16 77 36 57 M 8 0 0.00 M M 9.9 21 250 M M 0 28 270
17 70 43 57 M 8 0 0.00 M M 7.2 12 270 M M 0 M M
18 58 31 45 M 20 0 0.00 M M 6.5 12 130 M M 0 18 130
19 66 29 48 M 17 0 0.00 M M 3.5 8 280 M M 0 M M
20 74 33 54 M 11 0 0.00 M M 5.0 14 240 M M 0 21 240
21 65 41 53 M 12 0 0.00 M M 8.2 16 340 M M 0 22 340
22 61 37 49 M 16 0 0.00 M M 3.9 9 340 M M 0 M M
23 68 37 53 M 12 0 0.00 M M 2.7 6 220 M M 0 M M
24 67 51 59 M 6 0 T M M 9.1 23 270 M M 5 31 270
25 52 40 46 M 19 0 0.27 M M 4.7 10 360 M M 8 M M
26 54 32 43 M 22 0 0.01 M M 3.4 8 250 M M 5 M M
27 62 39 51 M 14 0 0.05 M M 5.5 8 330 M M 3 M M
28 62 36 49 M 16 0 0.00 M M 3.2 9 330 M M 0 M M
29 64 32 48 M 17 0 0.00 M M 3.6 8 320 M M 0 M M
30 68 37 53 M 12 0 0.00 M M 3.1 9 310 M M 0 M M
================================================================================
SM 2096 1156 316 0 0.33 M 154.4 M 21
================================================================================
AV 69.9 38.5 5.1 FASTST M M 1 MAX(MPH)
MISC ----> 23 270 31 270
================================================================================
NOTES:
# LAST OF SEVERAL OCCURRENCES
COLUMN 17 PEAK WIND IN M.P.H.
PRELIMINARY LOCAL CLIMATOLOGICAL DATA (WS FORM: F-6) , PAGE 2
STATION: LAS CRUCES
MONTH: NOVEMBER
YEAR: 2021
LATITUDE: 32 17 N
LONGITUDE: 106 46 W
[TEMPERATURE DATA] [PRECIPITATION DATA] SYMBOLS USED IN COLUMN 16
AVERAGE MONTHLY: 54.2 TOTAL FOR MONTH: 0.33 1 = FOG OR MIST
DPTR FM NORMAL: 0.0 DPTR FM NORMAL: M 2 = FOG REDUCING VISIBILITY
HIGHEST: 81 ON 7 GRTST 24HR 0.27 ON 25-25 TO 1/4 MILE OR LESS
LOWEST: 29 ON 19 3 = THUNDER
SNOW, ICE PELLETS, HAIL 4 = ICE PELLETS
TOTAL MONTH: M 5 = HAIL
GRTST 24HR M ON M 6 = FREEZING RAIN OR DRIZZLE
GRTST DEPTH: M ON M 7 = DUSTSTORM OR SANDSTORM:
VSBY 1/2 MILE OR LESS
8 = SMOKE OR HAZE
[NO. OF DAYS WITH] [WEATHER - DAYS WITH] 9 = BLOWING SNOW
X = TORNADO
MAX 32 OR BELOW: 0 0.01 INCH OR MORE: 3
MAX 90 OR ABOVE: 0 0.10 INCH OR MORE: 1
MIN 32 OR BELOW: 4 0.50 INCH OR MORE: 0
MIN 0 OR BELOW: 0 1.00 INCH OR MORE: 0
[HDD (BASE 65) ]
TOTAL THIS MO. 316 CLEAR (SCALE 0-3) 27
DPTR FM NORMAL M PTCLDY (SCALE 4-7) 2
TOTAL FM JUL 1 407 CLOUDY (SCALE 8-10) 1
DPTR FM NORMAL M
[CDD (BASE 65) ]
TOTAL THIS MO. 0
DPTR FM NORMAL M [PRESSURE DATA]
TOTAL FM JAN 1 2005 HIGHEST SLP M ON M
DPTR FM NORMAL M LOWEST SLP M ON M
[REMARKS]
#FINAL-11-21#