000
CXUS54 KEPZ 011200
CF6LRU
PRELIMINARY LOCAL CLIMATOLOGICAL DATA (WS FORM: F-6)
STATION: LAS CRUCES
MONTH: APRIL
YEAR: 2020
LATITUDE: 32 17 N
LONGITUDE: 106 46 W
TEMPERATURE IN F: :PCPN: SNOW: WIND :SUNSHINE: SKY :PK WND
================================================================================
1 2 3 4 5 6A 6B 7 8 9 10 11 12 13 14 15 16 17 18
12Z AVG MX 2MIN
DY MAX MIN AVG DEP HDD CDD WTR SNW DPTH SPD SPD DIR MIN PSBL S-S WX SPD DR
================================================================================
1 80 53 67 M 0 2 0.00 0.0 0 10.2 21 250 M M 1 35 260
2 77 46 62 M 3 0 0.00 0.0 0 12.4 22 270 M M 0 31 270
3 74 45 60 M 5 0 0.00 M 0 8.1 16 210 M M 0 20 220
4 76 42 59 M 6 0 0.00 M 0 9.9 20 230 M M 0 29 230
5 76 42 59 M 6 0 0.00 M 0 8.4 18 270 M M 0 23 270
6 74 47 61 M 4 0 0.00 0.0 0 7.6 21 240 M M 1 24 240
7 77 48 63 M 2 0 0.00 0.0 0 8.6 20 270 M M 1 24 270
8 78 50 64 M 1 0 0.00 0.0 0 9.0 16 250 M M 1 24 260
9 77 51 64 M 1 0 0.00 0.0 0 9.6 17 270 M M 2 27 230
10 76 44 60 M 5 0 0.00 0.0 0 8.3 17 240 M M 0 27 240
11 71 41 56 M 9 0 0.00 0.0 0 15.1 25 280 M M 0 35 280
12 70 42 56 M 9 0 0.00 0.0 0 22.2 38 270 M M 0 48 260
13 73 41 57 M 8 0 0.00 0.0 0 14.5 31 250 M M 1 51 280
14 70 37 54 M 11 0 0.00 0.0 0 6.6 14 260 M M 2 23 250
15 72 46 59 M 6 0 0.00 0.0 0 8.3 20 260 M M 2 23 260
16 80 40 60 M 5 0 0.00 0.0 0 10.7 17 230 M M 0 25 240
17 79 48 64 M 1 0 0.00 0.0 0 10.6 18 230 M M 0 29 230
18 78 45 62 M 3 0 0.00 0.0 0 12.0 25 250 M M 0 39 250
19 76 42 59 M 6 0 0.00 0.0 0 10.1 21 240 M M 0 32 270
20 79 53 66 M 0 1 0.00 0.0 0 10.0 20 260 M M 0 29 260
21 83 48 66 M 0 1 0.00 0.0 0 11.2 22 250 M M 0 31 250
22 79 42 61 M 4 0 0.00 0.0 0 9.5 18 310 M M 1 25 260
23 84 48 66 M 0 1 0.00 0.0 0 12.0 24 270 M M 0 36 270
24 87 54 71 M 0 6 0.00 0.0 0 10.8 22 280 M M 0 27 280
25 83 53 68 M 0 3 0.00 0.0 0 5.9 10 360 M M 0 M M
26 92 48 70 M 0 5 0.00 0.0 0 8.1 16 210 M M 0 23 250
27 91 54 73 M 0 8 0.00 0.0 0 9.3 21 270 M M 0 30 270
28 91 56 74 M 0 9 0.03 0.0 0 9.3 15 270 M M 0 18 250
29 84 59 72 M 0 7 0.00 0.0 0 10.1 17 120 M M 0 25 120
30 91 57 74 M 0 9 0.00 0.0 0 5.9 10 160 M M 0 M M
================================================================================
SM 2378 1422 95 52 0.03 0.0 304.3 M 12
================================================================================
AV 79.3 47.4 10.1 FASTST M M 0 MAX(MPH)
MISC ----> # 38 270 # 51 280
================================================================================
NOTES:
# LAST OF SEVERAL OCCURRENCES
COLUMN 17 PEAK WIND IN M.P.H.
PRELIMINARY LOCAL CLIMATOLOGICAL DATA (WS FORM: F-6) , PAGE 2
STATION: LAS CRUCES
MONTH: APRIL
YEAR: 2020
LATITUDE: 32 17 N
LONGITUDE: 106 46 W
[TEMPERATURE DATA] [PRECIPITATION DATA] SYMBOLS USED IN COLUMN 16
AVERAGE MONTHLY: 63.3 TOTAL FOR MONTH: 0.03 1 = FOG OR MIST
DPTR FM NORMAL: M DPTR FM NORMAL: M 2 = FOG REDUCING VISIBILITY
HIGHEST: 92 ON 26 GRTST 24HR 0.03 ON 28-28 TO 1/4 MILE OR LESS
LOWEST: 37 ON 14 3 = THUNDER
SNOW, ICE PELLETS, HAIL 4 = ICE PELLETS
TOTAL MONTH: 0.0 INCH 5 = HAIL
GRTST 24HR 0.0 6 = FREEZING RAIN OR DRIZZLE
GRTST DEPTH: 0 7 = DUSTSTORM OR SANDSTORM:
VSBY 1/2 MILE OR LESS
8 = SMOKE OR HAZE
[NO. OF DAYS WITH] [WEATHER - DAYS WITH] 9 = BLOWING SNOW
X = TORNADO
MAX 32 OR BELOW: 0 0.01 INCH OR MORE: 1
MAX 90 OR ABOVE: 4 0.10 INCH OR MORE: 0
MIN 32 OR BELOW: 0 0.50 INCH OR MORE: 0
MIN 0 OR BELOW: 0 1.00 INCH OR MORE: 0
[HDD (BASE 65) ]
TOTAL THIS MO. 95 CLEAR (SCALE 0-3) 30
DPTR FM NORMAL M PTCLDY (SCALE 4-7) 0
TOTAL FM JUL 1 2705 CLOUDY (SCALE 8-10) 0
DPTR FM NORMAL M
[CDD (BASE 65) ]
TOTAL THIS MO. 52
DPTR FM NORMAL M [PRESSURE DATA]
TOTAL FM JAN 1 52 HIGHEST SLP M ON M
DPTR FM NORMAL M LOWEST SLP M ON M
[REMARKS]
#FINAL-04-20#