000
CXUS54 KEPZ 011200
CF6LRU
PRELIMINARY LOCAL CLIMATOLOGICAL DATA (WS FORM: F-6)
STATION: LAS CRUCES
MONTH: MARCH
YEAR: 2020
LATITUDE: 32 17 N
LONGITUDE: 106 46 W
TEMPERATURE IN F: :PCPN: SNOW: WIND :SUNSHINE: SKY :PK WND
================================================================================
1 2 3 4 5 6A 6B 7 8 9 10 11 12 13 14 15 16 17 18
12Z AVG MX 2MIN
DY MAX MIN AVG DEP HDD CDD WTR SNW DPTH SPD SPD DIR MIN PSBL S-S WX SPD DR
================================================================================
1 64 45 55 M 10 0 0.00 0.0 0 11.3 27 250 M M 0 33 250
2 64 43 54 M 11 0 0.00 0.0 0 7.2 23 240 M M 0 28 240
3 61 42 52 M 13 0 0.61 M 0 7.2 14 270 M M 6 16 160
4 61 42 52 M 13 0 0.01 M 0 6.0 13 270 M M 5 M M
5 65 35 50 M 15 0 0.00 0.0 0 5.1 12 140 M M 0 17 140
6 66 37 52 M 13 0 0.00 0.0 0 9.6 21 120 M M 0 30 120
7 74 38 56 M 9 0 0.00 0.0 0 5.7 13 230 M M 3 M M
8 62 47 55 M 10 0 0.10 M 0 8.0 15 210 M M 8 M M
9 66 41 54 M 11 0 0.00 0.0 0 6.1 14 240 M M 1 21 250
10 70 44 57 M 8 0 0.00 0.0 0 4.7 13 250 M M 1 17 250
11 73 54 64 M 1 0 0.00 0.0 0 5.4 12 220 M M 6 16 230
12 66 55 61 M 4 0 0.05 0.0 0 7.5 12 200 M M 7 M M
13 67 47 57 M 8 0 0.19 M 0 11.4 24 270 M M 7 12 30 270
14 69 41 55 M 10 0 0.00 0.0 0 5.6 12 240 M M 2 17 240
15 75 44 60 M 5 0 0.00 0.0 0 5.5 13 240 M M 0 M M
16 76 43 60 M 5 0 0.00 0.0 0 6.7 15 240 M M 0 22 200
17 67 51 59 M 6 0 0.00 0.0 0 8.1 22 190 M M 3 29 170
18 55 43 49 M 16 0 0.44 M 0 6.9 18 200 M M 7 27 200
19 60 38 49 M 16 0 0.00 0.0 0 14.8 32 270 M M 0 41 270
20 67 36 52 M 13 0 0.00 0.0 0 7.3 14 130 M M 2 20 140
21 72 47 60 M 5 0 0.00 0.0 0 10.3 17 240 M M 0 22 230
22 71 41 56 M 9 0 0.00 0.0 0 7.6 14 240 M M 0 21 250
23 77 42 60 M 5 0 0.00 0.0 0 10.2 25 270 M M 0 39 270
24 72 39 56 M 9 0 0.00 0.0 0 7.5 17 250 M M 0 23 250
25 82 44 63 M 2 0 0.00 0.0 0 10.2 23 240 M M 0 23 260
26 78 52 65 M 0 0 0.00 0.0 0 13.6 28 240 M M 1 33 240
27 70 42 56 M 9 0 0.00 0.0 0 21.3 30 280 M M 4 50 250
28 61 32 47 M 18 0 0.00 0.0 0 8.9 17 290 M M 0 27 290
29 69 39 54 M 11 0 0.00 0.0 0 4.8 13 220 M M 0 10 160
30 71 40 56 M 9 0 0.00 0.0 0 8.9 20 260 M M 0 32 260
31 76 39 58 M 7 0 0.00 0.0 0 5.4 10 190 M M 0 M M
================================================================================
SM 2127 1323 281 0 1.40 0.0 258.8 M 63
================================================================================
AV 68.6 42.7 8.3 FASTST M M 2 MAX(MPH)
MISC ----> # 32 270 # 50 250
================================================================================
NOTES:
# LAST OF SEVERAL OCCURRENCES
COLUMN 17 PEAK WIND IN M.P.H.
PRELIMINARY LOCAL CLIMATOLOGICAL DATA (WS FORM: F-6) , PAGE 2
STATION: LAS CRUCES
MONTH: MARCH
YEAR: 2020
LATITUDE: 32 17 N
LONGITUDE: 106 46 W
[TEMPERATURE DATA] [PRECIPITATION DATA] SYMBOLS USED IN COLUMN 16
AVERAGE MONTHLY: 55.7 TOTAL FOR MONTH: 1.40 1 = FOG OR MIST
DPTR FM NORMAL: M DPTR FM NORMAL: M 2 = FOG REDUCING VISIBILITY
HIGHEST: 82 ON 25 GRTST 24HR 0.61 ON 3- 3 TO 1/4 MILE OR LESS
LOWEST: 32 ON 28 3 = THUNDER
SNOW, ICE PELLETS, HAIL 4 = ICE PELLETS
TOTAL MONTH: 0.0 INCH 5 = HAIL
GRTST 24HR 0.0 6 = FREEZING RAIN OR DRIZZLE
GRTST DEPTH: 0 7 = DUSTSTORM OR SANDSTORM:
VSBY 1/2 MILE OR LESS
8 = SMOKE OR HAZE
[NO. OF DAYS WITH] [WEATHER - DAYS WITH] 9 = BLOWING SNOW
X = TORNADO
MAX 32 OR BELOW: 0 0.01 INCH OR MORE: 6
MAX 90 OR ABOVE: 0 0.10 INCH OR MORE: 4
MIN 32 OR BELOW: 1 0.50 INCH OR MORE: 1
MIN 0 OR BELOW: 0 1.00 INCH OR MORE: 0
[HDD (BASE 65) ]
TOTAL THIS MO. 281 CLEAR (SCALE 0-3) 23
DPTR FM NORMAL M PTCLDY (SCALE 4-7) 7
TOTAL FM JUL 1 2610 CLOUDY (SCALE 8-10) 1
DPTR FM NORMAL M
[CDD (BASE 65) ]
TOTAL THIS MO. 0
DPTR FM NORMAL M [PRESSURE DATA]
TOTAL FM JAN 1 0 HIGHEST SLP M ON M
DPTR FM NORMAL M LOWEST SLP M ON M
[REMARKS]
#FINAL-03-20#