000
CXUS53 KARX 011326
CF6LSE
PRELIMINARY LOCAL CLIMATOLOGICAL DATA (WS FORM: F-6)
STATION: LA CROSSE WI
MONTH: JANUARY
YEAR: 2023
LATITUDE: 43 52 N
LONGITUDE: 91 15 W
TEMPERATURE IN F: :PCPN: SNOW: WIND :SUNSHINE: SKY :PK WND
================================================================================
1 2 3 4 5 6A 6B 7 8 9 10 11 12 13 14 15 16 17 18
12Z AVG MX 2MIN
DY MAX MIN AVG DEP HDD CDD WTR SNW DPTH SPD SPD DIR MIN PSBL S-S WX SPD DR
================================================================================
1 40 27 34 13 31 0 0.00 0.0 3 3.6 10 180 M M 3 1 15 170
2 32 24 28 8 37 0 0.05 T 3 5.5 13 320 M M 6 18 15 330
3 37 31 34 14 31 0 0.91 0.3 3 6.3 18 60 M M 10 16 27 60
4 36 30 33 13 32 0 0.10 1.1 2 4.8 8 170 M M 10 1 12 160
5 33 26 30 10 35 0 0.06 0.8 3 7.5 20 310 M M 10 1 26 310
6 26 8 17 -3 48 0 0.00 0.0 3 5.8 13 360 M M 7 18 16 360
7 24 4 14 -6 51 0 0.00 0.0 3 3.0 8 110 M M 0 18 10 120
8 22 9 16 -3 49 0 0.00 0.0 3 6.5 14 170 M M 5 1 18 180
9 37 12 25 6 40 0 0.00 0.0 3 5.1 9 130 M M 0 18 12 150
10 31 20 26 7 39 0 0.00 0.0 3 3.3 8 170 M M 10 128 11 170
11 37 26 32 13 33 0 T 0.0 3 5.2 15 340 M M 7 18 19 340
12 35 27 31 12 34 0 T T 3 13.4 20 330 M M 10 18 24 330
13 28 24 26 7 39 0 0.00 0.0 3 8.0 17 330 M M 10 21 320
14 32 21 27 8 38 0 0.00 0.0 3 11.2 17 150 M M 5 23 160
15 41 29 35 17 30 0 0.00 0.0 2 10.1 20 150 M M 1 27 150
16 40 35 38 20 27 0 0.41 T 2 7.0 16 140 M M 9 1 22 150
17 37 34 36 18 29 0 0.02 0.0 2 7.8 14 290 M M 10 1 18 300
18 35 30 33 15 32 0 0.10 0.5 1 6.9 24 80 M M 10 1 37 90
19 34 29 32 14 33 0 0.33 5.0 5 10.5 15 320 M M 10 126 23 310
20 29 25 27 9 38 0 0.00 0.0 5 10.5 20 300 M M 10 28 300
21 27 18 23 5 42 0 0.00 0.0 5 5.1 12 200 M M 10 1 15 220
22 27 21 24 6 41 0 0.00 0.0 5 5.2 10 340 M M 10 13 340
23 32 16 24 6 41 0 T T 4 9.1 17 180 M M 9 18 21 180
24 32 21 27 9 38 0 0.00 0.0 4 7.4 13 170 M M 8 1 17 170
25 34 27 31 13 34 0 0.05 0.5 4 5.8 14 320 M M 10 18 19 320
26 27 9 18 0 47 0 0.04 0.6 5 11.7 20 320 M M 6 1 25 310
27 35 11 23 4 42 0 0.07 1.0 5 14.6 30 270 M M 7 18 38 270
28 15 6 11 -8 54 0 0.02 0.2 6 8.3 16 340 M M 8 19 330
29 10 2 6 -13 59 0 0.01 0.2 6 10.7 16 340 M M 5 20 340
30 8 -5 2 -17 63 0 0.00 0.0 6 8.0 16 280 M M 1 19 290
31 12 -12 0 -19 65 0 0.00 0.0 6 8.4 18 220 M M 0 23 210
================================================================================
SM 925 585 1252 0 2.17 10.2 236.3 M 217
================================================================================
AV 29.8 18.9 7.6 FASTST M M 7 MAX(MPH)
MISC ----> 30 270 38 270
================================================================================
NOTES:
# LAST OF SEVERAL OCCURRENCES
COLUMN 17 PEAK WIND IN M.P.H.
PRELIMINARY LOCAL CLIMATOLOGICAL DATA (WS FORM: F-6) , PAGE 2
STATION: LA CROSSE WI
MONTH: JANUARY
YEAR: 2023
LATITUDE: 43 52 N
LONGITUDE: 91 15 W
[TEMPERATURE DATA] [PRECIPITATION DATA] SYMBOLS USED IN COLUMN 16
AVERAGE MONTHLY: 24.4 TOTAL FOR MONTH: 2.17 1 = FOG OR MIST
DPTR FM NORMAL: 5.5 DPTR FM NORMAL: 0.92 2 = FOG REDUCING VISIBILITY
HIGHEST: 41 ON 15 GRTST 24HR 0.91 ON 3- 3 TO 1/4 MILE OR LESS
LOWEST: -12 ON 31 3 = THUNDER
SNOW, ICE PELLETS, HAIL 4 = ICE PELLETS
TOTAL MONTH: 10.2 INCHES 5 = HAIL
GRTST 24HR 5.0 ON 19-19 6 = FREEZING RAIN OR DRIZZLE
GRTST DEPTH: 6 ON 31,30 7 = DUSTSTORM OR SANDSTORM:
VSBY 1/2 MILE OR LESS
8 = SMOKE OR HAZE
[NO. OF DAYS WITH] [WEATHER - DAYS WITH] 9 = BLOWING SNOW
X = TORNADO
MAX 32 OR BELOW: 17 0.01 INCH OR MORE: 13
MAX 90 OR ABOVE: 0 0.10 INCH OR MORE: 5
MIN 32 OR BELOW: 29 0.50 INCH OR MORE: 1
MIN 0 OR BELOW: 2 1.00 INCH OR MORE: 0
[HDD (BASE 65) ]
TOTAL THIS MO. 1252 CLEAR (SCALE 0-3) 6
DPTR FM NORMAL -175 PTCLDY (SCALE 4-7) 9
TOTAL FM JUL 1 3932 CLOUDY (SCALE 8-10) 16
DPTR FM NORMAL -91
[CDD (BASE 65) ]
TOTAL THIS MO. 0
DPTR FM NORMAL 0 [PRESSURE DATA]
TOTAL FM JAN 1 0 HIGHEST SLP 30.58 ON 30
DPTR FM NORMAL 0 LOWEST SLP 29.40 ON 16
[REMARKS]
#FINAL-01-23#