000
CXUS54 KHGX 041455
CF6LVJ
PRELIMINARY LOCAL CLIMATOLOGICAL DATA (WS FORM: F-6)
STATION: HOUSTON/CLOVER_FIELD
MONTH: MARCH
YEAR: 2021
LATITUDE: 29 31 N
LONGITUDE: 95 14 W
TEMPERATURE IN F: :PCPN: SNOW: WIND :SUNSHINE: SKY :PK WND
================================================================================
1 2 3 4 5 6A 6B 7 8 9 10 11 12 13 14 15 16 17 18
12Z AVG MX 2MIN
DY MAX MIN AVG DEP HDD CDD WTR SNW DPTH SPD SPD DIR MIN PSBL S-S WX SPD DR
================================================================================
1 71 53 62 2 3 0 0.11 0.0 0 11.1 23 20 M M 10 13 30 30
2 65 49 57 -3 8 0 0.01 0.0 0 9.5 20 360 M M 6 1 25 360
3 67 42 55 -5 10 0 0.00 0.0 0 3.3 12 170 M M 0 15 80
4 70 41 56 -4 9 0 0.00 0.0 0 4.4 15 120 M M 0 19 160
5 74 52 63 3 2 0 T 0.0 0 5.9 14 40 M M 7 18 20 40
6 71 53 62 2 3 0 0.00 0.0 0 10.7 20 40 M M 3 25 50
7 66 43 55 -6 10 0 0.00 0.0 0 7.2 16 110 M M 0 21 90
8 72 43 58 -3 7 0 0.00 0.0 0 5.9 18 120 M M 3 1 22 120
9 75 59 67 6 0 2 T 0.0 0 9.4 21 150 M M 5 1 28 140
10 75 63 69 8 0 4 0.00 0.0 0 11.5 22 170 M M 8 1 29 150
11 77 68 73 11 0 8 T 0.0 0 12.3 21 160 M M 9 18 28 140
12 80 70 75 13 0 10 0.00 0.0 0 11.2 20 160 M M 9 1 28 150
13 81 70 76 14 0 11 0.00 0.0 0 M M M M M M M M
14 75 60 68 6 0 3 0.15 0.0 0 M M M M M M M M
15 81 70 76 14 0 11 0.00 0.0 0 M M M M M M M M
16 80 68 74 12 0 9 T 0.0 0 M M M M M M M M
17 80 59 70 7 0 5 0.10 0.0 0 12.0 24 330 M M 0 1 36 330
18 70 49 60 -3 5 0 0.00 0.0 0 10.2 23 320 M M 0 33 320
19 69 48 59 -4 6 0 0.00 0.0 0 8.8 17 30 M M 0 22 330
20 69 44 57 -6 8 0 0.00 0.0 0 7.5 16 90 M M 0 24 10
21 69 46 58 -6 7 0 0.00 0.0 0 5.4 16 100 M M 3 19 90
22 74 54 64 0 1 0 T 0.0 M 10.3 23 140 M M 7 1 29 170
23 84 60 72 8 0 7 0.27 0.0 M 3.9 15 360 M M 5 138 20 320
24 71 59 65 1 0 0 T 0.0 M 11.9 23 110 M M 9 18 33 130
25 82 57 70 6 0 5 0.00 0.0 M 7.1 17 330 M M 4 1 24 320
26 83 55 69 4 0 4 0.00 0.0 M 7.9 17 110 M M 2 18 22 120
27 83 70 77 12 0 12 0.00 0.0 M 8.3 21 170 M M 9 18 29 170
28 75 50 63 -2 2 0 0.09 0.0 M 8.1 24 20 M M 7 18 32 20
29 71 48 60 -5 5 0 T 0.0 0 6.1 14 130 M M 3 20 80
30 82 66 74 9 0 9 T 0.0 0 9.8 22 180 M M 9 1 28 180
31 81 59 70 4 0 5 0.03 0.0 0 10.3 25 30 M M 10 18 36 40
================================================================================
SM 2323 1728 86 105 0.76 0.0 230.0 M 128
================================================================================
AV 74.9 55.7 8.5 FASTST M M 5 MAX(MPH)
MISC ----> 25 30 # 36 330
================================================================================
NOTES:
# LAST OF SEVERAL OCCURRENCES
COLUMN 17 PEAK WIND IN M.P.H.
PRELIMINARY LOCAL CLIMATOLOGICAL DATA (WS FORM: F-6) , PAGE 2
STATION: HOUSTON/CLOVER_FIELD
MONTH: MARCH
YEAR: 2021
LATITUDE: 29 31 N
LONGITUDE: 95 14 W
[TEMPERATURE DATA] [PRECIPITATION DATA] SYMBOLS USED IN COLUMN 16
AVERAGE MONTHLY: 65.3 TOTAL FOR MONTH: 0.76 1 = FOG OR MIST
DPTR FM NORMAL: 2.8 DPTR FM NORMAL: -2.27 2 = FOG REDUCING VISIBILITY
HIGHEST: 84 ON 23 GRTST 24HR 0.27 ON 22-23 TO 1/4 MILE OR LESS
LOWEST: 41 ON 4 3 = THUNDER
SNOW, ICE PELLETS, HAIL 4 = ICE PELLETS
TOTAL MONTH: 0.0 INCH 5 = HAIL
GRTST 24HR 0.0 6 = FREEZING RAIN OR DRIZZLE
GRTST DEPTH: 0 7 = DUSTSTORM OR SANDSTORM:
VSBY 1/2 MILE OR LESS
8 = SMOKE OR HAZE
[NO. OF DAYS WITH] [WEATHER - DAYS WITH] 9 = BLOWING SNOW
X = TORNADO
MAX 32 OR BELOW: 0 0.01 INCH OR MORE: 7
MAX 90 OR ABOVE: 0 0.10 INCH OR MORE: 4
MIN 32 OR BELOW: 0 0.50 INCH OR MORE: 0
MIN 0 OR BELOW: 0 1.00 INCH OR MORE: 0
[HDD (BASE 65) ]
TOTAL THIS MO. 86 CLEAR (SCALE 0-3) 10
DPTR FM NORMAL -51 PTCLDY (SCALE 4-7) 9
TOTAL FM JUL 1 1099 CLOUDY (SCALE 8-10) 12
DPTR FM NORMAL -157
[CDD (BASE 65) ]
TOTAL THIS MO. 105
DPTR FM NORMAL 45 [PRESSURE DATA]
TOTAL FM JAN 1 162 HIGHEST SLP 30.48 ON 8
DPTR FM NORMAL 72 LOWEST SLP 29.58 ON 25
[REMARKS]
#FINAL-03-21#