000
CXUS54 KHGX 011515
CF6LVJ
PRELIMINARY LOCAL CLIMATOLOGICAL DATA (WS FORM: F-6)
STATION: HOUSTON/CLOVER_FIELD
MONTH: JULY
YEAR: 2020
LATITUDE: 29 31 N
LONGITUDE: 95 14 W
TEMPERATURE IN F: :PCPN: SNOW: WIND :SUNSHINE: SKY :PK WND
================================================================================
1 2 3 4 5 6A 6B 7 8 9 10 11 12 13 14 15 16 17 18
12Z AVG MX 2MIN
DY MAX MIN AVG DEP HDD CDD WTR SNW DPTH SPD SPD DIR MIN PSBL S-S WX SPD DR
================================================================================
1 93 82 88 5 0 23 0.00 0.0 0 8.9 17 180 M M 7 8 25 180
2 97 80 89 6 0 24 0.00 0.0 0 5.0 12 170 M M 4 18 18 150
3 95 78 87 4 0 22 0.00 0.0 0 4.2 21 70 M M 1 138 28 60
4 95 75 85 2 0 20 0.00 0.0 0 3.1 12 290 M M 1 8 15 290
5 95 77 86 3 0 21 0.00 0.0 0 5.0 13 190 M M 1 18 19 180
6 93 82 88 5 0 23 0.01 0.0 0 7.2 15 190 M M 4 22 180
7 93 81 87 4 0 22 0.00 0.0 0 5.9 15 180 M M 2 3 22 200
8 94 81 88 5 0 23 0.00 0.0 0 8.0 18 180 M M 3 8 23 180
9 94 81 88 5 0 23 0.00 0.0 0 8.2 16 160 M M 2 8 22 170
10 97 79 88 5 0 23 0.00 0.0 0 5.4 15 190 M M 1 18 19 180
11 98 80 89 6 0 24 0.00 0.0 0 4.6 13 170 M M 1 19 170
12 96 77 87 4 0 22 0.00 0.0 0 4.7 13 270 M M 1 18 18 230
13 98 80 89 6 0 24 0.00 0.0 0 6.1 15 180 M M 2 1 21 190
14 96 78 87 4 0 22 0.00 0.0 0 6.8 17 160 M M 2 18 23 170
15 96 80 88 5 0 23 0.00 0.0 0 7.0 18 150 M M 2 26 140
16 98 77 88 5 0 23 0.00 0.0 0 4.8 17 140 M M 1 21 130
17 91 76 84 1 0 19 0.33 0.0 0 4.2 14 140 M M 3 13 20 70
18 92 77 85 2 0 20 T 0.0 0 4.3 16 140 M M 2 21 140
19 93 77 85 2 0 20 0.00 0.0 0 3.6 16 80 M M 1 3 21 80
20 87 78 83 0 0 18 0.04 0.0 0 7.3 20 110 M M 2 8 25 80
21 89 76 83 0 0 18 1.57 0.0 0 5.5 17 110 M M 3 13 24 100
22 91 78 85 2 0 20 0.25 0.0 0 3.2 22 140 M M 2 3 27 130
23 95 79 87 4 0 22 0.00 0.0 0 5.9 16 60 M M 1 18 21 50
24 91 80 86 3 0 21 0.05 0.0 0 12.3 26 100 M M 5 38 34 100
25 86 76 81 -2 0 16 1.21 0.0 0 10.3 28 130 M M 7 138 36 110
26 88 79 84 1 0 19 0.21 0.0 0 7.3 17 120 M M 4 3 22 120
27 92 78 85 2 0 20 T 0.0 0 4.3 14 70 M M 3 3 17 80
28 89 76 83 0 0 18 0.97 0.0 0 3.0 15 180 M M 1 13 23 190
29 89 75 82 -1 0 17 0.38 0.0 0 3.4 17 200 M M 1 13 24 270
30 93 80 87 4 0 22 T 0.0 0 6.9 15 190 M M 2 18 21 170
31 94 78 86 3 0 21 T 0.0 0 5.9 14 180 M M 2 18 19 240
================================================================================
SM 2888 2431 0 653 5.02 0.0 182.3 M 74
================================================================================
AV 93.2 78.4 5.9 FASTST M M 2 MAX(MPH)
MISC ----> # 28 130 # 36 110
================================================================================
NOTES:
# LAST OF SEVERAL OCCURRENCES
COLUMN 17 PEAK WIND IN M.P.H.
PRELIMINARY LOCAL CLIMATOLOGICAL DATA (WS FORM: F-6) , PAGE 2
STATION: HOUSTON/CLOVER_FIELD
MONTH: JULY
YEAR: 2020
LATITUDE: 29 31 N
LONGITUDE: 95 14 W
[TEMPERATURE DATA] [PRECIPITATION DATA] SYMBOLS USED IN COLUMN 16
AVERAGE MONTHLY: 85.8 TOTAL FOR MONTH: 5.02 1 = FOG OR MIST
DPTR FM NORMAL: 2.8 DPTR FM NORMAL: 0.31 2 = FOG REDUCING VISIBILITY
HIGHEST: 98 ON 16,13 GRTST 24HR 1.57 ON 21-21 TO 1/4 MILE OR LESS
LOWEST: 75 ON 29, 4 3 = THUNDER
SNOW, ICE PELLETS, HAIL 4 = ICE PELLETS
TOTAL MONTH: 0.0 INCH 5 = HAIL
GRTST 24HR 0.0 6 = FREEZING RAIN OR DRIZZLE
GRTST DEPTH: 0 7 = DUSTSTORM OR SANDSTORM:
VSBY 1/2 MILE OR LESS
8 = SMOKE OR HAZE
[NO. OF DAYS WITH] [WEATHER - DAYS WITH] 9 = BLOWING SNOW
X = TORNADO
MAX 32 OR BELOW: 0 0.01 INCH OR MORE: 10
MAX 90 OR ABOVE: 25 0.10 INCH OR MORE: 7
MIN 32 OR BELOW: 0 0.50 INCH OR MORE: 3
MIN 0 OR BELOW: 0 1.00 INCH OR MORE: 2
[HDD (BASE 65) ]
TOTAL THIS MO. 0 CLEAR (SCALE 0-3) 23
DPTR FM NORMAL 0 PTCLDY (SCALE 4-7) 8
TOTAL FM JUL 1 0 CLOUDY (SCALE 8-10) 0
DPTR FM NORMAL 0
[CDD (BASE 65) ]
TOTAL THIS MO. 653
DPTR FM NORMAL 97 [PRESSURE DATA]
TOTAL FM JAN 1 2150 HIGHEST SLP 30.12 ON 17
DPTR FM NORMAL 506 LOWEST SLP 29.81 ON 25
[REMARKS]
#FINAL-07-20#