000
CXUS54 KHGX 011510
CF6LVJ
PRELIMINARY LOCAL CLIMATOLOGICAL DATA (WS FORM: F-6)
STATION: HOUSTON/CLOVER_FIELD
MONTH: DECEMBER
YEAR: 2023
LATITUDE: 29 31 N
LONGITUDE: 95 14 W
TEMPERATURE IN F: :PCPN: SNOW: WIND :SUNSHINE: SKY :PK WND
================================================================================
1 2 3 4 5 6A 6B 7 8 9 10 11 12 13 14 15 16 17 18
12Z AVG MX 2MIN
DY MAX MIN AVG DEP HDD CDD WTR SNW DPTH SPD SPD DIR MIN PSBL S-S WX SPD DR
================================================================================
1 75 64 70 10 0 5 T 0.0 0 3.9 12 360 M M 8 1238 16 20
2 68 57 63 3 2 0 0.00 0.0 0 4.5 10 40 M M 9 18 14 30
3 71 49 60 1 5 0 0.00 0.0 0 2.7 7 220 M M 0 18 10 190
4 72 48 60 1 5 0 0.00 0.0 0 3.1 13 340 M M 0 16 30
5 70 47 59 0 6 0 0.00 0.0 0 1.5 7 40 M M 0 9 30
6 66 46 56 -3 9 0 0.00 0.0 0 3.4 18 80 M M 0 8 25 70
7 71 43 57 -2 8 0 0.00 0.0 0 5.2 16 140 M M 1 22 150
8 77 63 70 12 0 5 T 0.0 0 6.2 12 160 M M 10 16 160
9 81 59 70 12 0 5 0.37 0.0 0 7.9 22 10 M M 8 13 36 350
10 62 38 50 -8 15 0 0.00 0.0 0 10.2 24 350 M M 2 48 350
11 64 34 49 -9 16 0 0.00 0.0 0 2.8 10 170 M M 0 16 130
12 65 45 55 -3 10 0 0.00 0.0 0 7.3 16 120 M M 1 23 120
13 61 50 56 -2 9 0 T 0.0 0 7.7 16 70 M M 0 8 21 80
14 67 56 62 5 3 0 0.00 0.0 0 11.3 18 110 M M 2 27 100
15 65 59 62 5 3 0 0.51 0.0 0 8.5 16 90 M M 10 18 23 90
16 63 50 57 0 8 0 0.10 0.0 0 10.5 17 340 M M 4 1 29 350
17 67 39 53 -4 12 0 0.00 0.0 0 2.2 8 10 M M 0 1 12 10
18 73 43 58 1 7 0 0.00 0.0 0 3.6 12 10 M M 0 18 16 40
19 65 42 54 -2 11 0 0.00 0.0 0 6.9 17 100 M M 0 23 80
20 68 56 62 6 3 0 0.00 0.0 0 9.6 16 110 M M 5 23 100
21 65 59 62 6 3 0 0.00 0.0 0 7.6 13 80 M M 10 1 18 70
22 71 60 66 10 0 1 0.00 0.0 0 5.4 9 90 M M 10 12 14 110
23 74 62 68 12 0 3 0.09 0.0 0 8.3 18 140 M M 9 12 25 150
24 70 55 63 7 2 0 0.77 0.0 0 6.4 25 320 M M 6 1 39 320
25 60 47 54 -2 11 0 0.00 0.0 0 9.3 17 340 M M 0 1 25 330
26 58 44 51 -5 14 0 0.00 0.0 0 5.1 13 100 M M 7 18 100
27 67 44 56 0 9 0 0.00 0.0 0 5.7 14 330 M M 0 21 310
28 58 39 49 -6 16 0 0.00 0.0 0 5.7 17 350 M M 0 24 340
29 55 35 45 -10 20 0 0.00 0.0 0 5.0 15 270 M M 0 22 270
30 66 34 50 -5 15 0 0.00 0.0 0 1.8 10 290 M M 0 18 16 310
31 73 40 57 2 8 0 0.00 0.0 0 3.2 13 170 M M 2 1 19 200
================================================================================
SM 2088 1507 230 19 1.84 0.0 182.5 M 104
================================================================================
AV 67.4 48.6 5.9 FASTST M M 3 MAX(MPH)
MISC ----> 25 320 48 350
================================================================================
NOTES:
# LAST OF SEVERAL OCCURRENCES
COLUMN 17 PEAK WIND IN M.P.H.
PRELIMINARY LOCAL CLIMATOLOGICAL DATA (WS FORM: F-6) , PAGE 2
STATION: HOUSTON/CLOVER_FIELD
MONTH: DECEMBER
YEAR: 2023
LATITUDE: 29 31 N
LONGITUDE: 95 14 W
[TEMPERATURE DATA] [PRECIPITATION DATA] SYMBOLS USED IN COLUMN 16
AVERAGE MONTHLY: 58.0 TOTAL FOR MONTH: 1.84 1 = FOG OR MIST
DPTR FM NORMAL: 0.8 DPTR FM NORMAL: -2.84 2 = FOG REDUCING VISIBILITY
HIGHEST: 81 ON 9 GRTST 24HR 2.57 ON 30- 1 TO 1/4 MILE OR LESS
LOWEST: 34 ON 30,11 3 = THUNDER
SNOW, ICE PELLETS, HAIL 4 = ICE PELLETS
TOTAL MONTH: 0.0 INCH 5 = HAIL
GRTST 24HR 0.0 6 = FREEZING RAIN OR DRIZZLE
GRTST DEPTH: 0 7 = DUSTSTORM OR SANDSTORM:
VSBY 1/2 MILE OR LESS
8 = SMOKE OR HAZE
[NO. OF DAYS WITH] [WEATHER - DAYS WITH] 9 = BLOWING SNOW
X = TORNADO
MAX 32 OR BELOW: 0 0.01 INCH OR MORE: 5
MAX 90 OR ABOVE: 0 0.10 INCH OR MORE: 3
MIN 32 OR BELOW: 0 0.50 INCH OR MORE: 2
MIN 0 OR BELOW: 0 1.00 INCH OR MORE: 0
[HDD (BASE 65) ]
TOTAL THIS MO. 230 CLEAR (SCALE 0-3) 19
DPTR FM NORMAL -48 PTCLDY (SCALE 4-7) 5
TOTAL FM JUL 1 411 CLOUDY (SCALE 8-10) 7
DPTR FM NORMAL -11
[CDD (BASE 65) ]
TOTAL THIS MO. 19
DPTR FM NORMAL -16 [PRESSURE DATA]
TOTAL FM JAN 1 4172 HIGHEST SLP 30.46 ON 13
DPTR FM NORMAL 780 LOWEST SLP 29.76 ON 24
[REMARKS]
#FINAL-12-23#